{"id":10012,"date":"2021-02-21T14:07:33","date_gmt":"2021-02-21T14:07:33","guid":{"rendered":"https:\/\/www.autonvaraosahaku.fi\/?product=maxgear-19-0459-jarrupalat"},"modified":"2021-02-21T14:07:35","modified_gmt":"2021-02-21T14:07:35","slug":"maxgear-19-0459-jarrupalat","status":"publish","type":"product","link":"https:\/\/www.autonvaraosahaku.fi\/?product=maxgear-19-0459-jarrupalat","title":{"rendered":"MAXGEAR 19-0459 Jarrupalat"},"content":{"rendered":"<p>Kulumisenilmaisimen liitos: Sis. kulumisenilmaisimen, ilman akustista kulumavaroitinta; Lis\u00e4tarvike\/lis\u00e4tieto: Tarvikkeilla, Jousella; Korvaava tuote\/korvaava tiedote 2: Ruuveilla, Huudonvaimennuspellill\u00e4; Paksuus [mm]: 18; Leveys (mm): 100; Korkeus (mm): 64,9; Jarruj\u00e4rjestelm\u00e4: Lucas-Girling; M\u00e4\u00e4r\u00e4yksikk\u00f6: Akselisarja; Valmistusvuosi alkaen: 01\/1985; DACIA: SANDERO,LOGAN MCV KS_,LOGAN LS_; RENAULT: TWINGO I C06_,CLIO II BB0\/1\/2_, CB0\/1\/2_,TWINGO II CN0_,MEGANE Scenic JA0\/1_,MEGANE I BA0\/1_,MEGANE I Grandtour KA0\/1_,MEGANE I Cabriolet EA0\/1_,CLIO I B\/C57_, 5\/357_,MEGANE I Classic LA0\/1_,MEGANE I Coach DA0\/1_,CLIO II Kasten SB0\/1\/2_,19 II B\/C53_,19 II Cabriolet D53_, 853_,SUPER 5 B\/C40_,RAPID Kasten F40_, G40_,19 I B\/C53_,9 L42_,19 II Chamade L53_,ESPACE I J11_,11 B\/C37_,21 Stufenheck L48_,25 B29_,19 I Chamade L53_,THALIA I LB0\/1\/2_,SANDERO\/STEPWAY I,CLIO I Kasten S57_,19 I Cabriolet D53_,18 134_,11 Kasten S37_,21 Kombi K48_,LOGAN I Kombi KS_,18 Variable 135_,30 127_,FUEGO 136_,21 B48_,20 127_,19 II Kasten S53_,LOGAN I LS_,THALIA II LU1\/2_; 6001547619, 6001547911, 7701207066, 7701208265, 425070, 425310, 6025071042, 7701201669, 7701202284, 7701202285, 7701202289, 7701202516, 7701202635, 7701202712, 7701202848, 7701202894, 7701202895, 7701203129, 7701203282, 7701203775, 7701203795, 7701203796, 7701203797, 7701204066, 7701204357, 7701204358, 7701204833, 7701205355, 7701207960, 7701209639, 7701349751, 7701349970, 7701349973, 7702233531, 7711130036, 7711130071; Jarrupalasarja,Jarrupala, Levyjarru<\/p>\n","protected":false},"excerpt":{"rendered":"<p>MAXGEAR Jarrupalat 19-0459 Jarrupalasarja,Jarrupala, Levyjarru DACIA,RENAULT,SANDERO,LOGAN MCV KS_,LOGAN LS_,TWINGO I C06_,CLIO II BB0\/1\/2_, CB0\/1\/2_<\/p>\n","protected":false},"featured_media":0,"template":"","meta":{"site-sidebar-layout":"default","site-content-layout":"default","ast-global-header-display":"","ast-main-header-display":"","ast-hfb-above-header-display":"","ast-hfb-below-header-display":"","ast-hfb-mobile-header-display":"","site-post-title":"","ast-breadcrumbs-content":"","ast-featured-img":"","footer-sml-layout":"","theme-transparent-header-meta":"","adv-header-id-meta":"","stick-header-meta":"","header-above-stick-meta":"","header-main-stick-meta":"","header-below-stick-meta":""},"pwb-brand":[48],"product_cat":[100],"product_tag":[],"class_list":{"0":"post-10012","1":"product","2":"type-product","3":"status-publish","5":"pwb-brand-maxgear","6":"product_cat-jarrupalat","7":"desktop-align-left","8":"tablet-align-left","9":"mobile-align-left","11":"first","12":"instock","13":"product-type-external"},"brands":[{"id":48,"name":"MAXGEAR","slug":"maxgear"}],"_links":{"self":[{"href":"https:\/\/www.autonvaraosahaku.fi\/index.php?rest_route=\/wp\/v2\/product\/10012","targetHints":{"allow":["GET"]}}],"collection":[{"href":"https:\/\/www.autonvaraosahaku.fi\/index.php?rest_route=\/wp\/v2\/product"}],"about":[{"href":"https:\/\/www.autonvaraosahaku.fi\/index.php?rest_route=\/wp\/v2\/types\/product"}],"wp:attachment":[{"href":"https:\/\/www.autonvaraosahaku.fi\/index.php?rest_route=%2Fwp%2Fv2%2Fmedia&parent=10012"}],"wp:term":[{"taxonomy":"pwb-brand","embeddable":true,"href":"https:\/\/www.autonvaraosahaku.fi\/index.php?rest_route=%2Fwp%2Fv2%2Fpwb-brand&post=10012"},{"taxonomy":"product_cat","embeddable":true,"href":"https:\/\/www.autonvaraosahaku.fi\/index.php?rest_route=%2Fwp%2Fv2%2Fproduct_cat&post=10012"},{"taxonomy":"product_tag","embeddable":true,"href":"https:\/\/www.autonvaraosahaku.fi\/index.php?rest_route=%2Fwp%2Fv2%2Fproduct_tag&post=10012"}],"curies":[{"name":"wp","href":"https:\/\/api.w.org\/{rel}","templated":true}]}}