{"id":100216,"date":"2021-02-21T22:33:44","date_gmt":"2021-02-21T22:33:44","guid":{"rendered":"https:\/\/www.autonvaraosahaku.fi\/?product=blue-print-adm54250-jarrupalat"},"modified":"2021-02-21T22:33:47","modified_gmt":"2021-02-21T22:33:47","slug":"blue-print-adm54250-jarrupalat","status":"publish","type":"product","link":"https:\/\/www.autonvaraosahaku.fi\/?product=blue-print-adm54250-jarrupalat","title":{"rendered":"Blue Print ADM54250 Jarrupalat"},"content":{"rendered":"<p>Pituus (mm): 131,5; Leveys (mm): 51,5; Tarkistuskilpi: ECE R90 Approved; Asennuspuoli: Etuakseli; Paksuus 1 [mm]: 16,1, 15; Paino [kg]: 1,32, 1,32; Kulumisenilmaisimen liitos: akustisella kulumavaroittimella, akustisella kulumavaroittimella; M\u00e4\u00e4r\u00e4yksikk\u00f6: Akselisarja; Moottorinumero: RF3F; MAZDA: 323 F VI BJ,PREMACY CP,626 V Hatchback GF,626 V GF,626 V Station Wagon GW,626 IV Hatchback GE,FAMILIA VI BJ,XEDOS 6 CA,626 IV GE,MX-6 GE,626 III Hatchback GD; FORD USA: PROBE II ECP; 3894048, 3898530, 3922123, 3975114, 1U0J3328Z, 1U0L3328Z, 1U1E3328Z, BJYL3328Z, BLYM3323Z, BLYM3328Z, C1Y03323Z, C1Y03323ZA, C1Y03328Z, C1Y03328ZA, CB8033210, CB8033220, CB8033230, CBY03323Z, CBY03328Z, CBY13323Z, CBY13323ZA, CBY13323ZC, CBY13323ZD, CBY13323ZE, CBY13323ZF, CBY13323ZG, CBY13328ZA, CBY13328ZC, CBY13328ZD, CBY13328ZE, CBY13328ZF, CBY13328ZG, CBY23328Z, CBY93323Z, CBY93328Z, CBY93328Z9C, G5Y63323Z, G5Y63323ZA, G5Y63323ZB, G5Y63323ZC, G5Y63323ZD, G5Y63328ZC, G5Y63328ZD, G7Y63323Z, G7Y63323ZA, G7Y63328ZA, G7Y63328ZB, GAYA3323Z, GAYA3323ZA, GAYR3323Z, GAYR3323ZA, GAYR3323ZB, GAYR3323ZB9A, GAYR3323ZC, GAYR3323ZD, GAYR3323ZE, GAYR3323ZF, GAYR3328Z, GAYR3328Z9C, GAYR3328ZA, GAYR3328ZA9C, GAYR3328ZB, GAYR3328ZC, GAYR3328ZD, GAYR3328ZE, GBYH3323Z, GBYH3323ZA, GBYH3323ZB, GBYH3323ZC, GCYD3323Z, GCYD3323ZA, GCYD3323ZB, GCYD3323ZC, GCYD3323ZD, GCYD3323ZE, GCYD3328Z, GCYD3328ZA, GCYD3328ZB, GCYD3328ZC, GCYD3328ZD, GCYD3328ZE, GEYA3323Z, GEYA3328Z, GEYC3323Z, GEYC3328Z, GEYT3323Z, GE&#8230;; Jarrupalasarja,Jarrupala, Levyjarru<\/p>\n","protected":false},"excerpt":{"rendered":"<p>BLUE PRINT Jarrupalat ADM54250 Jarrupalasarja,Jarrupala, Levyjarru MAZDA,FORD USA,323 F VI BJ,PREMACY CP,626 V Hatchback GF,626 V GF<\/p>\n","protected":false},"featured_media":0,"template":"","meta":{"site-sidebar-layout":"default","site-content-layout":"default","ast-global-header-display":"","ast-main-header-display":"","ast-hfb-above-header-display":"","ast-hfb-below-header-display":"","ast-hfb-mobile-header-display":"","site-post-title":"","ast-breadcrumbs-content":"","ast-featured-img":"","footer-sml-layout":"","theme-transparent-header-meta":"","adv-header-id-meta":"","stick-header-meta":"","header-above-stick-meta":"","header-main-stick-meta":"","header-below-stick-meta":""},"pwb-brand":[533],"product_cat":[100],"product_tag":[],"class_list":{"0":"post-100216","1":"product","2":"type-product","3":"status-publish","5":"pwb-brand-blue-print","6":"product_cat-jarrupalat","7":"desktop-align-left","8":"tablet-align-left","9":"mobile-align-left","11":"first","12":"instock","13":"product-type-external"},"brands":[{"id":533,"name":"Blue Print","slug":"blue-print"}],"_links":{"self":[{"href":"https:\/\/www.autonvaraosahaku.fi\/index.php?rest_route=\/wp\/v2\/product\/100216","targetHints":{"allow":["GET"]}}],"collection":[{"href":"https:\/\/www.autonvaraosahaku.fi\/index.php?rest_route=\/wp\/v2\/product"}],"about":[{"href":"https:\/\/www.autonvaraosahaku.fi\/index.php?rest_route=\/wp\/v2\/types\/product"}],"wp:attachment":[{"href":"https:\/\/www.autonvaraosahaku.fi\/index.php?rest_route=%2Fwp%2Fv2%2Fmedia&parent=100216"}],"wp:term":[{"taxonomy":"pwb-brand","embeddable":true,"href":"https:\/\/www.autonvaraosahaku.fi\/index.php?rest_route=%2Fwp%2Fv2%2Fpwb-brand&post=100216"},{"taxonomy":"product_cat","embeddable":true,"href":"https:\/\/www.autonvaraosahaku.fi\/index.php?rest_route=%2Fwp%2Fv2%2Fproduct_cat&post=100216"},{"taxonomy":"product_tag","embeddable":true,"href":"https:\/\/www.autonvaraosahaku.fi\/index.php?rest_route=%2Fwp%2Fv2%2Fproduct_tag&post=100216"}],"curies":[{"name":"wp","href":"https:\/\/api.w.org\/{rel}","templated":true}]}}