{"id":100258,"date":"2021-02-21T22:34:02","date_gmt":"2021-02-21T22:34:02","guid":{"rendered":"https:\/\/www.autonvaraosahaku.fi\/?product=blue-print-adn19134-vesipumppu"},"modified":"2021-02-21T22:34:05","modified_gmt":"2021-02-21T22:34:05","slug":"blue-print-adn19134-vesipumppu","status":"publish","type":"product","link":"https:\/\/www.autonvaraosahaku.fi\/?product=blue-print-adn19134-vesipumppu","title":{"rendered":"Blue Print ADN19134 Vesipumppu"},"content":{"rendered":"<p>Materiaali vesipumpun siipipy\u00f6r\u00e4: Metalli; Materiaali tiiviste: Paperi; Materiaali: Alumiinivalu; Siipien m\u00e4\u00e4r\u00e4: 8; Paino [kg]: 1,246, 1,246; Lis\u00e4tarvike\/lis\u00e4tieto: Tiivisteill\u00e4; Huomioi tekniset tiedot: ; NISSAN: PATROL GR II Wagon Y61,PATROL GR I Y60, GR,PATROL Station Wagon W260,PATROL Hardtop K260,LAUREL JC32; 2101022J00, 2101022J25, 2101022J26, 2101081T25, 2101081T26, 21010V7225, 21010V7226, 21010V7228, 21010VB125, B1010VB125, BA01022J25<\/p>\n","protected":false},"excerpt":{"rendered":"<p>BLUE PRINT Vesipumppu ADN19134  NISSAN,PATROL GR II Wagon Y61,PATROL GR I Y60, GR,PATROL Station Wagon W260,PATROL Hardtop K260,LAUREL JC32<\/p>\n","protected":false},"featured_media":0,"template":"","meta":{"site-sidebar-layout":"default","site-content-layout":"default","ast-global-header-display":"","ast-main-header-display":"","ast-hfb-above-header-display":"","ast-hfb-below-header-display":"","ast-hfb-mobile-header-display":"","site-post-title":"","ast-breadcrumbs-content":"","ast-featured-img":"","footer-sml-layout":"","theme-transparent-header-meta":"","adv-header-id-meta":"","stick-header-meta":"","header-above-stick-meta":"","header-main-stick-meta":"","header-below-stick-meta":""},"pwb-brand":[533],"product_cat":[279],"product_tag":[],"class_list":{"0":"post-100258","1":"product","2":"type-product","3":"status-publish","5":"pwb-brand-blue-print","6":"product_cat-vesipumppu","7":"desktop-align-left","8":"tablet-align-left","9":"mobile-align-left","11":"first","12":"instock","13":"product-type-external"},"brands":[{"id":533,"name":"Blue Print","slug":"blue-print"}],"_links":{"self":[{"href":"https:\/\/www.autonvaraosahaku.fi\/index.php?rest_route=\/wp\/v2\/product\/100258","targetHints":{"allow":["GET"]}}],"collection":[{"href":"https:\/\/www.autonvaraosahaku.fi\/index.php?rest_route=\/wp\/v2\/product"}],"about":[{"href":"https:\/\/www.autonvaraosahaku.fi\/index.php?rest_route=\/wp\/v2\/types\/product"}],"wp:attachment":[{"href":"https:\/\/www.autonvaraosahaku.fi\/index.php?rest_route=%2Fwp%2Fv2%2Fmedia&parent=100258"}],"wp:term":[{"taxonomy":"pwb-brand","embeddable":true,"href":"https:\/\/www.autonvaraosahaku.fi\/index.php?rest_route=%2Fwp%2Fv2%2Fpwb-brand&post=100258"},{"taxonomy":"product_cat","embeddable":true,"href":"https:\/\/www.autonvaraosahaku.fi\/index.php?rest_route=%2Fwp%2Fv2%2Fproduct_cat&post=100258"},{"taxonomy":"product_tag","embeddable":true,"href":"https:\/\/www.autonvaraosahaku.fi\/index.php?rest_route=%2Fwp%2Fv2%2Fproduct_tag&post=100258"}],"curies":[{"name":"wp","href":"https:\/\/api.w.org\/{rel}","templated":true}]}}