{"id":100318,"date":"2021-02-21T22:34:28","date_gmt":"2021-02-21T22:34:28","guid":{"rendered":"https:\/\/www.autonvaraosahaku.fi\/?product=blue-print-adn18538-koiranluu"},"modified":"2021-02-21T22:34:32","modified_gmt":"2021-02-21T22:34:32","slug":"blue-print-adn18538-koiranluu","status":"publish","type":"product","link":"https:\/\/www.autonvaraosahaku.fi\/?product=blue-print-adn18538-koiranluu","title":{"rendered":"Blue Print ADN18538 Koiranluu"},"content":{"rendered":"<p>Pituus (mm): 210; Ulkol\u00e4pimitta [mm]: 10,0; Ulkokierre [mm]: M10 x 1,5; Kierteen pituus (mm): 22; Avainv\u00e4li: 17; Materiaali: Ter\u00e4s; Tanko \/ tuki: Yhdystanko; Asennuspuoli: Taka-akseli, molemminpuolinen; Paino [kg]: 0,286, 0,286; NISSAN: TERRANO II R20; FORD: MAVERICK UDS, UNS,MAVERICK VAN; 1954821, 562600F001; Kallistuksenvakaajan Yhdystanko,Tanko, Kallistuksenvaimennin<\/p>\n","protected":false},"excerpt":{"rendered":"<p>BLUE PRINT Koiranluu ADN18538 Kallistuksenvakaajan Yhdystanko,Tanko, Kallistuksenvaimennin NISSAN,FORD,TERRANO II R20,MAVERICK UDS, UNS,MAVERICK VAN<\/p>\n","protected":false},"featured_media":0,"template":"","meta":{"site-sidebar-layout":"default","site-content-layout":"default","ast-global-header-display":"","ast-main-header-display":"","ast-hfb-above-header-display":"","ast-hfb-below-header-display":"","ast-hfb-mobile-header-display":"","site-post-title":"","ast-breadcrumbs-content":"","ast-featured-img":"","footer-sml-layout":"","theme-transparent-header-meta":"","adv-header-id-meta":"","stick-header-meta":"","header-above-stick-meta":"","header-main-stick-meta":"","header-below-stick-meta":""},"pwb-brand":[533],"product_cat":[38],"product_tag":[],"class_list":{"0":"post-100318","1":"product","2":"type-product","3":"status-publish","5":"pwb-brand-blue-print","6":"product_cat-koiranluu","7":"desktop-align-left","8":"tablet-align-left","9":"mobile-align-left","11":"first","12":"instock","13":"product-type-external"},"brands":[{"id":533,"name":"Blue Print","slug":"blue-print"}],"_links":{"self":[{"href":"https:\/\/www.autonvaraosahaku.fi\/index.php?rest_route=\/wp\/v2\/product\/100318","targetHints":{"allow":["GET"]}}],"collection":[{"href":"https:\/\/www.autonvaraosahaku.fi\/index.php?rest_route=\/wp\/v2\/product"}],"about":[{"href":"https:\/\/www.autonvaraosahaku.fi\/index.php?rest_route=\/wp\/v2\/types\/product"}],"wp:attachment":[{"href":"https:\/\/www.autonvaraosahaku.fi\/index.php?rest_route=%2Fwp%2Fv2%2Fmedia&parent=100318"}],"wp:term":[{"taxonomy":"pwb-brand","embeddable":true,"href":"https:\/\/www.autonvaraosahaku.fi\/index.php?rest_route=%2Fwp%2Fv2%2Fpwb-brand&post=100318"},{"taxonomy":"product_cat","embeddable":true,"href":"https:\/\/www.autonvaraosahaku.fi\/index.php?rest_route=%2Fwp%2Fv2%2Fproduct_cat&post=100318"},{"taxonomy":"product_tag","embeddable":true,"href":"https:\/\/www.autonvaraosahaku.fi\/index.php?rest_route=%2Fwp%2Fv2%2Fproduct_tag&post=100318"}],"curies":[{"name":"wp","href":"https:\/\/api.w.org\/{rel}","templated":true}]}}