{"id":100368,"date":"2021-02-21T22:34:45","date_gmt":"2021-02-21T22:34:45","guid":{"rendered":"https:\/\/www.autonvaraosahaku.fi\/?product=blue-print-adg043136-jarrulevyt"},"modified":"2021-02-21T22:34:52","modified_gmt":"2021-02-21T22:34:52","slug":"blue-print-adg043136-jarrulevyt","status":"publish","type":"product","link":"https:\/\/www.autonvaraosahaku.fi\/?product=blue-print-adg043136-jarrulevyt","title":{"rendered":"Blue Print ADG043136 Jarrulevyt"},"content":{"rendered":"<p>Jarrulevyn paksuus (mm): 28; Kiinnitysreikien lukum\u00e4\u00e4r\u00e4: 5, 2; Paksuus [mm]: 47,4; Ulkol\u00e4pimitta [mm]: 300,0; Reik\u00e4ympyr\u00e4-\u00d8 [mm]: 114,3; Pinta: pinnoitettu; Jarrulevytyyppi: Tuuletettu, sis\u00e4; Asennuspuoli: Etuakseli; V\u00e4himm\u00e4ispaksuus (mm): 26,4; Paino [kg]: 8,32; keskitt\u00e4misl\u00e4pimitta [mm]: 69, 69; Vannekoko (tuumaa): 16; HYUNDAI: ix35 LM, EL, ELH,i30 FD,TUCSON JM,i30 CW FD,i40 CW VF,i30 GD,i30 CW GD,SONATA V NF,i30 Coupe,VELOSTER FS,i40 VF,GRANDEUR TG,SONATA VI YF,GRANDEUR HG; KIA: SPORTAGE SL,CEE&#8217;D JD,CEE`D Sportswagon JD,CARENS IV,PRO CEE\u00b4D JD,OPTIMA,SPORTAGE QL,SOUL II PS,OPTIMA Sportswagon,CEE&#8217;D Combi Van JD; 517122L500, 517122Y000, 517123K110, 517123K150, 517123K160, 517123V000, 51712A6600, 517122L500, 517122Y000, 517123K110, 517123K160, 51712A6600; Jarrulevy<\/p>\n","protected":false},"excerpt":{"rendered":"<p>BLUE PRINT Jarrulevyt ADG043136 Jarrulevy HYUNDAI,KIA,ix35 LM, EL, ELH,i30 FD,TUCSON JM,i30 CW FD,i40 CW VF,i30 GD,i30 CW GD,SONATA V NF,i30 Coupe<\/p>\n","protected":false},"featured_media":0,"template":"","meta":{"site-sidebar-layout":"default","site-content-layout":"default","ast-global-header-display":"","ast-main-header-display":"","ast-hfb-above-header-display":"","ast-hfb-below-header-display":"","ast-hfb-mobile-header-display":"","site-post-title":"","ast-breadcrumbs-content":"","ast-featured-img":"","footer-sml-layout":"","theme-transparent-header-meta":"","adv-header-id-meta":"","stick-header-meta":"","header-above-stick-meta":"","header-main-stick-meta":"","header-below-stick-meta":""},"pwb-brand":[533],"product_cat":[66],"product_tag":[],"class_list":{"0":"post-100368","1":"product","2":"type-product","3":"status-publish","5":"pwb-brand-blue-print","6":"product_cat-jarrulevyt","7":"desktop-align-left","8":"tablet-align-left","9":"mobile-align-left","11":"first","12":"instock","13":"product-type-external"},"brands":[{"id":533,"name":"Blue Print","slug":"blue-print"}],"_links":{"self":[{"href":"https:\/\/www.autonvaraosahaku.fi\/index.php?rest_route=\/wp\/v2\/product\/100368","targetHints":{"allow":["GET"]}}],"collection":[{"href":"https:\/\/www.autonvaraosahaku.fi\/index.php?rest_route=\/wp\/v2\/product"}],"about":[{"href":"https:\/\/www.autonvaraosahaku.fi\/index.php?rest_route=\/wp\/v2\/types\/product"}],"wp:attachment":[{"href":"https:\/\/www.autonvaraosahaku.fi\/index.php?rest_route=%2Fwp%2Fv2%2Fmedia&parent=100368"}],"wp:term":[{"taxonomy":"pwb-brand","embeddable":true,"href":"https:\/\/www.autonvaraosahaku.fi\/index.php?rest_route=%2Fwp%2Fv2%2Fpwb-brand&post=100368"},{"taxonomy":"product_cat","embeddable":true,"href":"https:\/\/www.autonvaraosahaku.fi\/index.php?rest_route=%2Fwp%2Fv2%2Fproduct_cat&post=100368"},{"taxonomy":"product_tag","embeddable":true,"href":"https:\/\/www.autonvaraosahaku.fi\/index.php?rest_route=%2Fwp%2Fv2%2Fproduct_tag&post=100368"}],"curies":[{"name":"wp","href":"https:\/\/api.w.org\/{rel}","templated":true}]}}