{"id":100385,"date":"2021-02-21T22:34:54","date_gmt":"2021-02-21T22:34:54","guid":{"rendered":"https:\/\/www.autonvaraosahaku.fi\/?product=blue-print-adg042126-jarrupalat"},"modified":"2021-02-21T22:35:00","modified_gmt":"2021-02-21T22:35:00","slug":"blue-print-adg042126-jarrupalat","status":"publish","type":"product","link":"https:\/\/www.autonvaraosahaku.fi\/?product=blue-print-adg042126-jarrupalat","title":{"rendered":"Blue Print ADG042126 Jarrupalat"},"content":{"rendered":"<p>Pituus (mm): 116,8; Leveys (mm): 48,3; Tarkistuskilpi: ECE R90 Approved; Asennuspuoli: Taka-akseli; Paksuus 1 [mm]: 14,4; Paino [kg]: 1,222; Kulumisenilmaisimen liitos: akustisella kulumavaroittimella, akustisella kulumavaroittimella; M\u00e4\u00e4r\u00e4yksikk\u00f6: Akselisarja; Valmistusvuoteen: 01\/2013; KIA: SORENTO II XM,BORREGO; HYUNDAI: SANTA F\u00c9 II CM,SANTA F\u00c9 III DM,GENESIS Coupe,GRAND SANTA F\u00c9,GENESIS BH,GENESIS DH; 58302J5A25, 583022JA00, 583022MA00, 583022MA90, 583022PA70, 583022WA70, 583022WA90, 583023MA00, 583023MA01, 583023NA00, 583023NA90, 583023NA91, 58302B1A05, 583022JA00, 583022MA90, 583022PA70, 583022WA70, 583023MA01, 583023NA00, 58302J5A05, 58302J5A25; Jarrupalasarja,Jarrupala, Levyjarru<\/p>\n","protected":false},"excerpt":{"rendered":"<p>BLUE PRINT Jarrupalat ADG042126 Jarrupalasarja,Jarrupala, Levyjarru KIA,HYUNDAI,SORENTO II XM,BORREGO,SANTA F\u00c9 II CM,SANTA F\u00c9 III DM,GENESIS Coupe<\/p>\n","protected":false},"featured_media":0,"template":"","meta":{"site-sidebar-layout":"default","site-content-layout":"default","ast-global-header-display":"","ast-main-header-display":"","ast-hfb-above-header-display":"","ast-hfb-below-header-display":"","ast-hfb-mobile-header-display":"","site-post-title":"","ast-breadcrumbs-content":"","ast-featured-img":"","footer-sml-layout":"","theme-transparent-header-meta":"","adv-header-id-meta":"","stick-header-meta":"","header-above-stick-meta":"","header-main-stick-meta":"","header-below-stick-meta":""},"pwb-brand":[533],"product_cat":[100],"product_tag":[],"class_list":{"0":"post-100385","1":"product","2":"type-product","3":"status-publish","5":"pwb-brand-blue-print","6":"product_cat-jarrupalat","7":"desktop-align-left","8":"tablet-align-left","9":"mobile-align-left","11":"first","12":"instock","13":"product-type-external"},"brands":[{"id":533,"name":"Blue Print","slug":"blue-print"}],"_links":{"self":[{"href":"https:\/\/www.autonvaraosahaku.fi\/index.php?rest_route=\/wp\/v2\/product\/100385","targetHints":{"allow":["GET"]}}],"collection":[{"href":"https:\/\/www.autonvaraosahaku.fi\/index.php?rest_route=\/wp\/v2\/product"}],"about":[{"href":"https:\/\/www.autonvaraosahaku.fi\/index.php?rest_route=\/wp\/v2\/types\/product"}],"wp:attachment":[{"href":"https:\/\/www.autonvaraosahaku.fi\/index.php?rest_route=%2Fwp%2Fv2%2Fmedia&parent=100385"}],"wp:term":[{"taxonomy":"pwb-brand","embeddable":true,"href":"https:\/\/www.autonvaraosahaku.fi\/index.php?rest_route=%2Fwp%2Fv2%2Fpwb-brand&post=100385"},{"taxonomy":"product_cat","embeddable":true,"href":"https:\/\/www.autonvaraosahaku.fi\/index.php?rest_route=%2Fwp%2Fv2%2Fproduct_cat&post=100385"},{"taxonomy":"product_tag","embeddable":true,"href":"https:\/\/www.autonvaraosahaku.fi\/index.php?rest_route=%2Fwp%2Fv2%2Fproduct_tag&post=100385"}],"curies":[{"name":"wp","href":"https:\/\/api.w.org\/{rel}","templated":true}]}}