{"id":10050,"date":"2021-02-21T14:07:40","date_gmt":"2021-02-21T14:07:40","guid":{"rendered":"https:\/\/www.autonvaraosahaku.fi\/?product=valeo-578501-pyyhkijansulat"},"modified":"2021-02-21T14:07:41","modified_gmt":"2021-02-21T14:07:41","slug":"valeo-578501-pyyhkijansulat","status":"publish","type":"product","link":"https:\/\/www.autonvaraosahaku.fi\/?product=valeo-578501-pyyhkijansulat","title":{"rendered":"VALEO 578501 Pyyhkij\u00e4nsulat"},"content":{"rendered":"<p>Vasen \/ oikea liikenne: Ohjaus vasemmalla; M\u00e4\u00e4r\u00e4: 1; Pituus (mm): 380; Pituus (tuumaa): 15; Lis\u00e4adapteri: A,B; Paino [kg]: 0,14; Tuotelinja: HYDROCONNECT; Pyyhkij\u00e4nsulkatyyppi: Rungottomat; Oviluku: 3; AUDI: A1 8X1, 8XF,A1 Sportback 8XA, 8XK,A4 Allroad 8WH, B9; ABARTH: PUNTO 199_,PUNTO EVO 199_; NISSAN: QASHQAI \/ QASHQAI +2 J10, JJ10; LANCIA: YPSILON 312, 846; FORD: FIESTA VI,FIESTA VI Van,TOURNEO COURIER Kombi,TRANSIT COURIER Kasten,TRANSIT COURIER Kombi; FIAT: GRANDE PUNTO 199,PUNTO EVO 199,PUNTO 199,PANDA 312,500L,LINEA 323,PUNTO Van 199,PANDA VAN 312,GRANDE PUNTO Van 199_,PUNTO EVO Van 199_; 8X1955426A, 8X1998002A, 1556082, 1882419; Tuulilasinpyyhkimet,Pyyhkij\u00e4t,Pyyhkij\u00e4nsulka<\/p>\n","protected":false},"excerpt":{"rendered":"<p>VALEO Pyyhkij\u00e4nsulat 578501 Tuulilasinpyyhkimet,Pyyhkij\u00e4t AUDI,ABARTH,NISSAN,A1 8X1, 8XF,A1 Sportback 8XA, 8XK,A4 Allroad 8WH, B9,PUNTO 199_<\/p>\n","protected":false},"featured_media":0,"template":"","meta":{"site-sidebar-layout":"default","site-content-layout":"default","ast-global-header-display":"","ast-main-header-display":"","ast-hfb-above-header-display":"","ast-hfb-below-header-display":"","ast-hfb-mobile-header-display":"","site-post-title":"","ast-breadcrumbs-content":"","ast-featured-img":"","footer-sml-layout":"","theme-transparent-header-meta":"","adv-header-id-meta":"","stick-header-meta":"","header-above-stick-meta":"","header-main-stick-meta":"","header-below-stick-meta":""},"pwb-brand":[28],"product_cat":[33],"product_tag":[],"class_list":{"0":"post-10050","1":"product","2":"type-product","3":"status-publish","5":"pwb-brand-valeo","6":"product_cat-pyyhkijansulat","7":"desktop-align-left","8":"tablet-align-left","9":"mobile-align-left","11":"first","12":"instock","13":"product-type-external"},"brands":[{"id":28,"name":"VALEO","slug":"valeo"}],"_links":{"self":[{"href":"https:\/\/www.autonvaraosahaku.fi\/index.php?rest_route=\/wp\/v2\/product\/10050","targetHints":{"allow":["GET"]}}],"collection":[{"href":"https:\/\/www.autonvaraosahaku.fi\/index.php?rest_route=\/wp\/v2\/product"}],"about":[{"href":"https:\/\/www.autonvaraosahaku.fi\/index.php?rest_route=\/wp\/v2\/types\/product"}],"wp:attachment":[{"href":"https:\/\/www.autonvaraosahaku.fi\/index.php?rest_route=%2Fwp%2Fv2%2Fmedia&parent=10050"}],"wp:term":[{"taxonomy":"pwb-brand","embeddable":true,"href":"https:\/\/www.autonvaraosahaku.fi\/index.php?rest_route=%2Fwp%2Fv2%2Fpwb-brand&post=10050"},{"taxonomy":"product_cat","embeddable":true,"href":"https:\/\/www.autonvaraosahaku.fi\/index.php?rest_route=%2Fwp%2Fv2%2Fproduct_cat&post=10050"},{"taxonomy":"product_tag","embeddable":true,"href":"https:\/\/www.autonvaraosahaku.fi\/index.php?rest_route=%2Fwp%2Fv2%2Fproduct_tag&post=10050"}],"curies":[{"name":"wp","href":"https:\/\/api.w.org\/{rel}","templated":true}]}}