{"id":101110,"date":"2021-02-21T22:40:13","date_gmt":"2021-02-21T22:40:13","guid":{"rendered":"https:\/\/www.autonvaraosahaku.fi\/?product=bosch-0-242-230-528-sytytystulpat"},"modified":"2021-02-21T22:40:14","modified_gmt":"2021-02-21T22:40:14","slug":"bosch-0-242-230-528-sytytystulpat","status":"publish","type":"product","link":"https:\/\/www.autonvaraosahaku.fi\/?product=bosch-0-242-230-528-sytytystulpat","title":{"rendered":"Bosch 0 242 230 528 Sytytystulpat"},"content":{"rendered":"<p>K\u00e4rkiv\u00e4li (mm): 1,0; Kiristysmomentti: 28; Kiristyskulma [Grad]: 90; Ulkokierre [mm]: 14; Kierrenousu (mm): 1,25; Kierteen pituus (mm): 19; Avainv\u00e4li: 16; Kipin\u00e4et\u00e4isyys [mm]: 4; Napojen m\u00e4\u00e4r\u00e4: 1; Valmistusvuoteen: 05\/1997; VW: PASSAT Variant 3A5, 35I,TRANSPORTER IV Kasten 70XA,PASSAT 3A2, 35I,TRANSPORTER IV Pritsche\/Fahrgestell 70XD; AUDI: Q5 8R; NISSAN: PATHFINDER R50,100 NX B13,200 SX S14,300 ZX Z32,MAXIMA QX A32,NP300,MAXIMA II J30,SENTRA B15,SENTRA B13; KIA: SORENTO I JC,SPORTAGE JE_, KM_,CARNIVAL \/ GRAND CARNIVAL III VQ,MAGENTIS GD,OPIRUS GH; LEXUS: IS I JCE1_, GXE1_,GS UZS161, JZS160,IS SportCross; HONDA: CIVIC VII Stufenheck ES,CITY Stufenheck GD8\/GD9; HYUNDAI: TUCSON JM,SANTA F\u00c9 I SM,SANTA F\u00c9 II CM,COUPE GK,SONATA V NF,ix55,SONATA IV EF,ELANTRA XD,ELANTRA Stufenheck XD,GRANDEUR TG,XG XG,TIBURON Coupe,ELANTRA Stufenheck HD; INFINITI: QX4; SUZUKI: SX4 EY, GY,GRAND VITARA I FT,SX4 Stufenheck GY; MERCEDES-BENZ: C-CLASS W202,SLK R171,C-CLASS Kombi S202,M-CLASS W166,SL R231; 94859448, 2741023700, 274103C000, 2741023700, 94859448, P1631590003, 0948200547, 0948200549, 9091901218, 9091901240; Tulpat,Sytytystulppa<\/p>\n","protected":false},"excerpt":{"rendered":"<p>BOSCH Sytytystulpat 0 242 230 528 Tulpat,Sytytystulppa VW,AUDI,NISSAN,PASSAT Variant 3A5, 35I,TRANSPORTER IV Kasten 70XA,PASSAT 3A2, 35I<\/p>\n","protected":false},"featured_media":0,"template":"","meta":{"site-sidebar-layout":"default","site-content-layout":"default","ast-global-header-display":"","ast-main-header-display":"","ast-hfb-above-header-display":"","ast-hfb-below-header-display":"","ast-hfb-mobile-header-display":"","site-post-title":"","ast-breadcrumbs-content":"","ast-featured-img":"","footer-sml-layout":"","theme-transparent-header-meta":"","adv-header-id-meta":"","stick-header-meta":"","header-above-stick-meta":"","header-main-stick-meta":"","header-below-stick-meta":""},"pwb-brand":[534],"product_cat":[165],"product_tag":[],"class_list":{"0":"post-101110","1":"product","2":"type-product","3":"status-publish","5":"pwb-brand-bosch","6":"product_cat-sytytystulpat","7":"desktop-align-left","8":"tablet-align-left","9":"mobile-align-left","11":"first","12":"instock","13":"product-type-external"},"brands":[{"id":534,"name":"Bosch","slug":"bosch"}],"_links":{"self":[{"href":"https:\/\/www.autonvaraosahaku.fi\/index.php?rest_route=\/wp\/v2\/product\/101110","targetHints":{"allow":["GET"]}}],"collection":[{"href":"https:\/\/www.autonvaraosahaku.fi\/index.php?rest_route=\/wp\/v2\/product"}],"about":[{"href":"https:\/\/www.autonvaraosahaku.fi\/index.php?rest_route=\/wp\/v2\/types\/product"}],"wp:attachment":[{"href":"https:\/\/www.autonvaraosahaku.fi\/index.php?rest_route=%2Fwp%2Fv2%2Fmedia&parent=101110"}],"wp:term":[{"taxonomy":"pwb-brand","embeddable":true,"href":"https:\/\/www.autonvaraosahaku.fi\/index.php?rest_route=%2Fwp%2Fv2%2Fpwb-brand&post=101110"},{"taxonomy":"product_cat","embeddable":true,"href":"https:\/\/www.autonvaraosahaku.fi\/index.php?rest_route=%2Fwp%2Fv2%2Fproduct_cat&post=101110"},{"taxonomy":"product_tag","embeddable":true,"href":"https:\/\/www.autonvaraosahaku.fi\/index.php?rest_route=%2Fwp%2Fv2%2Fproduct_tag&post=101110"}],"curies":[{"name":"wp","href":"https:\/\/api.w.org\/{rel}","templated":true}]}}