{"id":102253,"date":"2021-02-21T22:48:31","date_gmt":"2021-02-21T22:48:31","guid":{"rendered":"https:\/\/www.autonvaraosahaku.fi\/?product=bosch-0-250-201-042-hehkutulppa"},"modified":"2021-02-21T22:48:33","modified_gmt":"2021-02-21T22:48:33","slug":"bosch-0-250-201-042-hehkutulppa","status":"publish","type":"product","link":"https:\/\/www.autonvaraosahaku.fi\/?product=bosch-0-250-201-042-hehkutulppa","title":{"rendered":"Bosch 0 250 201 042 Hehkutulppa"},"content":{"rendered":"<p>Hehkutulppatyyppi: Hehkutulppa, puikko, j\u00e4lkihehkutuksenkest\u00e4v\u00e4; Pituus (mm): 71, 71; Kierre 1: M 12 x 1,25; Kartionousu: 63; Avainv\u00e4li: 12; Kiristysmomentti > [Nm]: 15; Kiristysmomentti enint\u00e4\u00e4n [Nm]: 25; Liittimet: M 5; Asennussyvyys (mm): 25; lis\u00e4tieto: Duraterm; TECDOC-moottorinumero: 140; SUZUKI: SAMURAI SJ,BALENO Kombi EG,BALENO EG,BALENO Schr\u00e4gheck EG,SAMURAI Gel\u00e4ndewagen offen SJ; CITRO\u00cbN: XSARA N1,XSARA Break N2,XSARA Coupe N0,XANTIA X1,XANTIA Break X1; ALFA ROMEO: 145 930,146 930; PEUGEOT: 207 WA_, WC_,306 Schr\u00e4gheck 7A, 7C, N3, N5,306 Break 7E, N3, N5,306 7B, N3, N5,207 Stufenheck; 3671029000, 3671029001, 09900TD001, 1855066G00, 1855066G00000<\/p>\n","protected":false},"excerpt":{"rendered":"<p>BOSCH Hehkutulppa 0 250 201 042  SUZUKI,CITRO\u00cbN,ALFA ROMEO,SAMURAI SJ,BALENO Kombi EG,BALENO EG,BALENO Schr\u00e4gheck EG,SAMURAI Gel\u00e4ndewagen offen SJ<\/p>\n","protected":false},"featured_media":0,"template":"","meta":{"site-sidebar-layout":"default","site-content-layout":"default","ast-global-header-display":"","ast-main-header-display":"","ast-hfb-above-header-display":"","ast-hfb-below-header-display":"","ast-hfb-mobile-header-display":"","site-post-title":"","ast-breadcrumbs-content":"","ast-featured-img":"","footer-sml-layout":"","theme-transparent-header-meta":"","adv-header-id-meta":"","stick-header-meta":"","header-above-stick-meta":"","header-main-stick-meta":"","header-below-stick-meta":""},"pwb-brand":[534],"product_cat":[52],"product_tag":[],"class_list":{"0":"post-102253","1":"product","2":"type-product","3":"status-publish","5":"pwb-brand-bosch","6":"product_cat-hehkutulppa","7":"desktop-align-left","8":"tablet-align-left","9":"mobile-align-left","11":"first","12":"instock","13":"product-type-external"},"brands":[{"id":534,"name":"Bosch","slug":"bosch"}],"_links":{"self":[{"href":"https:\/\/www.autonvaraosahaku.fi\/index.php?rest_route=\/wp\/v2\/product\/102253","targetHints":{"allow":["GET"]}}],"collection":[{"href":"https:\/\/www.autonvaraosahaku.fi\/index.php?rest_route=\/wp\/v2\/product"}],"about":[{"href":"https:\/\/www.autonvaraosahaku.fi\/index.php?rest_route=\/wp\/v2\/types\/product"}],"wp:attachment":[{"href":"https:\/\/www.autonvaraosahaku.fi\/index.php?rest_route=%2Fwp%2Fv2%2Fmedia&parent=102253"}],"wp:term":[{"taxonomy":"pwb-brand","embeddable":true,"href":"https:\/\/www.autonvaraosahaku.fi\/index.php?rest_route=%2Fwp%2Fv2%2Fpwb-brand&post=102253"},{"taxonomy":"product_cat","embeddable":true,"href":"https:\/\/www.autonvaraosahaku.fi\/index.php?rest_route=%2Fwp%2Fv2%2Fproduct_cat&post=102253"},{"taxonomy":"product_tag","embeddable":true,"href":"https:\/\/www.autonvaraosahaku.fi\/index.php?rest_route=%2Fwp%2Fv2%2Fproduct_tag&post=102253"}],"curies":[{"name":"wp","href":"https:\/\/api.w.org\/{rel}","templated":true}]}}