{"id":102255,"date":"2021-02-21T22:48:31","date_gmt":"2021-02-21T22:48:31","guid":{"rendered":"https:\/\/www.autonvaraosahaku.fi\/?product=bosch-0-390-201-592-tuulilasin-pyyhkimen-moottori"},"modified":"2021-02-21T22:48:33","modified_gmt":"2021-02-21T22:48:33","slug":"bosch-0-390-201-592-tuulilasin-pyyhkimen-moottori","status":"publish","type":"product","link":"https:\/\/www.autonvaraosahaku.fi\/?product=bosch-0-390-201-592-tuulilasin-pyyhkimen-moottori","title":{"rendered":"Bosch 0 390 201 592 Tuulilasin pyyhkimen moottori"},"content":{"rendered":"<p>Asennuspuoli: Takana; Nimellisj\u00e4nnite (V): 12; Nimellisteho (W): 13; K\u00e4ytt\u00f6kierrosluku (1\/min): 32; TECDOC-moottorinumero: 4963; VW: GOLF IV 1J1,PASSAT Variant 3B6,GOLF III 1H1,GOLF IV Variant 1J5,BORA Kombi 1J6,CITYGOLF,GOLF IV Van 1J1; SKODA: FABIA 6Y2,OCTAVIA Combi 1U5,FABIA Stufenheck 6Y3; SEAT: LEON 1M1,TOLEDO II 1M2; 1J6955711F, 1J6955711G, 1J6955711F, 1J6955711G, 1J6955711F, 1J6955711G, 1J9955711; Pyyhkij\u00e4n Moottori<\/p>\n","protected":false},"excerpt":{"rendered":"<p>BOSCH Tuulilasin Pyyhkimen Moottori 0 390 201 592 Pyyhkij\u00e4n Moottori VW,SKODA,SEAT,GOLF IV 1J1,PASSAT Variant 3B6,GOLF III 1H1,GOLF IV Variant 1J5<\/p>\n","protected":false},"featured_media":0,"template":"","meta":{"site-sidebar-layout":"default","site-content-layout":"default","ast-global-header-display":"","ast-main-header-display":"","ast-hfb-above-header-display":"","ast-hfb-below-header-display":"","ast-hfb-mobile-header-display":"","site-post-title":"","ast-breadcrumbs-content":"","ast-featured-img":"","footer-sml-layout":"","theme-transparent-header-meta":"","adv-header-id-meta":"","stick-header-meta":"","header-above-stick-meta":"","header-main-stick-meta":"","header-below-stick-meta":""},"pwb-brand":[534],"product_cat":[32],"product_tag":[],"class_list":{"0":"post-102255","1":"product","2":"type-product","3":"status-publish","5":"pwb-brand-bosch","6":"product_cat-tuulilasin-pyyhkimen-moottori","7":"desktop-align-left","8":"tablet-align-left","9":"mobile-align-left","11":"first","12":"instock","13":"product-type-external"},"brands":[{"id":534,"name":"Bosch","slug":"bosch"}],"_links":{"self":[{"href":"https:\/\/www.autonvaraosahaku.fi\/index.php?rest_route=\/wp\/v2\/product\/102255","targetHints":{"allow":["GET"]}}],"collection":[{"href":"https:\/\/www.autonvaraosahaku.fi\/index.php?rest_route=\/wp\/v2\/product"}],"about":[{"href":"https:\/\/www.autonvaraosahaku.fi\/index.php?rest_route=\/wp\/v2\/types\/product"}],"wp:attachment":[{"href":"https:\/\/www.autonvaraosahaku.fi\/index.php?rest_route=%2Fwp%2Fv2%2Fmedia&parent=102255"}],"wp:term":[{"taxonomy":"pwb-brand","embeddable":true,"href":"https:\/\/www.autonvaraosahaku.fi\/index.php?rest_route=%2Fwp%2Fv2%2Fpwb-brand&post=102255"},{"taxonomy":"product_cat","embeddable":true,"href":"https:\/\/www.autonvaraosahaku.fi\/index.php?rest_route=%2Fwp%2Fv2%2Fproduct_cat&post=102255"},{"taxonomy":"product_tag","embeddable":true,"href":"https:\/\/www.autonvaraosahaku.fi\/index.php?rest_route=%2Fwp%2Fv2%2Fproduct_tag&post=102255"}],"curies":[{"name":"wp","href":"https:\/\/api.w.org\/{rel}","templated":true}]}}