{"id":102520,"date":"2021-02-21T22:50:26","date_gmt":"2021-02-21T22:50:26","guid":{"rendered":"https:\/\/www.autonvaraosahaku.fi\/?product=bosch-0-986-474-338-jarrusatula"},"modified":"2021-02-21T22:50:30","modified_gmt":"2021-02-21T22:50:30","slug":"bosch-0-986-474-338-jarrusatula","status":"publish","type":"product","link":"https:\/\/www.autonvaraosahaku.fi\/?product=bosch-0-986-474-338-jarrusatula","title":{"rendered":"Bosch 0 986 474 338 Jarrusatula"},"content":{"rendered":"<p>Vaihto-osa: ; M\u00e4nn\u00e4n halkaisija mm: 38; Leveys, sis\u00e4 (mm): 49,5; Jarruj\u00e4rjestelm\u00e4: Bosch; Materiaali: Valurauta; Jarrusatulatyyppi: Uiva jarrusatula; parilliset tuotenumerot: 0 986 473 338; Suositellun tarvikkeen tuotenumero: 1 987 470 620; Valmistusvuoteen: 12\/2014; MERCEDES-BENZ: VIANO W639,VITO Bus W639,VITO \/ MIXTO Kasten W639; 6394200383, 6394200983, A6394200383, A6394200983<\/p>\n","protected":false},"excerpt":{"rendered":"<p>BOSCH Jarrusatula 0 986 474 338  MERCEDES-BENZ,VIANO W639,VITO Bus W639,VITO \/ MIXTO Kasten W639<\/p>\n","protected":false},"featured_media":0,"template":"","meta":{"site-sidebar-layout":"default","site-content-layout":"default","ast-global-header-display":"","ast-main-header-display":"","ast-hfb-above-header-display":"","ast-hfb-below-header-display":"","ast-hfb-mobile-header-display":"","site-post-title":"","ast-breadcrumbs-content":"","ast-featured-img":"","footer-sml-layout":"","theme-transparent-header-meta":"","adv-header-id-meta":"","stick-header-meta":"","header-above-stick-meta":"","header-main-stick-meta":"","header-below-stick-meta":""},"pwb-brand":[534],"product_cat":[177],"product_tag":[],"class_list":{"0":"post-102520","1":"product","2":"type-product","3":"status-publish","5":"pwb-brand-bosch","6":"product_cat-jarrusatula","7":"desktop-align-left","8":"tablet-align-left","9":"mobile-align-left","11":"first","12":"instock","13":"product-type-external"},"brands":[{"id":534,"name":"Bosch","slug":"bosch"}],"_links":{"self":[{"href":"https:\/\/www.autonvaraosahaku.fi\/index.php?rest_route=\/wp\/v2\/product\/102520","targetHints":{"allow":["GET"]}}],"collection":[{"href":"https:\/\/www.autonvaraosahaku.fi\/index.php?rest_route=\/wp\/v2\/product"}],"about":[{"href":"https:\/\/www.autonvaraosahaku.fi\/index.php?rest_route=\/wp\/v2\/types\/product"}],"wp:attachment":[{"href":"https:\/\/www.autonvaraosahaku.fi\/index.php?rest_route=%2Fwp%2Fv2%2Fmedia&parent=102520"}],"wp:term":[{"taxonomy":"pwb-brand","embeddable":true,"href":"https:\/\/www.autonvaraosahaku.fi\/index.php?rest_route=%2Fwp%2Fv2%2Fpwb-brand&post=102520"},{"taxonomy":"product_cat","embeddable":true,"href":"https:\/\/www.autonvaraosahaku.fi\/index.php?rest_route=%2Fwp%2Fv2%2Fproduct_cat&post=102520"},{"taxonomy":"product_tag","embeddable":true,"href":"https:\/\/www.autonvaraosahaku.fi\/index.php?rest_route=%2Fwp%2Fv2%2Fproduct_tag&post=102520"}],"curies":[{"name":"wp","href":"https:\/\/api.w.org\/{rel}","templated":true}]}}