{"id":10269,"date":"2021-02-21T14:08:19","date_gmt":"2021-02-21T14:08:19","guid":{"rendered":"https:\/\/www.autonvaraosahaku.fi\/?product=automega-180052710-ilmansuodatin"},"modified":"2021-02-21T14:08:20","modified_gmt":"2021-02-21T14:08:20","slug":"automega-180052710-ilmansuodatin","status":"publish","type":"product","link":"https:\/\/www.autonvaraosahaku.fi\/?product=automega-180052710-ilmansuodatin","title":{"rendered":"AUTOMEGA 180052710 Ilmansuodatin"},"content":{"rendered":"<p>Suodatintyyppi: Suodatinpanos; Ulkol\u00e4pimitta [mm]: 127,0; Sis\u00e4l\u00e4pimitta 1 [mm]: 86,0; Sis\u00e4l\u00e4pimitta 2 [mm]: 86,0; Korkeus (mm): 255,0; Valmistusvuosi alkaen: 07\/1985; RENAULT: CLIO II BB0\/1\/2_, CB0\/1\/2_,ESPACE II J\/S63_,19 II B\/C53_,19 II Cabriolet D53_, 853_,SUPER 5 B\/C40_,19 I B\/C53_,TRAFIC Kasten TXX,TRAFIC Bus TXW,19 II Chamade L53_,11 B\/C37_,21 Stufenheck L48_,25 B29_,19 I Chamade L53_,TRAFIC Kasten T1, T3, T4,19 I Cabriolet D53_,TRAFIC Bus T5, T6, T7,21 Kombi K48_,21 B48_,TRAFIC Pritsche\/Fahrgestell P6,TRAFIC Pritsche\/Fahrgestell PXX; ALPINE: V6; 6000008185, 7701030196, 6000008185, 7701030196<\/p>\n","protected":false},"excerpt":{"rendered":"<p>AUTOMEGA Ilmansuodatin 180052710  RENAULT,ALPINE,CLIO II BB0\/1\/2_, CB0\/1\/2_,ESPACE II J\/S63_,19 II B\/C53_,19 II Cabriolet D53_, 853_,SUPER 5 B\/C40_<\/p>\n","protected":false},"featured_media":0,"template":"","meta":{"site-sidebar-layout":"default","site-content-layout":"default","ast-global-header-display":"","ast-main-header-display":"","ast-hfb-above-header-display":"","ast-hfb-below-header-display":"","ast-hfb-mobile-header-display":"","site-post-title":"","ast-breadcrumbs-content":"","ast-featured-img":"","footer-sml-layout":"","theme-transparent-header-meta":"","adv-header-id-meta":"","stick-header-meta":"","header-above-stick-meta":"","header-main-stick-meta":"","header-below-stick-meta":""},"pwb-brand":[121],"product_cat":[31],"product_tag":[],"class_list":{"0":"post-10269","1":"product","2":"type-product","3":"status-publish","5":"pwb-brand-automega","6":"product_cat-ilmansuodatin","7":"desktop-align-left","8":"tablet-align-left","9":"mobile-align-left","11":"first","12":"instock","13":"product-type-external"},"brands":[{"id":121,"name":"AUTOMEGA","slug":"automega"}],"_links":{"self":[{"href":"https:\/\/www.autonvaraosahaku.fi\/index.php?rest_route=\/wp\/v2\/product\/10269","targetHints":{"allow":["GET"]}}],"collection":[{"href":"https:\/\/www.autonvaraosahaku.fi\/index.php?rest_route=\/wp\/v2\/product"}],"about":[{"href":"https:\/\/www.autonvaraosahaku.fi\/index.php?rest_route=\/wp\/v2\/types\/product"}],"wp:attachment":[{"href":"https:\/\/www.autonvaraosahaku.fi\/index.php?rest_route=%2Fwp%2Fv2%2Fmedia&parent=10269"}],"wp:term":[{"taxonomy":"pwb-brand","embeddable":true,"href":"https:\/\/www.autonvaraosahaku.fi\/index.php?rest_route=%2Fwp%2Fv2%2Fpwb-brand&post=10269"},{"taxonomy":"product_cat","embeddable":true,"href":"https:\/\/www.autonvaraosahaku.fi\/index.php?rest_route=%2Fwp%2Fv2%2Fproduct_cat&post=10269"},{"taxonomy":"product_tag","embeddable":true,"href":"https:\/\/www.autonvaraosahaku.fi\/index.php?rest_route=%2Fwp%2Fv2%2Fproduct_tag&post=10269"}],"curies":[{"name":"wp","href":"https:\/\/api.w.org\/{rel}","templated":true}]}}