{"id":102876,"date":"2021-02-21T22:53:03","date_gmt":"2021-02-21T22:53:03","guid":{"rendered":"https:\/\/www.autonvaraosahaku.fi\/?product=bosch-0-261-230-289-anturit-sensorit"},"modified":"2021-02-21T22:53:05","modified_gmt":"2021-02-21T22:53:05","slug":"bosch-0-261-230-289-anturit-sensorit","status":"publish","type":"product","link":"https:\/\/www.autonvaraosahaku.fi\/?product=bosch-0-261-230-289-anturit-sensorit","title":{"rendered":"Bosch 0 261 230 289 Anturit (sensorit)"},"content":{"rendered":"<p>TECDOC-moottorinumero: 23855; CHEVROLET: CAPTIVA C100, C140,ORLANDO J309,SPARK M300,CRUZE J300,AVEO Schr\u00e4gheck T250, T255,CRUZE Station Wagon J308,AVEO Schr\u00e4gheck T300,CRUZE Schr\u00e4gheck J305,CAMARO GMX511,TRAX,CORVETTE C6,AVEO Stufenheck T250, T255,AVEO Stufenheck T300,MALIBU V300,HHR,CAPTIVA SPORT,CAMARO Convertible GMX511,CORVETTE Convertible C6,VOLT,SILVERADO 1500,SILVERADO 1500 Crew Cab Pickup US,SILVERADO 1500 Standard Cab Pickup US,SILVERADO 1500 Extended Cab Pickup US,MALIBU,AGILE; OPEL: CORSA D,ASTRA H Caravan L35,ZAFIRA A F75_,ASTRA H L48,ASTRA J Sports Tourer,ASTRA G Caravan F35_,INSIGNIA Caravan,ASTRA J,MERIVA B,ZAFIRA TOURER C P12,MOKKA,ADAM,ANTARA,INSIGNIA,INSIGNIA Stufenheck,ASTRA GTC J,ASTRA J Stufenheck,CORSA D Van,ASTRA H Stufenheck L69,ASTRA H Kasten L70,AMPERA,CORSA E,CORSA E Van,ASTRA G CLASSIC Caravan F35; CADILLAC: CTS GMX322,SRX GMT267; PONTIAC: SOLSTICE Cabriolet; VAUXHALL: CORSA Mk III D L_8,INSIGNIA Mk I A,ADAM,INSIGNIA Mk I A Estate,ZAFIRA Mk III P12,ASTRA Mk VI J CC,ANTARA J26, H26,INSIGNIA Mk I A Sedan,ASTRA Mk VI J,AMPERA,CORSAVAN Mk III D,MERIVA Mk II B,ASTRA Mk VI J Estate,MOKKA,ASTRAVAN Mk V H,CORSA Mk IV E; 12591290, 55573248, 12591290, 12591290, 55573248, 12591290, 55573248, 1235060, 55573248, 93192107, 12591290, 12591290, 55573248, 93192107<\/p>\n","protected":false},"excerpt":{"rendered":"<p>BOSCH Tunnistin, Imusarjapaine 0 261 230 289  CHEVROLET,OPEL,CADILLAC,CAPTIVA C100, C140,ORLANDO J309,SPARK M300,CRUZE J300,AVEO Schr\u00e4gheck T250, T255<\/p>\n","protected":false},"featured_media":0,"template":"","meta":{"site-sidebar-layout":"default","site-content-layout":"default","ast-global-header-display":"","ast-main-header-display":"","ast-hfb-above-header-display":"","ast-hfb-below-header-display":"","ast-hfb-mobile-header-display":"","site-post-title":"","ast-breadcrumbs-content":"","ast-featured-img":"","footer-sml-layout":"","theme-transparent-header-meta":"","adv-header-id-meta":"","stick-header-meta":"","header-above-stick-meta":"","header-main-stick-meta":"","header-below-stick-meta":""},"pwb-brand":[534],"product_cat":[98],"product_tag":[],"class_list":{"0":"post-102876","1":"product","2":"type-product","3":"status-publish","5":"pwb-brand-bosch","6":"product_cat-anturit-sensorit","7":"desktop-align-left","8":"tablet-align-left","9":"mobile-align-left","11":"first","12":"instock","13":"product-type-external"},"brands":[{"id":534,"name":"Bosch","slug":"bosch"}],"_links":{"self":[{"href":"https:\/\/www.autonvaraosahaku.fi\/index.php?rest_route=\/wp\/v2\/product\/102876","targetHints":{"allow":["GET"]}}],"collection":[{"href":"https:\/\/www.autonvaraosahaku.fi\/index.php?rest_route=\/wp\/v2\/product"}],"about":[{"href":"https:\/\/www.autonvaraosahaku.fi\/index.php?rest_route=\/wp\/v2\/types\/product"}],"wp:attachment":[{"href":"https:\/\/www.autonvaraosahaku.fi\/index.php?rest_route=%2Fwp%2Fv2%2Fmedia&parent=102876"}],"wp:term":[{"taxonomy":"pwb-brand","embeddable":true,"href":"https:\/\/www.autonvaraosahaku.fi\/index.php?rest_route=%2Fwp%2Fv2%2Fpwb-brand&post=102876"},{"taxonomy":"product_cat","embeddable":true,"href":"https:\/\/www.autonvaraosahaku.fi\/index.php?rest_route=%2Fwp%2Fv2%2Fproduct_cat&post=102876"},{"taxonomy":"product_tag","embeddable":true,"href":"https:\/\/www.autonvaraosahaku.fi\/index.php?rest_route=%2Fwp%2Fv2%2Fproduct_tag&post=102876"}],"curies":[{"name":"wp","href":"https:\/\/api.w.org\/{rel}","templated":true}]}}