{"id":103039,"date":"2021-02-21T22:54:13","date_gmt":"2021-02-21T22:54:13","guid":{"rendered":"https:\/\/www.autonvaraosahaku.fi\/?product=champion-oe001-t10-sytytystulpat"},"modified":"2021-02-21T22:54:17","modified_gmt":"2021-02-21T22:54:17","slug":"champion-oe001-t10-sytytystulpat","status":"publish","type":"product","link":"https:\/\/www.autonvaraosahaku.fi\/?product=champion-oe001-t10-sytytystulpat","title":{"rendered":"Champion OE001\/T10 Sytytystulpat"},"content":{"rendered":"<p>K\u00e4rkiv\u00e4li (mm): 0,9; Liittimet: M4\/SAE; Kierremitta: M14x1.25; Avainv\u00e4li: 21 mm; Laatu \/ luokka: Nickel GE; Pakkaustyyppi: Laatikko; Sytytystulppa: 1-maaelektroodi, suoralla istukalla, Kuparikeskielektrodi; Kierteen pituus (mm): 19; Teknisten tietojen numero: N9YC; Kipin\u00e4et\u00e4isyys [mm]: 3; Kiristysmomentti > [Nm]: 20; Kiristysmomentti enint\u00e4\u00e4n [Nm]: 30; Pakkauspituus [cm]: 8,65; Pakkausleveys [cm]: 2,45; Pakkauskorkeus [mm]: 2,45; Ulkonema [mm]: 1,5; Tuotelinja: Powersport; Tarvittava kappalem\u00e4\u00e4r\u00e4: 4; VW: GOLF I Cabriolet 155,POLO 86C, 80,POLO Coupe 86C, 80,SCIROCCO 53B,LT 28-35 I Kasten 281-363,GOLF I 17,LT 28-35 I Bus 281-363,CADDY I 14,PASSAT Variant 32B,LT 28-35 I Pritsche\/Fahrgestell 281-363,PASSAT 32B,LT 40-55 I Pritsche\/Fahrgestell 293-909,SCIROCCO 53,ILTIS 183,JETTA I 16,GOL I,PASSAT 32,LT 40-55 I Kasten 291-512,PASSAT Variant 33,SANTANA 32B; AUDI: 80 89, 89Q, 8A, B3,80 81, 85, B2,COUPE 81, 85,80 80, 82, B1,100 C1,100 43, C2,50 86,100 Avant 43, C2; MAZDA: 323 I FA,626 I CB,323 I Station Wagon FA,1300; NISSAN: CHERRY E10 I,CHERRY III N12,DATSUN 100 A E10, BLF10,CHERRY II Coupe N10,DATSUN 120 Y Coupe KB 210,CHERRY II Hatchback N10,DATSUN 120,SUNNY 140Y, 150Y,DATSUN 160 J 710, A10,DATSUN 180 B PL810,DATSUN 100 A Kombi WBLF10,CHERRY II Traveller VN10; LADA: NIVA 2121,1200-1600,1200-1500 Kombi,SAMARA 2108, 2109, 2115, 2113, 2114,NOVA 2105,TOSCANA 2107,NOVA Kombi 2104; SEAT: 128,RONDA 022A; MERCEDES-BENZ: SL R107,Stufenheck W123,S-CLASS W126,G-CLASS W463,G-CLASS W460,COUPE C123,S-CLASS W108, W109,S-CLASS W116,S-CLASS Coupe C126,T1 Bus 601,SL Coupe C107,T2\/L Kasten\/Kombi,T1 Pritsche\/Fahrgestell 601,HECKFLOSSE W111, W112,T1 Kasten 601,SL W121,T2\/L Pritsche\/Fahrgestell,T2\/L Kommunalfahrzeug,T2\/L Kipper; HONDA: CIVIC I Hatchback SB; TOYOTA: LAND CRUISER _J4_,LAND CRUISER Pick-up _J4_; ROVER: 2000-3500 P6; 46229251, 12121257513, 12121258158, 12121258159, 12121258973, 12121265595, 12121267485, 12121269333, 12121353673, 1212188234, 12129005914, 12129055912, 1265595, 5417768, 5417768H, 5417769U, 5417998, 5417998H, 5425202, 5425202H, 5425202M, 7826099300, 91517001, 91517002, 95619043, ZC9862093U, 04NE, 1L4J, 4359422, 4359423, 4401549, 4401551, 71736275, 7554420, 7554421, 9FY, 1506415, 1H1Z12405EA, 5099885, 46229251, EAC8915, RTC3571, RTC3812, 0001591003, 0001596803, 0011598103, 0011598203, 0011599503, 0021591003, 0021591103, 0021591903, 0021592003, 0021592103, 0021592403, 0021592503, 0021592603, 0021592803, 0021592903, 0021593003, 0021593103, 0021594703, 0021596103, 0031591003, 0031592703, 0031594503, 0031594703, 1161590003, 1161590203, 1161599993, A0031594503, MS851183, 22401M7715, 22401W8916, 596010, 596119, 596147, 596193, 596196, 596211, 596213, 596216, 596219, 596251, 596252, 596260, 596265, 596270, 5962A4, 9151400080, 9151700080, 9152106780, CP10, 92809460203, 99917011990, 9991701269&#8230;; Tulpat,Sytytystulppa<\/p>\n","protected":false},"excerpt":{"rendered":"<p>CHAMPION Sytytystulpat OE001\/T10 Tulpat,Sytytystulppa VW,AUDI,MAZDA,GOLF I Cabriolet 155,POLO 86C, 80,POLO Coupe 86C, 80,SCIROCCO 53B<\/p>\n","protected":false},"featured_media":0,"template":"","meta":{"site-sidebar-layout":"default","site-content-layout":"default","ast-global-header-display":"","ast-main-header-display":"","ast-hfb-above-header-display":"","ast-hfb-below-header-display":"","ast-hfb-mobile-header-display":"","site-post-title":"","ast-breadcrumbs-content":"","ast-featured-img":"","footer-sml-layout":"","theme-transparent-header-meta":"","adv-header-id-meta":"","stick-header-meta":"","header-above-stick-meta":"","header-main-stick-meta":"","header-below-stick-meta":""},"pwb-brand":[536],"product_cat":[165],"product_tag":[],"class_list":{"0":"post-103039","1":"product","2":"type-product","3":"status-publish","5":"pwb-brand-champion","6":"product_cat-sytytystulpat","7":"desktop-align-left","8":"tablet-align-left","9":"mobile-align-left","11":"first","12":"instock","13":"product-type-external"},"brands":[{"id":536,"name":"Champion","slug":"champion"}],"_links":{"self":[{"href":"https:\/\/www.autonvaraosahaku.fi\/index.php?rest_route=\/wp\/v2\/product\/103039","targetHints":{"allow":["GET"]}}],"collection":[{"href":"https:\/\/www.autonvaraosahaku.fi\/index.php?rest_route=\/wp\/v2\/product"}],"about":[{"href":"https:\/\/www.autonvaraosahaku.fi\/index.php?rest_route=\/wp\/v2\/types\/product"}],"wp:attachment":[{"href":"https:\/\/www.autonvaraosahaku.fi\/index.php?rest_route=%2Fwp%2Fv2%2Fmedia&parent=103039"}],"wp:term":[{"taxonomy":"pwb-brand","embeddable":true,"href":"https:\/\/www.autonvaraosahaku.fi\/index.php?rest_route=%2Fwp%2Fv2%2Fpwb-brand&post=103039"},{"taxonomy":"product_cat","embeddable":true,"href":"https:\/\/www.autonvaraosahaku.fi\/index.php?rest_route=%2Fwp%2Fv2%2Fproduct_cat&post=103039"},{"taxonomy":"product_tag","embeddable":true,"href":"https:\/\/www.autonvaraosahaku.fi\/index.php?rest_route=%2Fwp%2Fv2%2Fproduct_tag&post=103039"}],"curies":[{"name":"wp","href":"https:\/\/api.w.org\/{rel}","templated":true}]}}