{"id":103042,"date":"2021-02-21T22:54:13","date_gmt":"2021-02-21T22:54:13","guid":{"rendered":"https:\/\/www.autonvaraosahaku.fi\/?product=champion-cof100101s-oljynsuodatin"},"modified":"2021-02-21T22:54:18","modified_gmt":"2021-02-21T22:54:18","slug":"champion-cof100101s-oljynsuodatin","status":"publish","type":"product","link":"https:\/\/www.autonvaraosahaku.fi\/?product=champion-cof100101s-oljynsuodatin","title":{"rendered":"Champion COF100101S \u00d6ljynsuodatin"},"content":{"rendered":"<p>Korkeus (mm): 100; Kierremitta: 3\/4-16 UNF; L\u00e4pimitta 1 [mm]: 77; Sis\u00e4l\u00e4pimitta [mm]: 72; Ulkol\u00e4pimitta [mm]: 76; Pakkaustyyppi: Laatikko; Suodatintyyppi: Ruuvattava suodatin; Pakkauspituus [cm]: 7,8; Pakkausleveys [cm]: 7,8; Pakkauskorkeus [mm]: 10,2; Valmistusvuoteen: 04\/1980; SEAT: MARBELLA 28,IBIZA I 021A,TERRA Kasten 024A,127 127A,MARBELLA Kasten 028A,TERRA 24,PANDA 141A,FURA 025A; LAND ROVER: DEFENDER Station Wagon LD,DISCOVERY II LJ, LT,DEFENDER Pick-up LD_,DEFENDER Cabrio LD; LANCIA: DELTA I 831AB0,THEMA 834,DELTA II 836,BETA Spider 828BS,BETA Coupe 828BC,DEDRA 835,A 112,DEDRA SW 835,BETA  H.P.E. 828BF,THEMA SW 834,BETA 828_B_,PRISMA 831AB0; ALFA ROMEO: SPIDER 115,75 162B,164 164,145 930,155 167,146 930,SPIDER 105,GIULIA,GT,33 907A,GTV 116,ALFETTA GT 116,1750-2000,33 905,ALFASUD Sprint 902.A,ALFETTA 116,MONTREAL,ALFASUD 901,GIULIETTA 116,33 Sportwagon 907B,33 Sportwagon 905A,6 119,GIULIETTA Sprint,90 162,SZ,RZ,ALFASUD Giardinetta 904,AR 6 Bus 280,AR 6 Kasten 280,ARNA 920; FIAT: SEICENTO 187,DUCATO Pritsche\/Fahrgestell 230,DUCATO Bus 230,PUNTO 176,DUCATO Kasten 290,DUCATO Pritsche\/Fahrgestell 290,DUCATO Kasten 230L,DUCATO Kasten 280,DUCATO Pritsche\/Fahrgestell 280,PANDA 141A_,DUCATO Panorama 280,BRAVA 182,UNO 146A\/E,DUCATO Panorama 290,127,PALIO Weekend 178DX,FIORINO Kasten 146,TIPO 160,CROMA 154,128,TEMPRA 159,131,RITMO I 138A,124,PUNTO Van 176L,TEMPRA S.W. 159,132,FIORINO Pick up 146,FIORINO 147,CAMPAGNOLA,REGATA 138,ARGENTA 132A,RITMO Cabriolet,124 Familiare,127 Panorama,128 Familiare,FIORINO 127,131 Familiare\/Panorama,REGATA Weekend 138,DUNA 146 B,DUNA Weekend 146 B; AUTOBIANCHI: A 112; PIAGGIO: APE TM Pritsche\/Fahrgestell,APE TM Kasten; ZASTAVA: YUGO; INNOCENTI: ELBA 146; 510313, 510889, 530388, 534372, 60504569, 4434791, 4469396, 4469397, 4469398, 4469399, 4469400, 46805828, 5939832, 7724167, 5009087, 5011997, 5017811, 7701415054<\/p>\n","protected":false},"excerpt":{"rendered":"<p>CHAMPION \u00d6ljynsuodatin COF100101S  SEAT,LAND ROVER,LANCIA,MARBELLA 28,IBIZA I 021A,TERRA Kasten 024A,127 127A,MARBELLA Kasten 028A,TERRA 24,PANDA 141A<\/p>\n","protected":false},"featured_media":0,"template":"","meta":{"site-sidebar-layout":"default","site-content-layout":"default","ast-global-header-display":"","ast-main-header-display":"","ast-hfb-above-header-display":"","ast-hfb-below-header-display":"","ast-hfb-mobile-header-display":"","site-post-title":"","ast-breadcrumbs-content":"","ast-featured-img":"","footer-sml-layout":"","theme-transparent-header-meta":"","adv-header-id-meta":"","stick-header-meta":"","header-above-stick-meta":"","header-main-stick-meta":"","header-below-stick-meta":""},"pwb-brand":[536],"product_cat":[30],"product_tag":[],"class_list":{"0":"post-103042","1":"product","2":"type-product","3":"status-publish","5":"pwb-brand-champion","6":"product_cat-oljynsuodatin","7":"desktop-align-left","8":"tablet-align-left","9":"mobile-align-left","11":"first","12":"instock","13":"product-type-external"},"brands":[{"id":536,"name":"Champion","slug":"champion"}],"_links":{"self":[{"href":"https:\/\/www.autonvaraosahaku.fi\/index.php?rest_route=\/wp\/v2\/product\/103042","targetHints":{"allow":["GET"]}}],"collection":[{"href":"https:\/\/www.autonvaraosahaku.fi\/index.php?rest_route=\/wp\/v2\/product"}],"about":[{"href":"https:\/\/www.autonvaraosahaku.fi\/index.php?rest_route=\/wp\/v2\/types\/product"}],"wp:attachment":[{"href":"https:\/\/www.autonvaraosahaku.fi\/index.php?rest_route=%2Fwp%2Fv2%2Fmedia&parent=103042"}],"wp:term":[{"taxonomy":"pwb-brand","embeddable":true,"href":"https:\/\/www.autonvaraosahaku.fi\/index.php?rest_route=%2Fwp%2Fv2%2Fpwb-brand&post=103042"},{"taxonomy":"product_cat","embeddable":true,"href":"https:\/\/www.autonvaraosahaku.fi\/index.php?rest_route=%2Fwp%2Fv2%2Fproduct_cat&post=103042"},{"taxonomy":"product_tag","embeddable":true,"href":"https:\/\/www.autonvaraosahaku.fi\/index.php?rest_route=%2Fwp%2Fv2%2Fproduct_tag&post=103042"}],"curies":[{"name":"wp","href":"https:\/\/api.w.org\/{rel}","templated":true}]}}