{"id":103066,"date":"2021-02-21T22:54:22","date_gmt":"2021-02-21T22:54:22","guid":{"rendered":"https:\/\/www.autonvaraosahaku.fi\/?product=champion-cof100102s-oljynsuodatin"},"modified":"2021-02-21T22:54:29","modified_gmt":"2021-02-21T22:54:29","slug":"champion-cof100102s-oljynsuodatin","status":"publish","type":"product","link":"https:\/\/www.autonvaraosahaku.fi\/?product=champion-cof100102s-oljynsuodatin","title":{"rendered":"Champion COF100102S \u00d6ljynsuodatin"},"content":{"rendered":"<p>Korkeus (mm): 102; Kierremitta: 3\/4-16 UNF; Sis\u00e4l\u00e4pimitta [mm]: 72; Ulkol\u00e4pimitta [mm]: 95; Pakkaustyyppi: Laatikko; Suodatintyyppi: Ruuvattava suodatin; Sis\u00e4l\u00e4pimitta 1 [mm]: 62; Pakkauspituus [cm]: 9,5; Pakkausleveys [cm]: 9,5; Pakkauskorkeus [mm]: 10,5; TECDOC-moottorinumero: 15208; VW: TRANSPORTER III Bus,TRANSPORTER III Kasten,TRANSPORTER II Bus,TRANSPORTER III Pritsche\/Fahrgestell,411412,TRANSPORTER I Bus 22, 24, 25, 28,TRANSPORTER II Kasten,TRANSPORTER II Pritsche\/Fahrgestell,TRANSPORTER I Kasten 21, 23; JEEP: GRAND CHEROKEE III WH, WK,GRAND CHEROKEE II WJ, WG,GRAND CHEROKEE I ZJ,CHEROKEE XJ,COMMANDER XK,WRANGLER II TJ,WRANGLER I YJ, SJ_; LADA: 1200-1600,TOSCANA 2107; SEAT: IBIZA I 021A,124,MALAGA 023A,133,131,124 Kombi,128,132,RONDA 022A,PANDA 141A,FURA 025A,RITMO 138; CHRYSLER: VOYAGER IV RG, RS,300 C Touring LX,VOYAGER III GS,300 C LX,SEBRING Cabriolet JR,300 M LR,STRATUS Cabriolet JX,SEBRING JR,VOYAGER II ES,SEBRING JS,SEBRING Cabriolet JS,LE BARON Cabriolet,STRATUS JA,VISION,VOYAGER I AS,NEW YORKER,VIPER Convertible,LE BARON Stufenheck,VIPER; LANCIA: DELTA I 831AB0,DELTA II 836,BETA Spider 828BS,BETA Coupe 828BC,DEDRA 835,BETA MONTE CARLO 137AS, 137BS,BETA  H.P.E. 828BF,BETA 828_B_,TREVI 828DB; OPEL: DIPLOMAT B,COMMODORE A,COMMODORE A Coupe; TOYOTA: AURIS NRE15_, ZZE15_, ADE15_, ZRE15_, NDE15_,LAND CRUISER KDJ12_, GRJ12_,HILUX III Pick-up TGN1_, GGN2_, GGN1_, KUN2_, KUN1_,LAND CRUISER 150 KDJ15_, GRJ15_,HILUX VI Pick-up _N1_,4 RUNNER RN10_, VZN13_, VZN10_, RN13_,HIACE IV Bus LH1_,CELICA RA2_, TA2_,HIACE IV Kasten LXH1_, RZH1_, LH1_,HIACE III Wagon LH1_, RZH1_,HIACE IV Kasten TRH2_, KDH2_,CELICA Coupe RA4_, TA4_,HIACE III Kasten YH7_, LH6_, LH7_, LH5_, YH5_, YH6_,CELICA TA60, RA40, RA6_,HIACE \/ COMMUTER IV TRH2_, KDH2_,COROLLA Liftback _E8_,COROLLA FX Compact E8B,CARINA II _T15_,COROLLA Station Wagon _E7_,CARINA II Stufenheck _T15_,DYNA Pritsche\/Fahrgestell KD_, LY_, TRY2_, KDY2_, XZU4_, XZ,COROLLA _E7_,COROLLA Liftback KE, TE,COROLLA _E8_,COROLLA Liftback _E7_,CARINA TA4L, TA6_L,CARINA TA1_,CAMRY Liftback _V1_,CAMRY Stufenheck _V1_,CARINA Station Wagon TA4K, TA6K,CORONA Liftback _T13_,LITEACE Kasten CM3_V, KM3_V,CORONA XT1_, TT1_, RT1_,LITEACE Wagon YM2_, CM2_, KM2_; DAIHATSU: FOURTRAK F7, F8,CHARMANT A; SAAB: 96,95 Station Wagon; 60507080, 4041315, 5057957, 5281090, 75061411, 75221405, 75221481, 0HM6716BA, 4286051, 4316238, 4335580, 4363485, 4371582, 4382101, 4434790, 4434794, 5951685, 5964796, 82342881, 11405640, 11425472, 11436936, 11464497, 11464498, 11525472, 11525802, 1473773, 1482151, 1498020, 1498021, 1508831, 1515160, 1555451, 1556297, 1564767, 1565486, 5000860, 50012248, 5001248, 5002230, 5003559, 5003560, 5003561, 5003932, 5008677, 5010665, 5013957, 5016957, 5018355, 692M6714AA, 70HM6714AA, 70HM6714BB, 74HM6714CA, 74HM6714CB, A700X6714GA, A710X6714DA, A710X6714EA, A710X6714FA, A710X6714MA, A740X6714FA, A770X6714MA, A770X6714RA, A770X6714UA, D5NN6714A, 13240080, 88511161, 88513106, 4434794, 82342881, 82360558, 110931, 222721, 7700640165, 7700640175, 7701008698, 7701020783, 7701029278, 7701348110, 7701542286, 800334, 880334, 0003897991, 0003936569, 0003936870, 0005940898, 1560025010, 156002501083, 1560125010, 1560178001, 156017800171, 1560196006, 401503037071, 021115351A<\/p>\n","protected":false},"excerpt":{"rendered":"<p>CHAMPION \u00d6ljynsuodatin COF100102S  VW,JEEP,LADA,TRANSPORTER III Bus,TRANSPORTER III Kasten,TRANSPORTER II Bus,TRANSPORTER III Pritsche\/Fahrgestell<\/p>\n","protected":false},"featured_media":0,"template":"","meta":{"site-sidebar-layout":"default","site-content-layout":"default","ast-global-header-display":"","ast-main-header-display":"","ast-hfb-above-header-display":"","ast-hfb-below-header-display":"","ast-hfb-mobile-header-display":"","site-post-title":"","ast-breadcrumbs-content":"","ast-featured-img":"","footer-sml-layout":"","theme-transparent-header-meta":"","adv-header-id-meta":"","stick-header-meta":"","header-above-stick-meta":"","header-main-stick-meta":"","header-below-stick-meta":""},"pwb-brand":[536],"product_cat":[30],"product_tag":[],"class_list":{"0":"post-103066","1":"product","2":"type-product","3":"status-publish","5":"pwb-brand-champion","6":"product_cat-oljynsuodatin","7":"desktop-align-left","8":"tablet-align-left","9":"mobile-align-left","11":"first","12":"instock","13":"product-type-external"},"brands":[{"id":536,"name":"Champion","slug":"champion"}],"_links":{"self":[{"href":"https:\/\/www.autonvaraosahaku.fi\/index.php?rest_route=\/wp\/v2\/product\/103066","targetHints":{"allow":["GET"]}}],"collection":[{"href":"https:\/\/www.autonvaraosahaku.fi\/index.php?rest_route=\/wp\/v2\/product"}],"about":[{"href":"https:\/\/www.autonvaraosahaku.fi\/index.php?rest_route=\/wp\/v2\/types\/product"}],"wp:attachment":[{"href":"https:\/\/www.autonvaraosahaku.fi\/index.php?rest_route=%2Fwp%2Fv2%2Fmedia&parent=103066"}],"wp:term":[{"taxonomy":"pwb-brand","embeddable":true,"href":"https:\/\/www.autonvaraosahaku.fi\/index.php?rest_route=%2Fwp%2Fv2%2Fpwb-brand&post=103066"},{"taxonomy":"product_cat","embeddable":true,"href":"https:\/\/www.autonvaraosahaku.fi\/index.php?rest_route=%2Fwp%2Fv2%2Fproduct_cat&post=103066"},{"taxonomy":"product_tag","embeddable":true,"href":"https:\/\/www.autonvaraosahaku.fi\/index.php?rest_route=%2Fwp%2Fv2%2Fproduct_tag&post=103066"}],"curies":[{"name":"wp","href":"https:\/\/api.w.org\/{rel}","templated":true}]}}