{"id":103202,"date":"2021-02-21T22:55:25","date_gmt":"2021-02-21T22:55:25","guid":{"rendered":"https:\/\/www.autonvaraosahaku.fi\/?product=champion-cof102126s-oljynsuodatin"},"modified":"2021-02-21T22:55:31","modified_gmt":"2021-02-21T22:55:31","slug":"champion-cof102126s-oljynsuodatin","status":"publish","type":"product","link":"https:\/\/www.autonvaraosahaku.fi\/?product=champion-cof102126s-oljynsuodatin","title":{"rendered":"Champion COF102126S \u00d6ljynsuodatin"},"content":{"rendered":"<p>Korkeus (mm): 85; Kierremitta: M20x1.5; Sis\u00e4l\u00e4pimitta [mm]: 53; Ulkol\u00e4pimitta [mm]: 70; Pakkaustyyppi: Laatikko; Suodatintyyppi: Ruuvattava suodatin; Pakkauspituus [cm]: 7,1; Pakkausleveys [cm]: 7,1; Pakkauskorkeus [mm]: 9,2; TECDOC-moottorinumero: 24446; OPEL: VECTRA B Caravan 31_,CAMPO TF_,CORSA B Kombi F35; HYUNDAI: SONATA II Y-2,PONY,PONY Wagon; NISSAN: PATROL GR II Wagon Y61,PATHFINDER R50,MAXIMA QX A32,MAXIMA Station Wagon; MAZDA: MX-3 EC,B-SERIE UN,E-SERIE Kasten SR2,929 III HC; HONDA: LEGEND IV KB_,INTEGRA DC5,CIVIC II Shuttle EE,CIVIC III Stufenheck AM, AK, AU; MITSUBISHI: COLT VI Z3_A, Z2_A,ASX GA_W_,OUTLANDER XL II CW_W,OUTLANDER III GG_W, GF_W, ZJ,MIRAGE Schr\u00e4gheck,LANCER SPORTBACK CX_A,LANCER Stufenheck CY\/Z_A,ECLIPSE II D3_A,ECLIPSE I D2_A,ASX Van GA_W_,SPACE WAGON N3_W, N4_W,LANCER IV C6_A, C7_A,PAJERO SPORT II KH_, KG_; SMART: FORFOUR 454; SUBARU: REX II; LANCIA: YPSILON 843,MUSA 350; FORD USA: PROBE II ECP; 0055230822, 1109AE, 1109CG, 0055230822, 46544820, 46751179, 55230822, 55256470, 71736161, 71765459, 1535505, 1699522, 3396825, 3803268, 9S516731AA, AS516731AA, KL0714302B, 1017100EG01, 15400PLC004, OJE1514302, 8943687270, 8944128150, OJE1514302, 000947941, 001039891, 55230822, G6Y014302A, JE1514302, JEY014302, JEY0143029A, JEY014302A, RFY0143029A, 1230A105, 30A4000100, MD05281090, MD135737, MD321589, MD325714, MZ690070, MZ690072, MZ690115, MZ690116, 5650301, 649007, 649012, 649013, 649014, 649020, 650134, 90511146, 94314263, VOF225, VOF500, VOF88, 1109AC, 1109CG, PW510577, PW510577E, 4318092, 649014, VOF225, VOF500, VOF88, 11715849, 30866266<\/p>\n","protected":false},"excerpt":{"rendered":"<p>CHAMPION \u00d6ljynsuodatin COF102126S  OPEL,HYUNDAI,NISSAN,VECTRA B Caravan 31_,CAMPO TF_,CORSA B Kombi F35,SONATA II Y-2,PONY,PONY Wagon<\/p>\n","protected":false},"featured_media":0,"template":"","meta":{"site-sidebar-layout":"default","site-content-layout":"default","ast-global-header-display":"","ast-main-header-display":"","ast-hfb-above-header-display":"","ast-hfb-below-header-display":"","ast-hfb-mobile-header-display":"","site-post-title":"","ast-breadcrumbs-content":"","ast-featured-img":"","footer-sml-layout":"","theme-transparent-header-meta":"","adv-header-id-meta":"","stick-header-meta":"","header-above-stick-meta":"","header-main-stick-meta":"","header-below-stick-meta":""},"pwb-brand":[536],"product_cat":[30],"product_tag":[],"class_list":{"0":"post-103202","1":"product","2":"type-product","3":"status-publish","5":"pwb-brand-champion","6":"product_cat-oljynsuodatin","7":"desktop-align-left","8":"tablet-align-left","9":"mobile-align-left","11":"first","12":"instock","13":"product-type-external"},"brands":[{"id":536,"name":"Champion","slug":"champion"}],"_links":{"self":[{"href":"https:\/\/www.autonvaraosahaku.fi\/index.php?rest_route=\/wp\/v2\/product\/103202","targetHints":{"allow":["GET"]}}],"collection":[{"href":"https:\/\/www.autonvaraosahaku.fi\/index.php?rest_route=\/wp\/v2\/product"}],"about":[{"href":"https:\/\/www.autonvaraosahaku.fi\/index.php?rest_route=\/wp\/v2\/types\/product"}],"wp:attachment":[{"href":"https:\/\/www.autonvaraosahaku.fi\/index.php?rest_route=%2Fwp%2Fv2%2Fmedia&parent=103202"}],"wp:term":[{"taxonomy":"pwb-brand","embeddable":true,"href":"https:\/\/www.autonvaraosahaku.fi\/index.php?rest_route=%2Fwp%2Fv2%2Fpwb-brand&post=103202"},{"taxonomy":"product_cat","embeddable":true,"href":"https:\/\/www.autonvaraosahaku.fi\/index.php?rest_route=%2Fwp%2Fv2%2Fproduct_cat&post=103202"},{"taxonomy":"product_tag","embeddable":true,"href":"https:\/\/www.autonvaraosahaku.fi\/index.php?rest_route=%2Fwp%2Fv2%2Fproduct_tag&post=103202"}],"curies":[{"name":"wp","href":"https:\/\/api.w.org\/{rel}","templated":true}]}}