{"id":103291,"date":"2021-02-21T22:56:09","date_gmt":"2021-02-21T22:56:09","guid":{"rendered":"https:\/\/www.autonvaraosahaku.fi\/?product=champion-ch189-102-hehkutulppa"},"modified":"2021-02-21T22:56:10","modified_gmt":"2021-02-21T22:56:10","slug":"champion-ch189-102-hehkutulppa","status":"publish","type":"product","link":"https:\/\/www.autonvaraosahaku.fi\/?product=champion-ch189-102-hehkutulppa","title":{"rendered":"Champion CH189\/102 Hehkutulppa"},"content":{"rendered":"<p>J\u00e4nnite (V): 11; Liittimet: M5; L\u00e4pimitta [mm]: 6,1; Kierremitta: M12x1.25; Kokonaispituus (mm): 72; Avainv\u00e4li: 12; Kiristysmomentti: 20; Hehkutulppatyyppi: Hehkutulppa, puikko; Asennussyvyys (mm): 24,3; Tarvittava kappalem\u00e4\u00e4r\u00e4: 6; MERCEDES-BENZ: 190 W201,Stufenheck W124,Stufenheck W123,KOMBI Kombi S124,G-CLASS W460,COUPE C123,SPRINTER 3-t Kasten 903,SPRINTER 2-t Bus 901, 902,SPRINTER 2-t Kasten 901, 902,SPRINTER 3-t Bus 903,KOMBI Kombi S123,SPRINTER 3-t Pritsche\/Fahrgestell 903,T1 Bus 601,100 Bus 631,T1 Pritsche\/Fahrgestell 602,T2\/L Kasten\/Kombi,T1 Kasten 602,100 Kasten 631,SPRINTER 4-t Pritsche\/Fahrgestell 904,T1 Pritsche\/Fahrgestell 601,T2\/LN1 Kasten\/Kombi,SPRINTER 2-t Pritsche\/Fahrgestell 901, 902,T1 Kasten 601,100 Pritsche\/Fahrgestell 631,SPRINTER 4-t Kasten 904,T2\/L Pritsche\/Fahrgestell,T1\/TN Pritsche\/Fahrgestell,T2\/LN1 Pritsche\/Fahrgestell,T1\/TN Kasten\/Kombi,T2\/LN1 Kipper,UNIMOG; BMW: 5 E39,5 Touring E39,3 Compact E36,3 E36,3 E30,7 E38,5 E34,3 Touring E36,5 Touring E34,5 E28,3 Touring E30; OPEL: ASTRA G CC F48_, F08_,OMEGA A 16_, 17_, 19_,ASTRA G Caravan F35_,ASTRA F CC 53_, 54_, 58_, 59_,OMEGA B Caravan 21_, 22_, 23_,OMEGA B 25_, 26_, 27_,ASTRA F Caravan 51_, 52_,COMBO Kasten\/Kombi,ASTRA G Stufenheck F69_,COMBO Tour,VECTRA A 86_, 87_,ASTRA F 56_, 57_,KADETT E CC 33_, 34_, 43_, 44_,FRONTERA A 5_MWL4,VECTRA A CC 88_, 89_,ASCONA B 81_, 86_, 87_, 88_,ASCONA C 81_, 86_, 87_, 88_,CAMPO TF_,REKORD E 17_-19_, 11_, 14_, 16_,SENATOR A 29_,OMEGA A Caravan 66_, 67_,KADETT D 31_-34_, 41_-44_,KADETT E 39_, 49_,ASCONA C CC 84_, 89_,ASTRA G Kasten F70,KADETT E Caravan 35_, 36_, 45_, 46_,ASTRA F Van 55_,REKORD E Caravan 61_, 66_, 67_,KADETT D 32_,37_,39, _42,KADETT D Caravan 35_, 36_, 45_, 46_,KADETT E Kasten 37_, 47_,ARENA Kasten TB, TF,KADETT E Combo 38_, 48_; FORD: SIERRA GBG, GB4,SIERRA Schr\u00e4gheck GBC, GBG,SCORPIO I GAE, GGE,SIERRA Schr\u00e4gheck GBC,SCORPIO I Stufenheck GGE,SIERRA Kombi BNG,GRANADA GU,SCORPIO I Kombi GGE,SIERRA Kombi BNC,GRANADA Kombi GNU; RENAULT: CLIO I B\/C57_, 5\/357_,ESPACE II J\/S63_,RAPID Kasten F40_, G40_,19 I B\/C53_,TRAFIC Kasten TXX,TRAFIC Bus TXW,SAFRANE I B54_,ESPACE I J11_,21 Stufenheck L48_,25 B29_,MASTER I Kasten T__,TRAFIC Kasten T1, T3, T4,TRAFIC Bus T5, T6, T7,18 134_,21 Kombi K48_,18 Variable 135_,30 127_,FUEGO 136_,21 B48_,MASTER I Bus T__,20 127_,TRAFIC Pritsche\/Fahrgestell P6,MASTER I Pritsche\/Fahrgestell P__,TRAFIC Pritsche\/Fahrgestell PXX,21 Kasten S48_,18 Kasten,EXPRESS Pick-up; FIAT: DUCATO Pritsche\/Fahrgestell 230,DUCATO Bus 230,PUNTO 176,DUCATO Kasten 290,DUCATO Pritsche\/Fahrgestell 290,DUCATO Kasten 230L,DUCATO Kasten 280,DUCATO Pritsche\/Fahrgestell 280,PANDA 141A_,STRADA Pick-up 178E,DUCATO Panorama 280,BRAVO I 182,ULYSSE 220,BRAVA 182,SCUDO Kasten 220L,UNO 146A\/E,DUCATO Panorama 290,SCUDO Combinato 220P,127,PALIO Weekend 178DX,FIORINO Kasten 146,TIPO 160,CROMA 154,TALENTO Pritsche\/Fahrgestell 290,TEMPRA 159,131,RITMO I 138A,PUNTO Van 176L,TEMPRA S.W. 159,132,FIORINO Pick up 146,TALENTO Bus 290,FIORINO 147,TALENTO Kasten 290,CAMPAGNOLA,REGATA 138,ARGENTA 132A,127 Panorama,UNO Kasten 146,131 Familiare\/Panorama,SIENA 178_,147,FIORINO Pick up 147,REGATA Weekend 138,147 Panorama,DUNA 146 B,ELBA 146_,DUNA Weekend 146 B; PEUGEOT: 306 Schr\u00e4gheck 7A, 7C, N3, N5,406 Break 8E\/F,PARTNER Combispace 5F,205 II 20A\/C,PARTNER Kasten 5,J5 Pritsche\/Fahrgestell 280L,306 Break 7E, N3, N5,406 8B,J5 Pritsche\/Fahrgestell 290L,806 221,BOXER Kasten 230L,306 7B, N3, N5,J5 Kasten 280L,EXPERT Kasten 222,J5 Bus 290P,309 II 3C, 3A,205 I 741A\/C,J5 Kasten 290L,J5 Bus 280P,405 I 15B,BOXER Bus 230P,BOXER Pritsche\/Fahrgestell ZCT_,605 6B,EXPERT 224,405 II 4B,504 A_, M_,309 I 10C, 10A,306 Van N_, 7_,505 551A,405 II Break 4E,405 I Break 15E,305 II 581M,505 Break 551D,604 561A_,504 Break D_, F_,504 Pick-up E_,J7 Kasten,305 II Break 581E,EXPERT Pritsche\/Fahrgestell 223,J9 Bus,305 I 581A,J9 Kasten,205 Kasten,J9 Pritsche\/Fahrgestell,J7 Pritsche\/Fahrgestell,305 I Break 581D; SEAT: IBIZA I 021A,MALAGA 023A,131,132,RONDA 022A,RITMO 138; TOYOTA: LAND CRUISER _J4_; HYUNDAI: LANTRA II Wagon J-2,LANTRA II J-2; 46072001, 4729595, 60596245, 12121286059, 12121288161, 12231288245, 12232240255, 12232241387, 12232241388, 12232241389, 12239061353, 12239061354, T0701130, 596154, 5962008, 596203, 59621R, 59621T, 59621V, 59623H, 59623J, 596258, 5962J4, 5962R8, 5962S8, 5962T1, 5962W8, 5962X1, 91536646, 95493206, 95534788, 96076258, 96141678, 96165724, 9633214380, MKP00065, 0192618, 105977, 1353958, 07029585, 4393814, 4474413, 4714294, 4729585, 4754011, 4774412, 4774413, 4781356, 4849406, 5493206, 5950464, 5951861, 5951861FU2B, 5951879, 5951881, 5951881FU2A, 5951882, 5973752, 5973753, 60812292, 71719015, 71735461, 762266740, 7702960, 7735920, 77359200, 9616472480, 96165724, 9633214380, 98462490, F2VB, F4VB, FU2A, FU4A, 1587444, 6063505, 6154593, 7072673, 785F6M090BA, 785F6M090CB, 786B6M090CA, 78GB6M090CA, 83BB6M090A1A, 83BB6M090A2A, 84BB6M090AA, 84FF6M090B2A, 89FF6M091AA, 910X6M090BA, 94DD6M090AA, V94DX6M090AA, B19N, B20N, B22N, B23R, B29SR, B30SR, B31SR, B32R, B44SR, 004729585, 4841294, 60812292, 773&#8230;<\/p>\n","protected":false},"excerpt":{"rendered":"<p>CHAMPION Hehkutulppa CH189\/102  MERCEDES-BENZ,BMW,OPEL,190 W201,Stufenheck W124,Stufenheck W123,KOMBI Kombi S124,G-CLASS W460,COUPE C123<\/p>\n","protected":false},"featured_media":0,"template":"","meta":{"site-sidebar-layout":"default","site-content-layout":"default","ast-global-header-display":"","ast-main-header-display":"","ast-hfb-above-header-display":"","ast-hfb-below-header-display":"","ast-hfb-mobile-header-display":"","site-post-title":"","ast-breadcrumbs-content":"","ast-featured-img":"","footer-sml-layout":"","theme-transparent-header-meta":"","adv-header-id-meta":"","stick-header-meta":"","header-above-stick-meta":"","header-main-stick-meta":"","header-below-stick-meta":""},"pwb-brand":[536],"product_cat":[52],"product_tag":[],"class_list":{"0":"post-103291","1":"product","2":"type-product","3":"status-publish","5":"pwb-brand-champion","6":"product_cat-hehkutulppa","7":"desktop-align-left","8":"tablet-align-left","9":"mobile-align-left","11":"first","12":"instock","13":"product-type-external"},"brands":[{"id":536,"name":"Champion","slug":"champion"}],"_links":{"self":[{"href":"https:\/\/www.autonvaraosahaku.fi\/index.php?rest_route=\/wp\/v2\/product\/103291","targetHints":{"allow":["GET"]}}],"collection":[{"href":"https:\/\/www.autonvaraosahaku.fi\/index.php?rest_route=\/wp\/v2\/product"}],"about":[{"href":"https:\/\/www.autonvaraosahaku.fi\/index.php?rest_route=\/wp\/v2\/types\/product"}],"wp:attachment":[{"href":"https:\/\/www.autonvaraosahaku.fi\/index.php?rest_route=%2Fwp%2Fv2%2Fmedia&parent=103291"}],"wp:term":[{"taxonomy":"pwb-brand","embeddable":true,"href":"https:\/\/www.autonvaraosahaku.fi\/index.php?rest_route=%2Fwp%2Fv2%2Fpwb-brand&post=103291"},{"taxonomy":"product_cat","embeddable":true,"href":"https:\/\/www.autonvaraosahaku.fi\/index.php?rest_route=%2Fwp%2Fv2%2Fproduct_cat&post=103291"},{"taxonomy":"product_tag","embeddable":true,"href":"https:\/\/www.autonvaraosahaku.fi\/index.php?rest_route=%2Fwp%2Fv2%2Fproduct_tag&post=103291"}],"curies":[{"name":"wp","href":"https:\/\/api.w.org\/{rel}","templated":true}]}}