{"id":103347,"date":"2021-02-21T22:56:27","date_gmt":"2021-02-21T22:56:27","guid":{"rendered":"https:\/\/www.autonvaraosahaku.fi\/?product=champion-bae403c-245-sytytyspuola"},"modified":"2021-02-21T22:56:34","modified_gmt":"2021-02-21T22:56:34","slug":"champion-bae403c-245-sytytyspuola","status":"publish","type":"product","link":"https:\/\/www.autonvaraosahaku.fi\/?product=champion-bae403c-245-sytytyspuola","title":{"rendered":"Champion BAE403C\/245 Sytytyspuola"},"content":{"rendered":"<p>J\u00e4nnite (V): 12; Liittimet: SAE-Kontaktfeder, Spark Spring; Tarvittava kappalem\u00e4\u00e4r\u00e4: 4; Pituus, sis. liittimen [cm]: 16; Napojen m\u00e4\u00e4r\u00e4: 3; Liittimi\u00e4: 1; Pakkaustyyppi: Laatikko; Sytytyspuola: Liit\u00e4nt\u00e4 SAE, Sytytystulppakoskettimella; Pakkauspituus [cm]: 21,4; Pakkausleveys [cm]: 5,8; Pakkauskorkeus [mm]: 5,6; LANCIA: YPSILON 843,MUSA 350; ALFA ROMEO: MITO 955; 46777288, 55246099, A88068, 467772880, 504142675<\/p>\n","protected":false},"excerpt":{"rendered":"<p>CHAMPION Sytytyspuola BAE403C\/245  LANCIA,ALFA ROMEO,YPSILON 843,MUSA 350,MITO 955<\/p>\n","protected":false},"featured_media":0,"template":"","meta":{"site-sidebar-layout":"default","site-content-layout":"default","ast-global-header-display":"","ast-main-header-display":"","ast-hfb-above-header-display":"","ast-hfb-below-header-display":"","ast-hfb-mobile-header-display":"","site-post-title":"","ast-breadcrumbs-content":"","ast-featured-img":"","footer-sml-layout":"","theme-transparent-header-meta":"","adv-header-id-meta":"","stick-header-meta":"","header-above-stick-meta":"","header-main-stick-meta":"","header-below-stick-meta":""},"pwb-brand":[536],"product_cat":[25],"product_tag":[],"class_list":{"0":"post-103347","1":"product","2":"type-product","3":"status-publish","5":"pwb-brand-champion","6":"product_cat-sytytyspuola","7":"desktop-align-left","8":"tablet-align-left","9":"mobile-align-left","11":"first","12":"instock","13":"product-type-external"},"brands":[{"id":536,"name":"Champion","slug":"champion"}],"_links":{"self":[{"href":"https:\/\/www.autonvaraosahaku.fi\/index.php?rest_route=\/wp\/v2\/product\/103347","targetHints":{"allow":["GET"]}}],"collection":[{"href":"https:\/\/www.autonvaraosahaku.fi\/index.php?rest_route=\/wp\/v2\/product"}],"about":[{"href":"https:\/\/www.autonvaraosahaku.fi\/index.php?rest_route=\/wp\/v2\/types\/product"}],"wp:attachment":[{"href":"https:\/\/www.autonvaraosahaku.fi\/index.php?rest_route=%2Fwp%2Fv2%2Fmedia&parent=103347"}],"wp:term":[{"taxonomy":"pwb-brand","embeddable":true,"href":"https:\/\/www.autonvaraosahaku.fi\/index.php?rest_route=%2Fwp%2Fv2%2Fpwb-brand&post=103347"},{"taxonomy":"product_cat","embeddable":true,"href":"https:\/\/www.autonvaraosahaku.fi\/index.php?rest_route=%2Fwp%2Fv2%2Fproduct_cat&post=103347"},{"taxonomy":"product_tag","embeddable":true,"href":"https:\/\/www.autonvaraosahaku.fi\/index.php?rest_route=%2Fwp%2Fv2%2Fproduct_tag&post=103347"}],"curies":[{"name":"wp","href":"https:\/\/api.w.org\/{rel}","templated":true}]}}