{"id":103377,"date":"2021-02-21T22:56:45","date_gmt":"2021-02-21T22:56:45","guid":{"rendered":"https:\/\/www.autonvaraosahaku.fi\/?product=champion-caf100431c-ilmansuodatin"},"modified":"2021-02-21T22:56:48","modified_gmt":"2021-02-21T22:56:48","slug":"champion-caf100431c-ilmansuodatin","status":"publish","type":"product","link":"https:\/\/www.autonvaraosahaku.fi\/?product=champion-caf100431c-ilmansuodatin","title":{"rendered":"Champion CAF100431C Ilmansuodatin"},"content":{"rendered":"<p>Korkeus (mm): 179; Sis\u00e4l\u00e4pimitta [mm]: 100; Ulkol\u00e4pimitta [mm]: 160; Pakkaustyyppi: Laatikko; Suodatintyyppi: Suodatinpanos; Pakkauspituus [cm]: 17,2; Pakkausleveys [cm]: 17,2; Pakkauskorkeus [mm]: 18,4; Valmistusvuosi alkaen: 09\/1985; IVECO: DAILY I Pritsche\/Fahrgestell,DAILY I Kasten\/Kombi; ALFA ROMEO: AR 8 Kasten 280,AR 6 Bus 280,AR 6 Kasten 280,AR 8 Pritsche\/Fahrgestell 280; FIAT: DUCATO Pritsche\/Fahrgestell 230,DUCATO Bus 230,DUCATO Kasten 290,DUCATO Pritsche\/Fahrgestell 290,DUCATO Kasten 230L,DUCATO Kasten 280,DUCATO Pritsche\/Fahrgestell 280,DUCATO Panorama 280,DUCATO Panorama 290,TALENTO Pritsche\/Fahrgestell 290,TALENTO Bus 290,TALENTO Kasten 290,CAMPAGNOLA,ARGENTA 132A; CITRO\u00cbN: C25 Bus 280_, 290_,JUMPER Kasten 230L,JUMPER Bus 230P,C25 Pritsche\/Fahrgestell 280_, 290_,JUMPER Pritsche\/Fahrgestell 230,C25 Kasten 280_, 290_; PEUGEOT: J5 Pritsche\/Fahrgestell 290L,BOXER Kasten 230L,J5 Bus 290P,J5 Kasten 290L,BOXER Bus 230P,BOXER Pritsche\/Fahrgestell ZCT_; TATA (TELCO): LOADBETA; 4389435, 230414<\/p>\n","protected":false},"excerpt":{"rendered":"<p>CHAMPION Ilmansuodatin CAF100431C  IVECO,ALFA ROMEO,FIAT,DAILY I Pritsche\/Fahrgestell,DAILY I Kasten\/Kombi,AR 8 Kasten 280,AR 6 Bus 280<\/p>\n","protected":false},"featured_media":0,"template":"","meta":{"site-sidebar-layout":"default","site-content-layout":"default","ast-global-header-display":"","ast-main-header-display":"","ast-hfb-above-header-display":"","ast-hfb-below-header-display":"","ast-hfb-mobile-header-display":"","site-post-title":"","ast-breadcrumbs-content":"","ast-featured-img":"","footer-sml-layout":"","theme-transparent-header-meta":"","adv-header-id-meta":"","stick-header-meta":"","header-above-stick-meta":"","header-main-stick-meta":"","header-below-stick-meta":""},"pwb-brand":[536],"product_cat":[31],"product_tag":[],"class_list":{"0":"post-103377","1":"product","2":"type-product","3":"status-publish","5":"pwb-brand-champion","6":"product_cat-ilmansuodatin","7":"desktop-align-left","8":"tablet-align-left","9":"mobile-align-left","11":"first","12":"instock","13":"product-type-external"},"brands":[{"id":536,"name":"Champion","slug":"champion"}],"_links":{"self":[{"href":"https:\/\/www.autonvaraosahaku.fi\/index.php?rest_route=\/wp\/v2\/product\/103377","targetHints":{"allow":["GET"]}}],"collection":[{"href":"https:\/\/www.autonvaraosahaku.fi\/index.php?rest_route=\/wp\/v2\/product"}],"about":[{"href":"https:\/\/www.autonvaraosahaku.fi\/index.php?rest_route=\/wp\/v2\/types\/product"}],"wp:attachment":[{"href":"https:\/\/www.autonvaraosahaku.fi\/index.php?rest_route=%2Fwp%2Fv2%2Fmedia&parent=103377"}],"wp:term":[{"taxonomy":"pwb-brand","embeddable":true,"href":"https:\/\/www.autonvaraosahaku.fi\/index.php?rest_route=%2Fwp%2Fv2%2Fpwb-brand&post=103377"},{"taxonomy":"product_cat","embeddable":true,"href":"https:\/\/www.autonvaraosahaku.fi\/index.php?rest_route=%2Fwp%2Fv2%2Fproduct_cat&post=103377"},{"taxonomy":"product_tag","embeddable":true,"href":"https:\/\/www.autonvaraosahaku.fi\/index.php?rest_route=%2Fwp%2Fv2%2Fproduct_tag&post=103377"}],"curies":[{"name":"wp","href":"https:\/\/api.w.org\/{rel}","templated":true}]}}