{"id":103594,"date":"2021-02-21T22:58:21","date_gmt":"2021-02-21T22:58:21","guid":{"rendered":"https:\/\/www.autonvaraosahaku.fi\/?product=champion-cof100104s-oljynsuodatin"},"modified":"2021-02-21T22:58:23","modified_gmt":"2021-02-21T22:58:23","slug":"champion-cof100104s-oljynsuodatin","status":"publish","type":"product","link":"https:\/\/www.autonvaraosahaku.fi\/?product=champion-cof100104s-oljynsuodatin","title":{"rendered":"Champion COF100104S \u00d6ljynsuodatin"},"content":{"rendered":"<p>Korkeus (mm): 87; Kierremitta: 13\/16-16 UNF; Sis\u00e4l\u00e4pimitta [mm]: 70; Ulkol\u00e4pimitta [mm]: 75; Pakkaustyyppi: Laatikko; Suodatintyyppi: Ruuvattava suodatin; Pakkauspituus [cm]: 7,8; Pakkausleveys [cm]: 7,8; Pakkauskorkeus [mm]: 9; TECDOC-moottorinumero: 9358; LAND ROVER: FREELANDER LN,FREELANDER Soft Top,DISCOVERY I LJ, LG; ROVER: 75 RJ,75 Tourer RJ,25 RF,200 RF,45 Stufenheck RT,600 RH,45 RT,400 RT,CABRIOLET XW,400 Hatchback RT,STREETWISE,2000-3500 Hatchback SD1,800 XS,200 Hatchback XW,200 Coupe XW,800 Hatchback XS,400 Tourer XW,100 \/ METRO XP,400 XW,100 Cabriolet XP,MONTEGO Estate XE,COUPE,MONTEGO; MG: MGF RD,MG ZR,MG ZS,MG ZT,MG ZS Hatchback,MAESTRO,EXPRESS Kasten,MONTEGO; LOTUS: ELISE,EXIGE SCC_,ELISE 340 R; AUSTIN: MAESTRO XC,MONTEGO XE,AMBASSADOR,PRINCESS 2; 5007165, 5020120, 8671000496, AHU2880, CDU1268, GFE280, LPW100180, LPW100230<\/p>\n","protected":false},"excerpt":{"rendered":"<p>CHAMPION \u00d6ljynsuodatin COF100104S  LAND ROVER,ROVER,MG,FREELANDER LN,FREELANDER Soft Top,DISCOVERY I LJ, LG,75 RJ,75 Tourer RJ,25 RF,200 RF<\/p>\n","protected":false},"featured_media":0,"template":"","meta":{"site-sidebar-layout":"default","site-content-layout":"default","ast-global-header-display":"","ast-main-header-display":"","ast-hfb-above-header-display":"","ast-hfb-below-header-display":"","ast-hfb-mobile-header-display":"","site-post-title":"","ast-breadcrumbs-content":"","ast-featured-img":"","footer-sml-layout":"","theme-transparent-header-meta":"","adv-header-id-meta":"","stick-header-meta":"","header-above-stick-meta":"","header-main-stick-meta":"","header-below-stick-meta":""},"pwb-brand":[536],"product_cat":[30],"product_tag":[],"class_list":{"0":"post-103594","1":"product","2":"type-product","3":"status-publish","5":"pwb-brand-champion","6":"product_cat-oljynsuodatin","7":"desktop-align-left","8":"tablet-align-left","9":"mobile-align-left","11":"first","12":"instock","13":"product-type-external"},"brands":[{"id":536,"name":"Champion","slug":"champion"}],"_links":{"self":[{"href":"https:\/\/www.autonvaraosahaku.fi\/index.php?rest_route=\/wp\/v2\/product\/103594","targetHints":{"allow":["GET"]}}],"collection":[{"href":"https:\/\/www.autonvaraosahaku.fi\/index.php?rest_route=\/wp\/v2\/product"}],"about":[{"href":"https:\/\/www.autonvaraosahaku.fi\/index.php?rest_route=\/wp\/v2\/types\/product"}],"wp:attachment":[{"href":"https:\/\/www.autonvaraosahaku.fi\/index.php?rest_route=%2Fwp%2Fv2%2Fmedia&parent=103594"}],"wp:term":[{"taxonomy":"pwb-brand","embeddable":true,"href":"https:\/\/www.autonvaraosahaku.fi\/index.php?rest_route=%2Fwp%2Fv2%2Fpwb-brand&post=103594"},{"taxonomy":"product_cat","embeddable":true,"href":"https:\/\/www.autonvaraosahaku.fi\/index.php?rest_route=%2Fwp%2Fv2%2Fproduct_cat&post=103594"},{"taxonomy":"product_tag","embeddable":true,"href":"https:\/\/www.autonvaraosahaku.fi\/index.php?rest_route=%2Fwp%2Fv2%2Fproduct_tag&post=103594"}],"curies":[{"name":"wp","href":"https:\/\/api.w.org\/{rel}","templated":true}]}}