{"id":103905,"date":"2021-02-21T23:00:07","date_gmt":"2021-02-21T23:00:07","guid":{"rendered":"https:\/\/www.autonvaraosahaku.fi\/?product=delphi-lp1727-jarrupalat"},"modified":"2021-02-21T23:00:11","modified_gmt":"2021-02-21T23:00:11","slug":"delphi-lp1727-jarrupalat","status":"publish","type":"product","link":"https:\/\/www.autonvaraosahaku.fi\/?product=delphi-lp1727-jarrupalat","title":{"rendered":"Delphi LP1727 Jarrupalat"},"content":{"rendered":"<p>WVA-numero: 23599; Jarruj\u00e4rjestelm\u00e4: Bosch; Pituus (mm): 137; Pituus 2 (mm): 137; Korkeus (mm): 52; Korkeus 2 (mm): 52; Paksuus 1 [mm]: 18; Paksuus 2 [mm]: 18; M\u00e4\u00e4r\u00e4yksikk\u00f6: Akselisarja; Asennuspuoli: Vorderachse; OPEL: CROSSLAND X; PEUGEOT: 206 Schr\u00e4gheck 2A\/C,206 CC 2D,207 WA_, WC_,307 SW 3H,307 3A\/C,207 SW WK_,206 SW 2E\/K,208,307 Break 3E,1007 KM_,PARTNER Combispace 5F,2008,PARTNER Kasten 5,207 Stufenheck,206 Stufenheck,301,207 Van,PARTNER Pritsche\/Fahrgestell,208 Kasten; CITRO\u00cbN: BERLINGO MF,XSARA PICASSO N68,C2 JM_,C3 I FC_,BERLINGO B9,C4 I LC_,DS3,BERLINGO Kasten M_,C3 Picasso,C3 II,XSARA N1,C4 Coupe LA_,XSARA Break N2,BERLINGO Kasten B9,XSARA Coupe N0,DS3 Cabriolet,C-ELYSEE,C4 CACTUS,XSARA Kasten,C3 III SX,C3 AIRCROSS II,XSARA Kasten\/Schr\u00e4gheck; DS: DS 3,DS 3 Cabriolet; VAUXHALL: CROSSLAND X; 1610489680, 1611140680, 1611293980, 1613192280, 1613193280, 1614005880, 1617282980, 1637014580, 1646186180, 425218, 425221, 425238, 425240, 425259, 425276, 42533, 425330, 425338, 425342, 425382, 425423, 425475, 425486, E172124, E172227, E172558, E172590, 1610489680, 1611293980, 1614005880, 1617282980, 1637014580, 425221, 425238, 425259, 425276, 42533, 425338, 425342, 425382, 425423, 425475, 425486, E172558, E172590, 3649088, 1610489680, 1611140680, 1611293980, 1613192280, 1614005880, 1617282980, 1637014580, 1646186180, 425218, 425221, 425238, 425239, 425240, 425259, 425276, 425330, 425338, 425341, 425423, 425475, 425486, E172124, E172361, E172558, 3649088; Jarrupalasarja,Jarrupala, Levyjarru<\/p>\n","protected":false},"excerpt":{"rendered":"<p>DELPHI Jarrupalat LP1727 Jarrupalasarja,Jarrupala, Levyjarru OPEL,PEUGEOT,CITRO\u00cbN,CROSSLAND X,206 Schr\u00e4gheck 2A\/C,206 CC 2D,207 WA_, WC_,307 SW 3H<\/p>\n","protected":false},"featured_media":0,"template":"","meta":{"site-sidebar-layout":"default","site-content-layout":"default","ast-global-header-display":"","ast-main-header-display":"","ast-hfb-above-header-display":"","ast-hfb-below-header-display":"","ast-hfb-mobile-header-display":"","site-post-title":"","ast-breadcrumbs-content":"","ast-featured-img":"","footer-sml-layout":"","theme-transparent-header-meta":"","adv-header-id-meta":"","stick-header-meta":"","header-above-stick-meta":"","header-main-stick-meta":"","header-below-stick-meta":""},"pwb-brand":[538],"product_cat":[100],"product_tag":[],"class_list":{"0":"post-103905","1":"product","2":"type-product","3":"status-publish","5":"pwb-brand-delphi","6":"product_cat-jarrupalat","7":"desktop-align-left","8":"tablet-align-left","9":"mobile-align-left","11":"first","12":"instock","13":"product-type-external"},"brands":[{"id":538,"name":"Delphi","slug":"delphi"}],"_links":{"self":[{"href":"https:\/\/www.autonvaraosahaku.fi\/index.php?rest_route=\/wp\/v2\/product\/103905","targetHints":{"allow":["GET"]}}],"collection":[{"href":"https:\/\/www.autonvaraosahaku.fi\/index.php?rest_route=\/wp\/v2\/product"}],"about":[{"href":"https:\/\/www.autonvaraosahaku.fi\/index.php?rest_route=\/wp\/v2\/types\/product"}],"wp:attachment":[{"href":"https:\/\/www.autonvaraosahaku.fi\/index.php?rest_route=%2Fwp%2Fv2%2Fmedia&parent=103905"}],"wp:term":[{"taxonomy":"pwb-brand","embeddable":true,"href":"https:\/\/www.autonvaraosahaku.fi\/index.php?rest_route=%2Fwp%2Fv2%2Fpwb-brand&post=103905"},{"taxonomy":"product_cat","embeddable":true,"href":"https:\/\/www.autonvaraosahaku.fi\/index.php?rest_route=%2Fwp%2Fv2%2Fproduct_cat&post=103905"},{"taxonomy":"product_tag","embeddable":true,"href":"https:\/\/www.autonvaraosahaku.fi\/index.php?rest_route=%2Fwp%2Fv2%2Fproduct_tag&post=103905"}],"curies":[{"name":"wp","href":"https:\/\/api.w.org\/{rel}","templated":true}]}}