{"id":103931,"date":"2021-02-21T23:00:20","date_gmt":"2021-02-21T23:00:20","guid":{"rendered":"https:\/\/www.autonvaraosahaku.fi\/?product=delphi-lp696-jarrupalat"},"modified":"2021-02-21T23:00:21","modified_gmt":"2021-02-21T23:00:21","slug":"delphi-lp696-jarrupalat","status":"publish","type":"product","link":"https:\/\/www.autonvaraosahaku.fi\/?product=delphi-lp696-jarrupalat","title":{"rendered":"Delphi LP696 Jarrupalat"},"content":{"rendered":"<p>WVA-numero: 20906; Jarruj\u00e4rjestelm\u00e4: Bendix; Pituus (mm): 105; Pituus 2 (mm): 105; Korkeus (mm): 54; Korkeus 2 (mm): 54; Paksuus 1 [mm]: 18; Paksuus 2 [mm]: 18; M\u00e4\u00e4r\u00e4yksikk\u00f6: Akselisarja; Asennuspuoli: Vorderachse; RENAULT: CLIO I B\/C57_, 5\/357_,CLIO II Kasten SB0\/1\/2_,19 II B\/C53_,19 II Chamade L53_,19 II Kasten S53_; CITRO\u00cbN: SAXO S0, S1,AX ZA-_,ZX N2,ZX Break N2,C15 VD-_,C15 Kombi,SAXO Hatchback van S3_; PEUGEOT: 106 II 1,306 Schr\u00e4gheck 7A, 7C, N3, N5,106 I 1A, 1C,306 Break 7E, N3, N5,306 7B, N3, N5,106 Van 1_,306 Van N_, 7_,306 Kasten\/Schr\u00e4gheck; 425091, 425092, 425120, 425127, 425137, 425147, 425165, 425263, 425264, 95659340, 95659616, 95666970, 95659340, 1611457980, 1617247680, 425091, 425092, 425102, 425120, 425127, 425137, 425141, 425147, 425165, 425263, 425264, 425314, 95659340, 95659616, 95666970, 8671000105, 8671010045, 8671016172; Jarrupalasarja,Jarrupala, Levyjarru<\/p>\n","protected":false},"excerpt":{"rendered":"<p>DELPHI Jarrupalat LP696 Jarrupalasarja,Jarrupala, Levyjarru RENAULT,CITRO\u00cbN,PEUGEOT,CLIO I B\/C57_, 5\/357_,CLIO II Kasten SB0\/1\/2_,19 II B\/C53_<\/p>\n","protected":false},"featured_media":0,"template":"","meta":{"site-sidebar-layout":"default","site-content-layout":"default","ast-global-header-display":"","ast-main-header-display":"","ast-hfb-above-header-display":"","ast-hfb-below-header-display":"","ast-hfb-mobile-header-display":"","site-post-title":"","ast-breadcrumbs-content":"","ast-featured-img":"","footer-sml-layout":"","theme-transparent-header-meta":"","adv-header-id-meta":"","stick-header-meta":"","header-above-stick-meta":"","header-main-stick-meta":"","header-below-stick-meta":""},"pwb-brand":[538],"product_cat":[100],"product_tag":[],"class_list":{"0":"post-103931","1":"product","2":"type-product","3":"status-publish","5":"pwb-brand-delphi","6":"product_cat-jarrupalat","7":"desktop-align-left","8":"tablet-align-left","9":"mobile-align-left","11":"first","12":"instock","13":"product-type-external"},"brands":[{"id":538,"name":"Delphi","slug":"delphi"}],"_links":{"self":[{"href":"https:\/\/www.autonvaraosahaku.fi\/index.php?rest_route=\/wp\/v2\/product\/103931","targetHints":{"allow":["GET"]}}],"collection":[{"href":"https:\/\/www.autonvaraosahaku.fi\/index.php?rest_route=\/wp\/v2\/product"}],"about":[{"href":"https:\/\/www.autonvaraosahaku.fi\/index.php?rest_route=\/wp\/v2\/types\/product"}],"wp:attachment":[{"href":"https:\/\/www.autonvaraosahaku.fi\/index.php?rest_route=%2Fwp%2Fv2%2Fmedia&parent=103931"}],"wp:term":[{"taxonomy":"pwb-brand","embeddable":true,"href":"https:\/\/www.autonvaraosahaku.fi\/index.php?rest_route=%2Fwp%2Fv2%2Fpwb-brand&post=103931"},{"taxonomy":"product_cat","embeddable":true,"href":"https:\/\/www.autonvaraosahaku.fi\/index.php?rest_route=%2Fwp%2Fv2%2Fproduct_cat&post=103931"},{"taxonomy":"product_tag","embeddable":true,"href":"https:\/\/www.autonvaraosahaku.fi\/index.php?rest_route=%2Fwp%2Fv2%2Fproduct_tag&post=103931"}],"curies":[{"name":"wp","href":"https:\/\/api.w.org\/{rel}","templated":true}]}}