{"id":104127,"date":"2021-02-21T23:01:16","date_gmt":"2021-02-21T23:01:16","guid":{"rendered":"https:\/\/www.autonvaraosahaku.fi\/?product=delphi-lp527-jarrupalat"},"modified":"2021-02-21T23:01:20","modified_gmt":"2021-02-21T23:01:20","slug":"delphi-lp527-jarrupalat","status":"publish","type":"product","link":"https:\/\/www.autonvaraosahaku.fi\/?product=delphi-lp527-jarrupalat","title":{"rendered":"Delphi LP527 Jarrupalat"},"content":{"rendered":"<p>WVA-numero: 21142; Jarruj\u00e4rjestelm\u00e4: Sumitomo; Pituus (mm): 110; Pituus 2 (mm): 110; Korkeus (mm): 42; Korkeus 2 (mm): 42; Paksuus 1 [mm]: 15; Paksuus 2 [mm]: 15; M\u00e4\u00e4r\u00e4yksikk\u00f6: Akselisarja; Asennuspuoli: Vorderachse; SUZUKI: JIMNY FJ,SAMURAI SJ,SJ 413,SJ 410 Cabrio,SJ 410,JIMNY Gel\u00e4ndewagen offen SN; SANTANA: SAMURAI; 5511070A00, 5511080010, 5511070A00, 5511080000, 5511080000000, 5511080001, 5511080010, 5511080010000, 5511080020, 5520060810, 5520060810000, 5520060820, 5520060820000, 5520070810, 5520070810000, 5520070811, 5520070812, 5520070812000, 5520081A10, 5520081A30, 5520081A31; Jarrupalasarja,Jarrupala, Levyjarru<\/p>\n","protected":false},"excerpt":{"rendered":"<p>DELPHI Jarrupalat LP527 Jarrupalasarja,Jarrupala, Levyjarru SUZUKI,SANTANA,JIMNY FJ,SAMURAI SJ,SJ 413,SJ 410 Cabrio,SJ 410,JIMNY Gel\u00e4ndewagen offen SN<\/p>\n","protected":false},"featured_media":0,"template":"","meta":{"site-sidebar-layout":"default","site-content-layout":"default","ast-global-header-display":"","ast-main-header-display":"","ast-hfb-above-header-display":"","ast-hfb-below-header-display":"","ast-hfb-mobile-header-display":"","site-post-title":"","ast-breadcrumbs-content":"","ast-featured-img":"","footer-sml-layout":"","theme-transparent-header-meta":"","adv-header-id-meta":"","stick-header-meta":"","header-above-stick-meta":"","header-main-stick-meta":"","header-below-stick-meta":""},"pwb-brand":[538],"product_cat":[100],"product_tag":[],"class_list":{"0":"post-104127","1":"product","2":"type-product","3":"status-publish","5":"pwb-brand-delphi","6":"product_cat-jarrupalat","7":"desktop-align-left","8":"tablet-align-left","9":"mobile-align-left","11":"first","12":"instock","13":"product-type-external"},"brands":[{"id":538,"name":"Delphi","slug":"delphi"}],"_links":{"self":[{"href":"https:\/\/www.autonvaraosahaku.fi\/index.php?rest_route=\/wp\/v2\/product\/104127","targetHints":{"allow":["GET"]}}],"collection":[{"href":"https:\/\/www.autonvaraosahaku.fi\/index.php?rest_route=\/wp\/v2\/product"}],"about":[{"href":"https:\/\/www.autonvaraosahaku.fi\/index.php?rest_route=\/wp\/v2\/types\/product"}],"wp:attachment":[{"href":"https:\/\/www.autonvaraosahaku.fi\/index.php?rest_route=%2Fwp%2Fv2%2Fmedia&parent=104127"}],"wp:term":[{"taxonomy":"pwb-brand","embeddable":true,"href":"https:\/\/www.autonvaraosahaku.fi\/index.php?rest_route=%2Fwp%2Fv2%2Fpwb-brand&post=104127"},{"taxonomy":"product_cat","embeddable":true,"href":"https:\/\/www.autonvaraosahaku.fi\/index.php?rest_route=%2Fwp%2Fv2%2Fproduct_cat&post=104127"},{"taxonomy":"product_tag","embeddable":true,"href":"https:\/\/www.autonvaraosahaku.fi\/index.php?rest_route=%2Fwp%2Fv2%2Fproduct_tag&post=104127"}],"curies":[{"name":"wp","href":"https:\/\/api.w.org\/{rel}","templated":true}]}}