{"id":104155,"date":"2021-02-21T23:01:29","date_gmt":"2021-02-21T23:01:29","guid":{"rendered":"https:\/\/www.autonvaraosahaku.fi\/?product=delphi-lx0327-jarrusatula-korjaussarja"},"modified":"2021-02-21T23:01:30","modified_gmt":"2021-02-21T23:01:30","slug":"delphi-lx0327-jarrusatula-korjaussarja","status":"publish","type":"product","link":"https:\/\/www.autonvaraosahaku.fi\/?product=delphi-lx0327-jarrusatula-korjaussarja","title":{"rendered":"Delphi LX0327 Jarrusatula korjaussarja"},"content":{"rendered":"<p>M\u00e4\u00e4r\u00e4: 5; VW: GOLF IV 1J1,PASSAT Variant 3C5,LUPO 6X1, 6E1,PASSAT 3C2,POLO 6R, 6C,GOLF IV Variant 1J5,CADDY III Kombi 2KB, 2KJ, 2CB, 2CJ,JETTA III 1K2,POLO Van 6R; AUDI: A3 8P1,A4 8D2, B5,A4 Avant 8E5, B6,A4 Avant 8D5, B5,A4 8E2, B6,Q5 8R,A6 4F2, C6,A6 4B2, C5,A6 Avant 4G5, C7, 4GD,A4 8EC, B7,A8 4E_,A6 4G2, C7, 4GC,A7 Sportback 4GA, 4GF; SKODA: RAPID Spaceback NH1,RAPID NH3; BMW: 2 Active Tourer F45,2 Gran Tourer F46; SEAT: LEON 1M1; NISSAN: PRIMASTAR Bus X83,PRIMASTAR Kasten X83; HONDA: CIVIC VIII Hatchback FN, FK,ACCORD VII CL,ACCORD VII Tourer CM,CIVIC VIII Stufenheck FD, FA,SHUTTLE RA,ACCORD VII CM,ODYSSEY RB_,ACCORD VI Aerodeck CF,ODYSSEY RA_; LAND ROVER: FREELANDER 2 FA_,RANGE ROVER EVOQUE LV,DISCOVERY III TAA; HYUNDAI: SANTA F\u00c9 I SM,SANTA F\u00c9 II CM; VOLVO: V40 Kombi VW,XC70 II,S80 II AS<\/p>\n","protected":false},"excerpt":{"rendered":"<p>DELPHI Tarvikesrj., Jarrusatula LX0327  VW,AUDI,SKODA,GOLF IV 1J1,PASSAT Variant 3C5,LUPO 6X1, 6E1,PASSAT 3C2,POLO 6R, 6C,GOLF IV Variant 1J5<\/p>\n","protected":false},"featured_media":0,"template":"","meta":{"site-sidebar-layout":"default","site-content-layout":"default","ast-global-header-display":"","ast-main-header-display":"","ast-hfb-above-header-display":"","ast-hfb-below-header-display":"","ast-hfb-mobile-header-display":"","site-post-title":"","ast-breadcrumbs-content":"","ast-featured-img":"","footer-sml-layout":"","theme-transparent-header-meta":"","adv-header-id-meta":"","stick-header-meta":"","header-above-stick-meta":"","header-main-stick-meta":"","header-below-stick-meta":""},"pwb-brand":[538],"product_cat":[57],"product_tag":[],"class_list":{"0":"post-104155","1":"product","2":"type-product","3":"status-publish","5":"pwb-brand-delphi","6":"product_cat-jarrusatula-korjaussarja","7":"desktop-align-left","8":"tablet-align-left","9":"mobile-align-left","11":"first","12":"instock","13":"product-type-external"},"brands":[{"id":538,"name":"Delphi","slug":"delphi"}],"_links":{"self":[{"href":"https:\/\/www.autonvaraosahaku.fi\/index.php?rest_route=\/wp\/v2\/product\/104155","targetHints":{"allow":["GET"]}}],"collection":[{"href":"https:\/\/www.autonvaraosahaku.fi\/index.php?rest_route=\/wp\/v2\/product"}],"about":[{"href":"https:\/\/www.autonvaraosahaku.fi\/index.php?rest_route=\/wp\/v2\/types\/product"}],"wp:attachment":[{"href":"https:\/\/www.autonvaraosahaku.fi\/index.php?rest_route=%2Fwp%2Fv2%2Fmedia&parent=104155"}],"wp:term":[{"taxonomy":"pwb-brand","embeddable":true,"href":"https:\/\/www.autonvaraosahaku.fi\/index.php?rest_route=%2Fwp%2Fv2%2Fpwb-brand&post=104155"},{"taxonomy":"product_cat","embeddable":true,"href":"https:\/\/www.autonvaraosahaku.fi\/index.php?rest_route=%2Fwp%2Fv2%2Fproduct_cat&post=104155"},{"taxonomy":"product_tag","embeddable":true,"href":"https:\/\/www.autonvaraosahaku.fi\/index.php?rest_route=%2Fwp%2Fv2%2Fproduct_tag&post=104155"}],"curies":[{"name":"wp","href":"https:\/\/api.w.org\/{rel}","templated":true}]}}