{"id":104176,"date":"2021-02-21T23:01:35","date_gmt":"2021-02-21T23:01:35","guid":{"rendered":"https:\/\/www.autonvaraosahaku.fi\/?product=delphi-ta770-raidetangon-paa"},"modified":"2021-02-21T23:01:37","modified_gmt":"2021-02-21T23:01:37","slug":"delphi-ta770-raidetangon-paa","status":"publish","type":"product","link":"https:\/\/www.autonvaraosahaku.fi\/?product=delphi-ta770-raidetangon-paa","title":{"rendered":"Delphi TA770 Raidetangon p\u00e4\u00e4"},"content":{"rendered":"<p>Pituus (mm): 92; Leveys (mm): 38; Korkeus (mm): 68; Kierremalli: sis\u00e4kierteell\u00e4, Oikealla kierteell\u00e4, Oikealla kierteell\u00e4; Asennuspuoli: links; VW: PASSAT Variant 3A5, 35I,GOLF I Cabriolet 155,TRANSPORTER III Bus,PASSAT 3A2, 35I,SCIROCCO 53B,GOLF I 17,CADDY I 14,TRANSPORTER III Kasten,TRANSPORTER III Pritsche\/Fahrgestell,SCIROCCO 53,JETTA I 16; BMW: 3 E21; VOLVO: 340-360 343, 345,340-360 Stufenheck 344; PORSCHE: 944,924,944 Cabriolet; 32111115239, 32111116463, 94434733300, 3211955, 3265974, 171419811, 171419811A, 171419812, 251419811, 3A0422811A<\/p>\n","protected":false},"excerpt":{"rendered":"<p>DELPHI Raidetangon P\u00e4\u00e4 TA770  VW,BMW,VOLVO,PASSAT Variant 3A5, 35I,GOLF I Cabriolet 155,TRANSPORTER III Bus,PASSAT 3A2, 35I,SCIROCCO 53B,GOLF I 17<\/p>\n","protected":false},"featured_media":0,"template":"","meta":{"site-sidebar-layout":"default","site-content-layout":"default","ast-global-header-display":"","ast-main-header-display":"","ast-hfb-above-header-display":"","ast-hfb-below-header-display":"","ast-hfb-mobile-header-display":"","site-post-title":"","ast-breadcrumbs-content":"","ast-featured-img":"","footer-sml-layout":"","theme-transparent-header-meta":"","adv-header-id-meta":"","stick-header-meta":"","header-above-stick-meta":"","header-main-stick-meta":"","header-below-stick-meta":""},"pwb-brand":[538],"product_cat":[96],"product_tag":[],"class_list":{"0":"post-104176","1":"product","2":"type-product","3":"status-publish","5":"pwb-brand-delphi","6":"product_cat-raidetangon-paa","7":"desktop-align-left","8":"tablet-align-left","9":"mobile-align-left","11":"first","12":"instock","13":"product-type-external"},"brands":[{"id":538,"name":"Delphi","slug":"delphi"}],"_links":{"self":[{"href":"https:\/\/www.autonvaraosahaku.fi\/index.php?rest_route=\/wp\/v2\/product\/104176","targetHints":{"allow":["GET"]}}],"collection":[{"href":"https:\/\/www.autonvaraosahaku.fi\/index.php?rest_route=\/wp\/v2\/product"}],"about":[{"href":"https:\/\/www.autonvaraosahaku.fi\/index.php?rest_route=\/wp\/v2\/types\/product"}],"wp:attachment":[{"href":"https:\/\/www.autonvaraosahaku.fi\/index.php?rest_route=%2Fwp%2Fv2%2Fmedia&parent=104176"}],"wp:term":[{"taxonomy":"pwb-brand","embeddable":true,"href":"https:\/\/www.autonvaraosahaku.fi\/index.php?rest_route=%2Fwp%2Fv2%2Fpwb-brand&post=104176"},{"taxonomy":"product_cat","embeddable":true,"href":"https:\/\/www.autonvaraosahaku.fi\/index.php?rest_route=%2Fwp%2Fv2%2Fproduct_cat&post=104176"},{"taxonomy":"product_tag","embeddable":true,"href":"https:\/\/www.autonvaraosahaku.fi\/index.php?rest_route=%2Fwp%2Fv2%2Fproduct_tag&post=104176"}],"curies":[{"name":"wp","href":"https:\/\/api.w.org\/{rel}","templated":true}]}}