{"id":104428,"date":"2021-02-21T23:02:49","date_gmt":"2021-02-21T23:02:49","guid":{"rendered":"https:\/\/www.autonvaraosahaku.fi\/?product=delphi-td285w-tukivarren-hela"},"modified":"2021-02-21T23:02:54","modified_gmt":"2021-02-21T23:02:54","slug":"delphi-td285w-tukivarren-hela","status":"publish","type":"product","link":"https:\/\/www.autonvaraosahaku.fi\/?product=delphi-td285w-tukivarren-hela","title":{"rendered":"Delphi TD285W Tukivarren hela"},"content":{"rendered":"<p>Sis\u00e4l\u00e4pimitta 1 [mm]: 12; Ulkol\u00e4pimitta 1 [mm]: 66; Paksuus 1 [mm]: 50; Asennuspuoli: Vorderachse; FORD: FIESTA IV JA_, JB_,PUMA EC_,FIESTA Kasten J5_, J3_; MAZDA: 121 III JASM, JBSM; 1004011, 1014654, 1063372, 1836215, 96FB3A262AA, 96FB3A262AD, 98FB3A262AA, 1014654, 1063226, 1063248, 1063372, 1071690, 1071702, 1E0034153, 1E0134153A<\/p>\n","protected":false},"excerpt":{"rendered":"<p>DELPHI Tukivarren Hela TD285W  FORD,MAZDA,FIESTA IV JA_, JB_,PUMA EC_,FIESTA Kasten J5_, J3_,121 III JASM, JBSM<\/p>\n","protected":false},"featured_media":0,"template":"","meta":{"site-sidebar-layout":"default","site-content-layout":"default","ast-global-header-display":"","ast-main-header-display":"","ast-hfb-above-header-display":"","ast-hfb-below-header-display":"","ast-hfb-mobile-header-display":"","site-post-title":"","ast-breadcrumbs-content":"","ast-featured-img":"","footer-sml-layout":"","theme-transparent-header-meta":"","adv-header-id-meta":"","stick-header-meta":"","header-above-stick-meta":"","header-main-stick-meta":"","header-below-stick-meta":""},"pwb-brand":[538],"product_cat":[115],"product_tag":[],"class_list":{"0":"post-104428","1":"product","2":"type-product","3":"status-publish","5":"pwb-brand-delphi","6":"product_cat-tukivarren-hela","7":"desktop-align-left","8":"tablet-align-left","9":"mobile-align-left","11":"first","12":"instock","13":"product-type-external"},"brands":[{"id":538,"name":"Delphi","slug":"delphi"}],"_links":{"self":[{"href":"https:\/\/www.autonvaraosahaku.fi\/index.php?rest_route=\/wp\/v2\/product\/104428","targetHints":{"allow":["GET"]}}],"collection":[{"href":"https:\/\/www.autonvaraosahaku.fi\/index.php?rest_route=\/wp\/v2\/product"}],"about":[{"href":"https:\/\/www.autonvaraosahaku.fi\/index.php?rest_route=\/wp\/v2\/types\/product"}],"wp:attachment":[{"href":"https:\/\/www.autonvaraosahaku.fi\/index.php?rest_route=%2Fwp%2Fv2%2Fmedia&parent=104428"}],"wp:term":[{"taxonomy":"pwb-brand","embeddable":true,"href":"https:\/\/www.autonvaraosahaku.fi\/index.php?rest_route=%2Fwp%2Fv2%2Fpwb-brand&post=104428"},{"taxonomy":"product_cat","embeddable":true,"href":"https:\/\/www.autonvaraosahaku.fi\/index.php?rest_route=%2Fwp%2Fv2%2Fproduct_cat&post=104428"},{"taxonomy":"product_tag","embeddable":true,"href":"https:\/\/www.autonvaraosahaku.fi\/index.php?rest_route=%2Fwp%2Fv2%2Fproduct_tag&post=104428"}],"curies":[{"name":"wp","href":"https:\/\/api.w.org\/{rel}","templated":true}]}}