{"id":104495,"date":"2021-02-21T23:03:14","date_gmt":"2021-02-21T23:03:14","guid":{"rendered":"https:\/\/www.autonvaraosahaku.fi\/?product=eps-1-993-163-anturit-sensorit"},"modified":"2021-02-21T23:03:15","modified_gmt":"2021-02-21T23:03:15","slug":"eps-1-993-163-anturit-sensorit","status":"publish","type":"product","link":"https:\/\/www.autonvaraosahaku.fi\/?product=eps-1-993-163-anturit-sensorit","title":{"rendered":"EPS 1.993.163 Anturit (sensorit)"},"content":{"rendered":"<p>Paine alkaen [kPA]: 10; Paine korkeintaan [kPa]: 270,3; L\u00e4ht\u00f6j\u00e4nnite alkaen [V]: 0,956; L\u00e4ht\u00f6j\u00e4nnite, asti [V]: 4,75; lis\u00e4tieto: Made in Italy &#8211; OE Equivalent; Moottorinumero: 2KD-FTV; MAZDA: 6 Station Wagon GY,6 Hatchback GG,6 GG,MPV II LW; SUBARU: FORESTER SH,IMPREZA Schr\u00e4gheck GR, GH, G3,LEGACY V Station Wagon BM, BR,IMPREZA Stufenheck GR,LEGACY V BM, BR; TOYOTA: YARIS SCP9_, NSP9_, KSP9_, NCP9_, ZSP9_,AVENSIS Kombi T25,COROLLA Verso ZER_, ZZE12_, R1_,AURIS NRE15_, ZZE15_, ADE15_, ZRE15_, NDE15_,RAV 4 II CLA2_, XA2_, ZCA2_, ACA2_,COROLLA ZZE12_, NDE12_, ZDE12_,AVENSIS T25_,COROLLA Kombi _E12J_, _E12T_,AVENSIS Stufenheck T25,AVENSIS _T22_,COROLLA Liftback _E11_,COROLLA Compact _E11_,AVENSIS Station Wagon _T22_,COROLLA Verso ZDE12_, CDE12_,PREVIA MCR3_, ACR3_, CLR3_,LAND CRUISER KDJ12_, GRJ12_,HILUX III Pick-up TGN1_, GGN2_, GGN1_, KUN2_, KUN1_,COROLLA Stufenheck _E12J_, _E12T_,AVENSIS Liftback _T22_,LAND CRUISER 90 _J9_,AVENSIS VERSO _CLM2_, _ACM2_,COROLLA _E11_,COROLLA Wagon __E11_,HILUX VI Pick-up _N1_,HIACE IV Bus LH1_,HIACE IV Kasten LXH1_, RZH1_, LH1_,COROLLA Stufenheck E15_,HIACE IV Kasten TRH2_, KDH2_,HIACE \/ COMMUTER IV TRH2_, KDH2_,DYNA Pritsche\/Fahrgestell KD_, LY_, TRY2_, KDY2_, XZU4_, XZ; RF5C18211, 13627801387, 22012AA160, 22012AA210, 22012AA220, 8942012210, 8942012220, 8942120210, 8942171020<\/p>\n","protected":false},"excerpt":{"rendered":"<p>EPS Paineilma-Anturi, Korkeus 1.993.163  MAZDA,SUBARU,TOYOTA,6 Station Wagon GY,6 Hatchback GG,6 GG,MPV II LW,FORESTER SH<\/p>\n","protected":false},"featured_media":0,"template":"","meta":{"site-sidebar-layout":"default","site-content-layout":"default","ast-global-header-display":"","ast-main-header-display":"","ast-hfb-above-header-display":"","ast-hfb-below-header-display":"","ast-hfb-mobile-header-display":"","site-post-title":"","ast-breadcrumbs-content":"","ast-featured-img":"","footer-sml-layout":"","theme-transparent-header-meta":"","adv-header-id-meta":"","stick-header-meta":"","header-above-stick-meta":"","header-main-stick-meta":"","header-below-stick-meta":""},"pwb-brand":[540],"product_cat":[98],"product_tag":[],"class_list":{"0":"post-104495","1":"product","2":"type-product","3":"status-publish","5":"pwb-brand-eps","6":"product_cat-anturit-sensorit","7":"desktop-align-left","8":"tablet-align-left","9":"mobile-align-left","11":"first","12":"instock","13":"product-type-external"},"brands":[{"id":540,"name":"EPS","slug":"eps"}],"_links":{"self":[{"href":"https:\/\/www.autonvaraosahaku.fi\/index.php?rest_route=\/wp\/v2\/product\/104495","targetHints":{"allow":["GET"]}}],"collection":[{"href":"https:\/\/www.autonvaraosahaku.fi\/index.php?rest_route=\/wp\/v2\/product"}],"about":[{"href":"https:\/\/www.autonvaraosahaku.fi\/index.php?rest_route=\/wp\/v2\/types\/product"}],"wp:attachment":[{"href":"https:\/\/www.autonvaraosahaku.fi\/index.php?rest_route=%2Fwp%2Fv2%2Fmedia&parent=104495"}],"wp:term":[{"taxonomy":"pwb-brand","embeddable":true,"href":"https:\/\/www.autonvaraosahaku.fi\/index.php?rest_route=%2Fwp%2Fv2%2Fpwb-brand&post=104495"},{"taxonomy":"product_cat","embeddable":true,"href":"https:\/\/www.autonvaraosahaku.fi\/index.php?rest_route=%2Fwp%2Fv2%2Fproduct_cat&post=104495"},{"taxonomy":"product_tag","embeddable":true,"href":"https:\/\/www.autonvaraosahaku.fi\/index.php?rest_route=%2Fwp%2Fv2%2Fproduct_tag&post=104495"}],"curies":[{"name":"wp","href":"https:\/\/api.w.org\/{rel}","templated":true}]}}