{"id":10451,"date":"2021-02-21T14:08:49","date_gmt":"2021-02-21T14:08:49","guid":{"rendered":"https:\/\/www.autonvaraosahaku.fi\/?product=master-sport-3823m-pcs-ms-kallistuksenvakaajan-puslat"},"modified":"2021-02-21T14:08:51","modified_gmt":"2021-02-21T14:08:51","slug":"master-sport-3823m-pcs-ms-kallistuksenvakaajan-puslat","status":"publish","type":"product","link":"https:\/\/www.autonvaraosahaku.fi\/?product=master-sport-3823m-pcs-ms-kallistuksenvakaajan-puslat","title":{"rendered":"MASTER-SPORT 3823M-PCS-MS Kallistuksenvakaajan puslat"},"content":{"rendered":"<p>Asennuspuoli: etuakseli molemminpuoleinen; Pituus (mm): 43,5; Leveys (mm): 42,0; Paksuus [mm]: 43,0; Paino [kg]: 0,05; Materiaali: Kumi; Sis\u00e4l\u00e4pimitta [mm]: 22,0; Nettopaino [kg]: 0,05; Bruttopaino [kg]: 0,1; Kallistuksenvakaajan l\u00e4pimitta [mm]: 24; OPEL: VECTRA C Caravan,SIGNUM,VECTRA C,VECTRA C GTS; FIAT: CROMA 194; SAAB: 9-3 YS3F,9-3 Kombi YS3F,9-3 Cabriolet YS3F; VAUXHALL: VECTRA Mk II C CC,VECTRA Mk II C Estate,VECTRA Mk II C,SIGNUM; 71740109, 71746346, 0350146, 0350148, 0350159, 24428002, 350146, 350148, 350159, 13131231, 24428002, 24460832, 13131231, 24428002, 24460832; Kallistuksenvakaajan Kumit,Vakaajan Hela<\/p>\n","protected":false},"excerpt":{"rendered":"<p>MASTER-SPORT Kallistuksenvakaajan Puslat 3823M-PCS-MS Kallistuksenvakaajan Kumit,Vakaajan Hela OPEL,FIAT,SAAB,VECTRA C Caravan,SIGNUM,VECTRA C<\/p>\n","protected":false},"featured_media":0,"template":"","meta":{"site-sidebar-layout":"default","site-content-layout":"default","ast-global-header-display":"","ast-main-header-display":"","ast-hfb-above-header-display":"","ast-hfb-below-header-display":"","ast-hfb-mobile-header-display":"","site-post-title":"","ast-breadcrumbs-content":"","ast-featured-img":"","footer-sml-layout":"","theme-transparent-header-meta":"","adv-header-id-meta":"","stick-header-meta":"","header-above-stick-meta":"","header-main-stick-meta":"","header-below-stick-meta":""},"pwb-brand":[61],"product_cat":[82],"product_tag":[],"class_list":{"0":"post-10451","1":"product","2":"type-product","3":"status-publish","5":"pwb-brand-master-sport","6":"product_cat-kallistuksenvakaajan-puslat","7":"desktop-align-left","8":"tablet-align-left","9":"mobile-align-left","11":"first","12":"instock","13":"product-type-external"},"brands":[{"id":61,"name":"MASTER-SPORT","slug":"master-sport"}],"_links":{"self":[{"href":"https:\/\/www.autonvaraosahaku.fi\/index.php?rest_route=\/wp\/v2\/product\/10451","targetHints":{"allow":["GET"]}}],"collection":[{"href":"https:\/\/www.autonvaraosahaku.fi\/index.php?rest_route=\/wp\/v2\/product"}],"about":[{"href":"https:\/\/www.autonvaraosahaku.fi\/index.php?rest_route=\/wp\/v2\/types\/product"}],"wp:attachment":[{"href":"https:\/\/www.autonvaraosahaku.fi\/index.php?rest_route=%2Fwp%2Fv2%2Fmedia&parent=10451"}],"wp:term":[{"taxonomy":"pwb-brand","embeddable":true,"href":"https:\/\/www.autonvaraosahaku.fi\/index.php?rest_route=%2Fwp%2Fv2%2Fpwb-brand&post=10451"},{"taxonomy":"product_cat","embeddable":true,"href":"https:\/\/www.autonvaraosahaku.fi\/index.php?rest_route=%2Fwp%2Fv2%2Fproduct_cat&post=10451"},{"taxonomy":"product_tag","embeddable":true,"href":"https:\/\/www.autonvaraosahaku.fi\/index.php?rest_route=%2Fwp%2Fv2%2Fproduct_tag&post=10451"}],"curies":[{"name":"wp","href":"https:\/\/api.w.org\/{rel}","templated":true}]}}