{"id":104654,"date":"2021-02-21T23:04:03","date_gmt":"2021-02-21T23:04:03","guid":{"rendered":"https:\/\/www.autonvaraosahaku.fi\/?product=gsp-824061-vetonivel"},"modified":"2021-02-21T23:04:05","modified_gmt":"2021-02-21T23:04:05","slug":"gsp-824061-vetonivel","status":"publish","type":"product","link":"https:\/\/www.autonvaraosahaku.fi\/?product=gsp-824061-vetonivel","title":{"rendered":"GSP 824061 Vetonivel"},"content":{"rendered":"<p>Erittely: Middle groove; Hammasluku, ABS-keh\u00e4: 44; Tiivisteen l\u00e4pimitta [mm]: 50; Sis\u00e4hammastus, py\u00f6r\u00e4npuoli: 23; Ulkohammastus, py\u00f6r\u00e4npuoli: 25; Kierremitta: M22x1,5; Pituus (mm): 158; Asennuspuoli: Py\u00f6r\u00e4n paikka 1, Vorderachse; HYUNDAI: MATRIX FC,COUPE GK,ELANTRA XD,ELANTRA Stufenheck XD; 4950017100, 4950017150, 495002D001, 495002D112, 495002D502, 495002D510, 495002D511, 495002D512, 495002D513, 4950117100, 4950117150, 495012D500, 495012D501, 495012D502, 495012D512, 495002D502, 495012D500; Nivelsarja, Vetoakseli<\/p>\n","protected":false},"excerpt":{"rendered":"<p>GSP Vetonivel 824061 Nivelsarja, Vetoakseli HYUNDAI,MATRIX FC,COUPE GK,ELANTRA XD,ELANTRA Stufenheck XD<\/p>\n","protected":false},"featured_media":0,"template":"","meta":{"site-sidebar-layout":"default","site-content-layout":"default","ast-global-header-display":"","ast-main-header-display":"","ast-hfb-above-header-display":"","ast-hfb-below-header-display":"","ast-hfb-mobile-header-display":"","site-post-title":"","ast-breadcrumbs-content":"","ast-featured-img":"","footer-sml-layout":"","theme-transparent-header-meta":"","adv-header-id-meta":"","stick-header-meta":"","header-above-stick-meta":"","header-main-stick-meta":"","header-below-stick-meta":""},"pwb-brand":[543],"product_cat":[175],"product_tag":[],"class_list":{"0":"post-104654","1":"product","2":"type-product","3":"status-publish","5":"pwb-brand-gsp","6":"product_cat-vetonivel","7":"desktop-align-left","8":"tablet-align-left","9":"mobile-align-left","11":"first","12":"instock","13":"product-type-external"},"brands":[{"id":543,"name":"GSP","slug":"gsp"}],"_links":{"self":[{"href":"https:\/\/www.autonvaraosahaku.fi\/index.php?rest_route=\/wp\/v2\/product\/104654","targetHints":{"allow":["GET"]}}],"collection":[{"href":"https:\/\/www.autonvaraosahaku.fi\/index.php?rest_route=\/wp\/v2\/product"}],"about":[{"href":"https:\/\/www.autonvaraosahaku.fi\/index.php?rest_route=\/wp\/v2\/types\/product"}],"wp:attachment":[{"href":"https:\/\/www.autonvaraosahaku.fi\/index.php?rest_route=%2Fwp%2Fv2%2Fmedia&parent=104654"}],"wp:term":[{"taxonomy":"pwb-brand","embeddable":true,"href":"https:\/\/www.autonvaraosahaku.fi\/index.php?rest_route=%2Fwp%2Fv2%2Fpwb-brand&post=104654"},{"taxonomy":"product_cat","embeddable":true,"href":"https:\/\/www.autonvaraosahaku.fi\/index.php?rest_route=%2Fwp%2Fv2%2Fproduct_cat&post=104654"},{"taxonomy":"product_tag","embeddable":true,"href":"https:\/\/www.autonvaraosahaku.fi\/index.php?rest_route=%2Fwp%2Fv2%2Fproduct_tag&post=104654"}],"curies":[{"name":"wp","href":"https:\/\/api.w.org\/{rel}","templated":true}]}}