{"id":104656,"date":"2021-02-21T23:04:03","date_gmt":"2021-02-21T23:04:03","guid":{"rendered":"https:\/\/www.autonvaraosahaku.fi\/?product=gsp-261123-vetoakseli"},"modified":"2021-02-21T23:04:05","modified_gmt":"2021-02-21T23:04:05","slug":"gsp-261123-vetoakseli","status":"publish","type":"product","link":"https:\/\/www.autonvaraosahaku.fi\/?product=gsp-261123-vetoakseli","title":{"rendered":"GSP 261123 Vetoakseli"},"content":{"rendered":"<p>L\u00e4pimitta 2 [mm]: 108; Tiivisteen l\u00e4pimitta [mm]: 53; Ulkohammastus, py\u00f6r\u00e4npuoli: 36; Pituus (mm): 520; Asennuspuoli: Py\u00f6r\u00e4n paikka 1, Vorderachse links; VW: GOLF IV 1J1,GOLF IV Variant 1J5,NEW BEETLE 9C1, 1C1,BORA Kombi 1J6,GOLF IV Van 1J1; AUDI: A3 8L1,TT 8N3,TT Roadster 8N9; SKODA: OCTAVIA Combi 1U5,OCTAVIA 1U2; SEAT: LEON 1M1,TOLEDO II 1M2; 1J0407271AA, 1J0407271EP, 1J0407271ES, 1J0407271GC, 8L0407451X, 1J0407271EF, 1J0407271AA, 1J0407271EP, 1J0407271ES, 1J0407271GC, 1J0407451GX, 1J0407451PV, 8L0407451X, 1J0407451GX, 8L0407451X, 1J0407271AA, 1J0407271CG, 1J0407271EF, 1J0407271EP, 1J0407271ES, 1J0407271FD, 1J0407271GC, 1J0407271LM, 1J0407271LN, 1J0407451GX, 1J0407451HX, 1J0407451P, 1J0407451PX, 8L0407451X<\/p>\n","protected":false},"excerpt":{"rendered":"<p>GSP Vetoakseli 261123  VW,AUDI,SKODA,GOLF IV 1J1,GOLF IV Variant 1J5,NEW BEETLE 9C1, 1C1,BORA Kombi 1J6,GOLF IV Van 1J1,A3 8L1,TT 8N3,TT Roadster 8N9<\/p>\n","protected":false},"featured_media":0,"template":"","meta":{"site-sidebar-layout":"default","site-content-layout":"default","ast-global-header-display":"","ast-main-header-display":"","ast-hfb-above-header-display":"","ast-hfb-below-header-display":"","ast-hfb-mobile-header-display":"","site-post-title":"","ast-breadcrumbs-content":"","ast-featured-img":"","footer-sml-layout":"","theme-transparent-header-meta":"","adv-header-id-meta":"","stick-header-meta":"","header-above-stick-meta":"","header-main-stick-meta":"","header-below-stick-meta":""},"pwb-brand":[543],"product_cat":[215],"product_tag":[],"class_list":{"0":"post-104656","1":"product","2":"type-product","3":"status-publish","5":"pwb-brand-gsp","6":"product_cat-vetoakseli","7":"desktop-align-left","8":"tablet-align-left","9":"mobile-align-left","11":"first","12":"instock","13":"product-type-external"},"brands":[{"id":543,"name":"GSP","slug":"gsp"}],"_links":{"self":[{"href":"https:\/\/www.autonvaraosahaku.fi\/index.php?rest_route=\/wp\/v2\/product\/104656","targetHints":{"allow":["GET"]}}],"collection":[{"href":"https:\/\/www.autonvaraosahaku.fi\/index.php?rest_route=\/wp\/v2\/product"}],"about":[{"href":"https:\/\/www.autonvaraosahaku.fi\/index.php?rest_route=\/wp\/v2\/types\/product"}],"wp:attachment":[{"href":"https:\/\/www.autonvaraosahaku.fi\/index.php?rest_route=%2Fwp%2Fv2%2Fmedia&parent=104656"}],"wp:term":[{"taxonomy":"pwb-brand","embeddable":true,"href":"https:\/\/www.autonvaraosahaku.fi\/index.php?rest_route=%2Fwp%2Fv2%2Fpwb-brand&post=104656"},{"taxonomy":"product_cat","embeddable":true,"href":"https:\/\/www.autonvaraosahaku.fi\/index.php?rest_route=%2Fwp%2Fv2%2Fproduct_cat&post=104656"},{"taxonomy":"product_tag","embeddable":true,"href":"https:\/\/www.autonvaraosahaku.fi\/index.php?rest_route=%2Fwp%2Fv2%2Fproduct_tag&post=104656"}],"curies":[{"name":"wp","href":"https:\/\/api.w.org\/{rel}","templated":true}]}}