{"id":105008,"date":"2021-02-21T23:05:49","date_gmt":"2021-02-21T23:05:49","guid":{"rendered":"https:\/\/www.autonvaraosahaku.fi\/?product=moog-ja-sb-13289-kallistuksenvakaajan-puslat"},"modified":"2021-02-21T23:05:54","modified_gmt":"2021-02-21T23:05:54","slug":"moog-ja-sb-13289-kallistuksenvakaajan-puslat","status":"publish","type":"product","link":"https:\/\/www.autonvaraosahaku.fi\/?product=moog-ja-sb-13289-kallistuksenvakaajan-puslat","title":{"rendered":"Moog JA-SB-13289 Kallistuksenvakaajan puslat"},"content":{"rendered":"<p>Asennuspuoli: Taka-akseli, molemminpuolinen; Korkeus (mm): 40,5; Sis\u00e4l\u00e4pimitta [mm]: 18,2; Pakkaustyyppi: Pussi; Kallistuksenvakaajan l\u00e4pimitta [mm]: 40,5; Pakkauspituus [cm]: 10; Pakkausleveys [cm]: 5; Pakkauskorkeus [mm]: 4,5; JAGUAR: X-TYPE CF1,X-TYPE Estate; C2S10234, C2S51264, C2S10234, C2S10879, C2S51258, C2S51264<\/p>\n","protected":false},"excerpt":{"rendered":"<p>MOOG Laakerin Holkki, Vakaaja JA-SB-13289  JAGUAR,X-TYPE CF1,X-TYPE Estate<\/p>\n","protected":false},"featured_media":0,"template":"","meta":{"site-sidebar-layout":"default","site-content-layout":"default","ast-global-header-display":"","ast-main-header-display":"","ast-hfb-above-header-display":"","ast-hfb-below-header-display":"","ast-hfb-mobile-header-display":"","site-post-title":"","ast-breadcrumbs-content":"","ast-featured-img":"","footer-sml-layout":"","theme-transparent-header-meta":"","adv-header-id-meta":"","stick-header-meta":"","header-above-stick-meta":"","header-main-stick-meta":"","header-below-stick-meta":""},"pwb-brand":[548],"product_cat":[82],"product_tag":[],"class_list":{"0":"post-105008","1":"product","2":"type-product","3":"status-publish","5":"pwb-brand-moog","6":"product_cat-kallistuksenvakaajan-puslat","7":"desktop-align-left","8":"tablet-align-left","9":"mobile-align-left","11":"first","12":"instock","13":"product-type-external"},"brands":[{"id":548,"name":"Moog","slug":"moog"}],"_links":{"self":[{"href":"https:\/\/www.autonvaraosahaku.fi\/index.php?rest_route=\/wp\/v2\/product\/105008","targetHints":{"allow":["GET"]}}],"collection":[{"href":"https:\/\/www.autonvaraosahaku.fi\/index.php?rest_route=\/wp\/v2\/product"}],"about":[{"href":"https:\/\/www.autonvaraosahaku.fi\/index.php?rest_route=\/wp\/v2\/types\/product"}],"wp:attachment":[{"href":"https:\/\/www.autonvaraosahaku.fi\/index.php?rest_route=%2Fwp%2Fv2%2Fmedia&parent=105008"}],"wp:term":[{"taxonomy":"pwb-brand","embeddable":true,"href":"https:\/\/www.autonvaraosahaku.fi\/index.php?rest_route=%2Fwp%2Fv2%2Fpwb-brand&post=105008"},{"taxonomy":"product_cat","embeddable":true,"href":"https:\/\/www.autonvaraosahaku.fi\/index.php?rest_route=%2Fwp%2Fv2%2Fproduct_cat&post=105008"},{"taxonomy":"product_tag","embeddable":true,"href":"https:\/\/www.autonvaraosahaku.fi\/index.php?rest_route=%2Fwp%2Fv2%2Fproduct_tag&post=105008"}],"curies":[{"name":"wp","href":"https:\/\/api.w.org\/{rel}","templated":true}]}}