{"id":10525,"date":"2021-02-21T14:09:04","date_gmt":"2021-02-21T14:09:04","guid":{"rendered":"https:\/\/www.autonvaraosahaku.fi\/?product=meyle-100-614-0001-abs-keha"},"modified":"2021-02-21T14:09:05","modified_gmt":"2021-02-21T14:09:05","slug":"meyle-100-614-0001-abs-keha","status":"publish","type":"product","link":"https:\/\/www.autonvaraosahaku.fi\/?product=meyle-100-614-0001-abs-keha","title":{"rendered":"MEYLE 100 614 0001 ABS keh\u00e4"},"content":{"rendered":"<p>Asennuspuoli: Taka-akseli, molemminpuolinen; Paksuus [mm]: 6; Sis\u00e4l\u00e4pimitta [mm]: 66,9; Ulkol\u00e4pimitta [mm]: 106; Hammasluku, ABS-keh\u00e4: 44; lis\u00e4tieto: ORIGINAL Quality; Alustanumerosta: 89-J-373 599; AUDI: A4 8D2, B5,A4 Avant 8D5, B5,80 89, 89Q, 8A, B3,CABRIOLET 8G7, B4,100 4A, C4,A6 Avant 4A, C4,A6 4A, C4,COUPE 89, 8B,100 Avant 4A, C4,90 89, 89Q, 8A, B3,200 44, 44Q; 443614149A, 8D0614149; ABS Hammaskeh\u00e4,ABS Rengas,Anturirengas, ABS<\/p>\n","protected":false},"excerpt":{"rendered":"<p>MEYLE ABS Keh\u00e4 100 614 0001 ABS Hammaskeh\u00e4,ABS Rengas AUDI,A4 8D2, B5,A4 Avant 8D5, B5,80 89, 89Q, 8A, B3,CABRIOLET 8G7, B4,100 4A, C4,A6 Avant 4A, C4<\/p>\n","protected":false},"featured_media":0,"template":"","meta":{"site-sidebar-layout":"default","site-content-layout":"default","ast-global-header-display":"","ast-main-header-display":"","ast-hfb-above-header-display":"","ast-hfb-below-header-display":"","ast-hfb-mobile-header-display":"","site-post-title":"","ast-breadcrumbs-content":"","ast-featured-img":"","footer-sml-layout":"","theme-transparent-header-meta":"","adv-header-id-meta":"","stick-header-meta":"","header-above-stick-meta":"","header-main-stick-meta":"","header-below-stick-meta":""},"pwb-brand":[84],"product_cat":[273],"product_tag":[],"class_list":{"0":"post-10525","1":"product","2":"type-product","3":"status-publish","5":"pwb-brand-meyle","6":"product_cat-abs-keha","7":"desktop-align-left","8":"tablet-align-left","9":"mobile-align-left","11":"first","12":"instock","13":"product-type-external"},"brands":[{"id":84,"name":"MEYLE","slug":"meyle"}],"_links":{"self":[{"href":"https:\/\/www.autonvaraosahaku.fi\/index.php?rest_route=\/wp\/v2\/product\/10525","targetHints":{"allow":["GET"]}}],"collection":[{"href":"https:\/\/www.autonvaraosahaku.fi\/index.php?rest_route=\/wp\/v2\/product"}],"about":[{"href":"https:\/\/www.autonvaraosahaku.fi\/index.php?rest_route=\/wp\/v2\/types\/product"}],"wp:attachment":[{"href":"https:\/\/www.autonvaraosahaku.fi\/index.php?rest_route=%2Fwp%2Fv2%2Fmedia&parent=10525"}],"wp:term":[{"taxonomy":"pwb-brand","embeddable":true,"href":"https:\/\/www.autonvaraosahaku.fi\/index.php?rest_route=%2Fwp%2Fv2%2Fpwb-brand&post=10525"},{"taxonomy":"product_cat","embeddable":true,"href":"https:\/\/www.autonvaraosahaku.fi\/index.php?rest_route=%2Fwp%2Fv2%2Fproduct_cat&post=10525"},{"taxonomy":"product_tag","embeddable":true,"href":"https:\/\/www.autonvaraosahaku.fi\/index.php?rest_route=%2Fwp%2Fv2%2Fproduct_tag&post=10525"}],"curies":[{"name":"wp","href":"https:\/\/api.w.org\/{rel}","templated":true}]}}