{"id":106027,"date":"2021-02-21T23:11:06","date_gmt":"2021-02-21T23:11:06","guid":{"rendered":"https:\/\/www.autonvaraosahaku.fi\/?product=liqui-moly-3840-moottorioljy"},"modified":"2021-02-21T23:11:11","modified_gmt":"2021-02-21T23:11:11","slug":"liqui-moly-3840-moottorioljy","status":"publish","type":"product","link":"https:\/\/www.autonvaraosahaku.fi\/?product=liqui-moly-3840-moottorioljy","title":{"rendered":"Liqui Moly 3840 Moottori\u00f6ljy"},"content":{"rendered":"<p>Pakkaustyyppi: Kanisteri; Tilavuus (litra): 1; Erittely: ACEA C5, API SN; Viskositeettiluokka SAE: 5W-20; Valmistajan hyv\u00e4ksym\u00e4: Ford WSS-M2C948-B, STJLR.03.5004; \u00d6ljy: Synteettinen \u00f6ljy; Tuotelinja: Special Tec; Versio: F ECO; API-m\u00e4\u00e4rittely: ilman sis\u00e4\u00e4nrakennettua \u00f6ljyl\u00e4mp\u00f6tilan sensoria; ACEA-m\u00e4\u00e4rittely: C5; MAZDA: 5 CR19,CX-5 KE, GH,6 Kombi GH,2 DE,3 BL,5 CW,3 BM,MX-5 III NC,6 Schr\u00e4gheck GH,6 GH,3 Stufenheck BL,3 Stufenheck BM,CX-9 TB; CHEVROLET: SPARK M300; NISSAN: MICRA IV K13,ALTIMA; KIA: SPORTAGE SL,CEE&#8217;D SW ED,CEE&#8217;D Schr\u00e4gheck ED,SORENTO II XM,RIO III UB,CARNIVAL \/ GRAND CARNIVAL III VQ,PICANTO TA,PRO CEE&#8217;D ED,SOUL AM,OPIRUS GH,OPTIMA,RIO III Stufenheck UB,CERATO II Stufenheck TD,SORENTO III,SOUL II PS,CERATO YD Stufenheck,CERATO KOUP TD,CADENZA; LEXUS: IS II GSE2_, ALE2_, USE2_,RX MHU3_, GSU3_, MCU3_,GS GRS19_, UZS19_, GWS19_,RX GYL1_, GGL15, AGL10,IS III GSE3_, AVE3_,LS UVF4_, USF4_,GS GRL1_, GWL1_,LX URJ201,ES AVV6_, GSV6_, ASV6_,GX URJ15_,RX _L2_,RC GSC1_, USC1_; FORD USA: MUSTANG Coupe,MUSTANG Convertible; HONDA: ODYSSEY RB_,ELEMENT,ACCORD VII CP,PILOT YF3 YF4,ACCORD Coupe CM; LAND ROVER: RANGE ROVER SPORT LS,RANGE ROVER III LM,DISCOVERY III TAA,DISCOVERY IV LA,RANGE ROVER SPORT LW,RANGE ROVER IV LG; SSANGYONG: KORANDO,TIVOLI; HYUNDAI: ix35 LM, EL, ELH,i10 PA,i40 CW VF,SANTA F\u00c9 II CM,i30 GD,ix20 JC,i30 CW GD,i30 Coupe,GENESIS Coupe,i40 VF,ACCENT III Stufenheck MC,GRAND SANTA F\u00c9,TUCSON,i10 IA,ELANTRA Stufenheck MD, UD,ELANTRA Stufenheck HD,SONATA VI YF,GENESIS BH,ACCENT IV Stufenheck RB,i10 Stufenheck<\/p>\n","protected":false},"excerpt":{"rendered":"<p>LIQUI MOLY Moottori\u00f6ljy 3840<\/p>\n","protected":false},"featured_media":0,"template":"","meta":{"site-sidebar-layout":"default","site-content-layout":"default","ast-global-header-display":"","ast-main-header-display":"","ast-hfb-above-header-display":"","ast-hfb-below-header-display":"","ast-hfb-mobile-header-display":"","site-post-title":"","ast-breadcrumbs-content":"","ast-featured-img":"","footer-sml-layout":"","theme-transparent-header-meta":"","adv-header-id-meta":"","stick-header-meta":"","header-above-stick-meta":"","header-main-stick-meta":"","header-below-stick-meta":""},"pwb-brand":[561],"product_cat":[129],"product_tag":[],"class_list":{"0":"post-106027","1":"product","2":"type-product","3":"status-publish","5":"pwb-brand-liqui-moly","6":"product_cat-moottorioljy","7":"desktop-align-left","8":"tablet-align-left","9":"mobile-align-left","11":"first","12":"instock","13":"product-type-external"},"brands":[{"id":561,"name":"Liqui Moly","slug":"liqui-moly"}],"_links":{"self":[{"href":"https:\/\/www.autonvaraosahaku.fi\/index.php?rest_route=\/wp\/v2\/product\/106027","targetHints":{"allow":["GET"]}}],"collection":[{"href":"https:\/\/www.autonvaraosahaku.fi\/index.php?rest_route=\/wp\/v2\/product"}],"about":[{"href":"https:\/\/www.autonvaraosahaku.fi\/index.php?rest_route=\/wp\/v2\/types\/product"}],"wp:attachment":[{"href":"https:\/\/www.autonvaraosahaku.fi\/index.php?rest_route=%2Fwp%2Fv2%2Fmedia&parent=106027"}],"wp:term":[{"taxonomy":"pwb-brand","embeddable":true,"href":"https:\/\/www.autonvaraosahaku.fi\/index.php?rest_route=%2Fwp%2Fv2%2Fpwb-brand&post=106027"},{"taxonomy":"product_cat","embeddable":true,"href":"https:\/\/www.autonvaraosahaku.fi\/index.php?rest_route=%2Fwp%2Fv2%2Fproduct_cat&post=106027"},{"taxonomy":"product_tag","embeddable":true,"href":"https:\/\/www.autonvaraosahaku.fi\/index.php?rest_route=%2Fwp%2Fv2%2Fproduct_tag&post=106027"}],"curies":[{"name":"wp","href":"https:\/\/api.w.org\/{rel}","templated":true}]}}