{"id":106068,"date":"2021-02-21T23:11:19","date_gmt":"2021-02-21T23:11:19","guid":{"rendered":"https:\/\/www.autonvaraosahaku.fi\/?product=ina-553-0105-10-jakoketju"},"modified":"2021-02-21T23:11:24","modified_gmt":"2021-02-21T23:11:24","slug":"ina-553-0105-10-jakoketju","status":"publish","type":"product","link":"https:\/\/www.autonvaraosahaku.fi\/?product=ina-553-0105-10-jakoketju","title":{"rendered":"INA 553 0105 10 Jakoketju"},"content":{"rendered":"<p>Ketjurakenne: Yksinkertainen; Ketjulenkkej\u00e4: 44; Tarvittava kappalem\u00e4\u00e4r\u00e4: 1; VW: GOLF III 1H1,GOLF II 19E, 1G1,PASSAT Variant 3A5, 35I,PASSAT 3A2, 35I,CORRADO 53I,SCIROCCO 53B,JETTA II 19E, 1G2, 165,JETTA I 16; AUDI: 80 8C, B4,80 89, 89Q, 8A, B3,CABRIOLET 8G7, B4,100 4A, C4,A8 4D2, 4D8,80 Avant 8C, B4,A6 Avant 4A, C4,A6 4A, C4,COUPE 89, 8B,100 Avant 4A, C4,90 89, 89Q, 8A, B3,V8 44_, 4C_; BMW: 5 E34,7 E32,6 E24; SEAT: IBIZA II 6K1,CORDOBA 6K1, 6K2,TOLEDO I 1L; VOLVO: 240 Kombi P245,240 P242, P244,760 704, 764,960 Kombi 965,760 Kombi 704, 765,260 P262, P264,260 Coupe P262,260 Kombi P265,780; CITRO\u00cbN: BERLINGO MF,C2 JM_,C3 I FC_,C4 I LC_,SAXO S0, S1,BERLINGO Kasten M_,XSARA N1,C4 Coupe LA_,C3 Pluriel HB_,XSARA Break N2,XM Y4,XSARA Coupe N0,XM Y3,XM Break Y4,XM Break Y3; PEUGEOT: 206 Schr\u00e4gheck 2A\/C,207 WA_, WC_,307 SW 3H,307 3A\/C,206 SW 2E\/K,106 II 1,307 Break 3E,1007 KM_,PARTNER Combispace 5F,PARTNER Kasten 5,605 6B; RENAULT: ESPACE III JE0_,LAGUNA I B56_, 556_,LAGUNA I Grandtour K56_,ESPACE II J\/S63_,SAFRANE II B54_,SAFRANE I B54_,25 B29_; 077109120, 11411707163, 11417577655, 1707163, 102812, 103314, 96398404, 7910245548, 11411707163, 11417577655, 1707163, 102812, 103314, 96398404, 7910245548, 077109120, 077109120, 245548, 24554804, 077109120; Nokkaketju<\/p>\n","protected":false},"excerpt":{"rendered":"<p>INA Jakoketju 553 0105 10 Nokkaketju VW,AUDI,BMW,GOLF III 1H1,GOLF II 19E, 1G1,PASSAT Variant 3A5, 35I,PASSAT 3A2, 35I,CORRADO 53I,SCIROCCO 53B<\/p>\n","protected":false},"featured_media":0,"template":"","meta":{"site-sidebar-layout":"default","site-content-layout":"default","ast-global-header-display":"","ast-main-header-display":"","ast-hfb-above-header-display":"","ast-hfb-below-header-display":"","ast-hfb-mobile-header-display":"","site-post-title":"","ast-breadcrumbs-content":"","ast-featured-img":"","footer-sml-layout":"","theme-transparent-header-meta":"","adv-header-id-meta":"","stick-header-meta":"","header-above-stick-meta":"","header-main-stick-meta":"","header-below-stick-meta":""},"pwb-brand":[564],"product_cat":[60],"product_tag":[],"class_list":{"0":"post-106068","1":"product","2":"type-product","3":"status-publish","5":"pwb-brand-ina","6":"product_cat-jakoketju","7":"desktop-align-left","8":"tablet-align-left","9":"mobile-align-left","11":"first","12":"instock","13":"product-type-external"},"brands":[{"id":564,"name":"INA","slug":"ina"}],"_links":{"self":[{"href":"https:\/\/www.autonvaraosahaku.fi\/index.php?rest_route=\/wp\/v2\/product\/106068","targetHints":{"allow":["GET"]}}],"collection":[{"href":"https:\/\/www.autonvaraosahaku.fi\/index.php?rest_route=\/wp\/v2\/product"}],"about":[{"href":"https:\/\/www.autonvaraosahaku.fi\/index.php?rest_route=\/wp\/v2\/types\/product"}],"wp:attachment":[{"href":"https:\/\/www.autonvaraosahaku.fi\/index.php?rest_route=%2Fwp%2Fv2%2Fmedia&parent=106068"}],"wp:term":[{"taxonomy":"pwb-brand","embeddable":true,"href":"https:\/\/www.autonvaraosahaku.fi\/index.php?rest_route=%2Fwp%2Fv2%2Fpwb-brand&post=106068"},{"taxonomy":"product_cat","embeddable":true,"href":"https:\/\/www.autonvaraosahaku.fi\/index.php?rest_route=%2Fwp%2Fv2%2Fproduct_cat&post=106068"},{"taxonomy":"product_tag","embeddable":true,"href":"https:\/\/www.autonvaraosahaku.fi\/index.php?rest_route=%2Fwp%2Fv2%2Fproduct_tag&post=106068"}],"curies":[{"name":"wp","href":"https:\/\/api.w.org\/{rel}","templated":true}]}}