{"id":106077,"date":"2021-02-21T23:11:26","date_gmt":"2021-02-21T23:11:26","guid":{"rendered":"https:\/\/www.autonvaraosahaku.fi\/?product=ina-529-0240-10-moniurahihna"},"modified":"2021-02-21T23:11:28","modified_gmt":"2021-02-21T23:11:28","slug":"ina-529-0240-10-moniurahihna","status":"publish","type":"product","link":"https:\/\/www.autonvaraosahaku.fi\/?product=ina-529-0240-10-moniurahihna","title":{"rendered":"INA 529 0240 10 Moniurahihna"},"content":{"rendered":"<p>Pituus 1 (mm): 1555; kiiloja: 6; Hihnapy\u00f6r\u00e4t: V\u00e4lihihnapy\u00f6r\u00e4ll\u00e4; Korvaava tuote\/korvaava tiedote 2: Tarkasta laturin liikkuvuus ja vaihda tarvittaessa.; Huomioi huolto-ohjeet: ; Apulaitteet: angetr. Agg.: Generator; VW: TRANSPORTER V Bus 7HB, 7HJ, 7EB, 7EJ, 7EF,MULTIVAN V 7HM, 7HN, 7HF, 7EF, 7EM, 7EN,TRANSPORTER V Kasten 7HA, 7HH, 7EA, 7EH,AMAROK 2H_, S1B,TRANSPORTER V Pritsche\/Fahrgestell 7JD, 7JE, 7JL, 7JY, 7JZ,,MULTIVAN VI SGF, SGM, SGN,TRANSPORTER VI Bus SGB, SGG, SGJ,TRANSPORTER VI Kasten SGA, SGH,AMAROK Pritsche\/Fahrgestell S1B,TRANSPORTER VI Pritsche\/Fahrgestell SFD, SFE, SFL, SFZ; 038903315AD, 038903315AG, 038903315AH, 038903315AJ, 038903315AM, 038903315AN, 038903315T, 03G903016E, 03G903016F, 03G903016G, 03G903016L, 03G903023F, 03G903023G, 03H903023E, 03H903023L, 03H903023M, 03H903023Q, 03L903016A, 03L903017, 03L903017B, 03L903017E, 03L903023C, 03L903023J, 03L903023K, 03L903023L, 03L903023M, 03L903023N, 03L903023P, 03L903023Q, 03L903024C, 03L903024D, 03L903024E, 03L903024G, 03L903024H, 03L903024L, 03L903024N, 03L903024R, 03L903024S, 03L903024T, 03L903137AC, 03L903137H, 03L903137L, 044903137G, 045903023D, 045903023H, 045903119, 045903119A, 04B903023A, 04L903016, 04L903017, 04L903017A, 04L903017B, 04L903017C, 04L903017D, 04L903017E, 04L903017X, 04L903021A, 04L903023A, 04L903023N, 04L903023T, 04L903024, 04L903024A, 04L903024S, 04L903027, 04L903027A, 06F903023L, 06F903023M, 06F903023N, 06F903023P, 06F903023R, 06J903119A, 3R0903023, 038903315AD, 038903315AG, 038903315AH, 038903315AJ, 038903315AM, 038903315AN, 038903315T, 03G903016E, 03G903016F, 03G903016G, 03G90301&#8230;<\/p>\n","protected":false},"excerpt":{"rendered":"<p>INA Moniurahihnasarja 529 0240 10  VW,TRANSPORTER V Bus 7HB, 7HJ, 7EB, 7EJ, 7EF,MULTIVAN V 7HM, 7HN, 7HF, 7EF, 7EM, 7EN<\/p>\n","protected":false},"featured_media":0,"template":"","meta":{"site-sidebar-layout":"default","site-content-layout":"default","ast-global-header-display":"","ast-main-header-display":"","ast-hfb-above-header-display":"","ast-hfb-below-header-display":"","ast-hfb-mobile-header-display":"","site-post-title":"","ast-breadcrumbs-content":"","ast-featured-img":"","footer-sml-layout":"","theme-transparent-header-meta":"","adv-header-id-meta":"","stick-header-meta":"","header-above-stick-meta":"","header-main-stick-meta":"","header-below-stick-meta":""},"pwb-brand":[564],"product_cat":[23],"product_tag":[],"class_list":{"0":"post-106077","1":"product","2":"type-product","3":"status-publish","5":"pwb-brand-ina","6":"product_cat-moniurahihna","7":"desktop-align-left","8":"tablet-align-left","9":"mobile-align-left","11":"first","12":"instock","13":"product-type-external"},"brands":[{"id":564,"name":"INA","slug":"ina"}],"_links":{"self":[{"href":"https:\/\/www.autonvaraosahaku.fi\/index.php?rest_route=\/wp\/v2\/product\/106077","targetHints":{"allow":["GET"]}}],"collection":[{"href":"https:\/\/www.autonvaraosahaku.fi\/index.php?rest_route=\/wp\/v2\/product"}],"about":[{"href":"https:\/\/www.autonvaraosahaku.fi\/index.php?rest_route=\/wp\/v2\/types\/product"}],"wp:attachment":[{"href":"https:\/\/www.autonvaraosahaku.fi\/index.php?rest_route=%2Fwp%2Fv2%2Fmedia&parent=106077"}],"wp:term":[{"taxonomy":"pwb-brand","embeddable":true,"href":"https:\/\/www.autonvaraosahaku.fi\/index.php?rest_route=%2Fwp%2Fv2%2Fpwb-brand&post=106077"},{"taxonomy":"product_cat","embeddable":true,"href":"https:\/\/www.autonvaraosahaku.fi\/index.php?rest_route=%2Fwp%2Fv2%2Fproduct_cat&post=106077"},{"taxonomy":"product_tag","embeddable":true,"href":"https:\/\/www.autonvaraosahaku.fi\/index.php?rest_route=%2Fwp%2Fv2%2Fproduct_tag&post=106077"}],"curies":[{"name":"wp","href":"https:\/\/api.w.org\/{rel}","templated":true}]}}