{"id":106093,"date":"2021-02-21T23:11:32","date_gmt":"2021-02-21T23:11:32","guid":{"rendered":"https:\/\/www.autonvaraosahaku.fi\/?product=ina-529-0043-20-moniurahihna"},"modified":"2021-02-21T23:11:33","modified_gmt":"2021-02-21T23:11:33","slug":"ina-529-0043-20-moniurahihna","status":"publish","type":"product","link":"https:\/\/www.autonvaraosahaku.fi\/?product=ina-529-0043-20-moniurahihna","title":{"rendered":"INA 529 0043 20 Moniurahihna"},"content":{"rendered":"<p>Pituus 1 (mm): 1990; kiiloja: 6; Hihnapy\u00f6r\u00e4t: V\u00e4lihihnapy\u00f6r\u00e4ll\u00e4; Huomioi huolto-ohjeet: ; Varusteet: f\u00fcr Fahrzeuge mit Klimaanlage; BMW: 3 Touring E91,3 E90,5 E60,1 E87,5 Touring E61,X3 E83,X1 E84,1 E81,X5 E70,3 Coupe E92,Z4 E85,3 Cabriolet E93,7 E65, E66, E67,1 Cabriolet E88,1 Coupe E82,Z4 E89,6 E63,Z4 Coupe E86,6 Cabriolet E64; 11287527564, 11287530314, 11287535860, 11287549150, 11287628650, 11288624196, 12314466273, 12314487081, 12317516101, 12317516103, 12317516723, 12317520495, 12317521176, 12317521177, 12317521384, 12317521490, 12317521491, 12317522959, 12317532965, 12317532966, 12317532969, 12317533270, 12317542529, 12317543083, 12317550967, 12317550968, 12317551254, 12317551256, 12317552353, 12317555926, 12317560483, 1237532966, 1237533270, 4466273, 4487081, 7516101, 7516103, 7516723, 7520495, 7521176, 7521177, 7521384, 7521490, 7521491, 7522959, 7530314, 7532965, 7532966, 7532969, 7533270, 7535860, 7542529, 7543083, 7550967, 7550968, 7551254, 7551256, 7552353, 7555926, 7560483, 8624196, 11287527564, 11287530314, 11287535860, 11287549150, 11287628650, 11288624196, 12314466273, 12314487081, 12317516101, 12317516103, 12317516723, 12317520495, 12317521176, 12317521177, 12317521384, 12317521490, 12317521491, 12317522959, 12317532965, 12317532966, 12317532969, 12317533270, 12317542529, 12317543083, 1231755&#8230;<\/p>\n","protected":false},"excerpt":{"rendered":"<p>INA Moniurahihnasarja 529 0043 20  BMW,3 Touring E91,3 E90,5 E60,1 E87,5 Touring E61,X3 E83,X1 E84,1 E81,X5 E70,3 Coupe E92,Z4 E85,3 Cabriolet E93<\/p>\n","protected":false},"featured_media":0,"template":"","meta":{"site-sidebar-layout":"default","site-content-layout":"default","ast-global-header-display":"","ast-main-header-display":"","ast-hfb-above-header-display":"","ast-hfb-below-header-display":"","ast-hfb-mobile-header-display":"","site-post-title":"","ast-breadcrumbs-content":"","ast-featured-img":"","footer-sml-layout":"","theme-transparent-header-meta":"","adv-header-id-meta":"","stick-header-meta":"","header-above-stick-meta":"","header-main-stick-meta":"","header-below-stick-meta":""},"pwb-brand":[564],"product_cat":[23],"product_tag":[],"class_list":{"0":"post-106093","1":"product","2":"type-product","3":"status-publish","5":"pwb-brand-ina","6":"product_cat-moniurahihna","7":"desktop-align-left","8":"tablet-align-left","9":"mobile-align-left","11":"first","12":"instock","13":"product-type-external"},"brands":[{"id":564,"name":"INA","slug":"ina"}],"_links":{"self":[{"href":"https:\/\/www.autonvaraosahaku.fi\/index.php?rest_route=\/wp\/v2\/product\/106093","targetHints":{"allow":["GET"]}}],"collection":[{"href":"https:\/\/www.autonvaraosahaku.fi\/index.php?rest_route=\/wp\/v2\/product"}],"about":[{"href":"https:\/\/www.autonvaraosahaku.fi\/index.php?rest_route=\/wp\/v2\/types\/product"}],"wp:attachment":[{"href":"https:\/\/www.autonvaraosahaku.fi\/index.php?rest_route=%2Fwp%2Fv2%2Fmedia&parent=106093"}],"wp:term":[{"taxonomy":"pwb-brand","embeddable":true,"href":"https:\/\/www.autonvaraosahaku.fi\/index.php?rest_route=%2Fwp%2Fv2%2Fpwb-brand&post=106093"},{"taxonomy":"product_cat","embeddable":true,"href":"https:\/\/www.autonvaraosahaku.fi\/index.php?rest_route=%2Fwp%2Fv2%2Fproduct_cat&post=106093"},{"taxonomy":"product_tag","embeddable":true,"href":"https:\/\/www.autonvaraosahaku.fi\/index.php?rest_route=%2Fwp%2Fv2%2Fproduct_tag&post=106093"}],"curies":[{"name":"wp","href":"https:\/\/api.w.org\/{rel}","templated":true}]}}