{"id":106215,"date":"2021-02-21T23:12:08","date_gmt":"2021-02-21T23:12:08","guid":{"rendered":"https:\/\/www.autonvaraosahaku.fi\/?product=ina-535-0203-10-laturin-vapaakytkin"},"modified":"2021-02-21T23:12:10","modified_gmt":"2021-02-21T23:12:10","slug":"ina-535-0203-10-laturin-vapaakytkin","status":"publish","type":"product","link":"https:\/\/www.autonvaraosahaku.fi\/?product=ina-535-0203-10-laturin-vapaakytkin","title":{"rendered":"INA 535 0203 10 Laturin vapaakytkin"},"content":{"rendered":"<p>Rihloja (kpl): 6; Ensimm\u00e4isen uran v\u00e4li [mm]: 9,8; valmistenumerolle: F-563248.XX, F-239807.XX, F-570802.XX; Korvaava tuote\/korvaava tiedote 2: Erikoisty\u00f6kalu tarpeen asennuksessa; Huomioi huolto-ohjeet: ; Vaihteistomalli: Automatikgetriebe; CHEVROLET: AVEO Schr\u00e4gheck T300,TRAX,AVEO Stufenheck T300,MALIBU V300,MALIBU; OPEL: CORSA D,ASTRA J Sports Tourer,INSIGNIA Caravan,ASTRA J,MERIVA B,ZAFIRA TOURER C P12,MOKKA,ADAM,INSIGNIA,INSIGNIA Stufenheck,ASTRA GTC J,ASTRA J Stufenheck,CORSA D Van,CASCADA W13; BMW: 3 Touring E91,3 E90,5 E60,1 E87,5 Touring E61,X3 E83,5 Touring F11,5 F10, F18,X1 E84,1 E81,1 F20,X3 F25,3 Coupe E92,3 Touring F31,3 F30, F35, F80,3 Cabriolet E93,1 F21,1 Cabriolet E88,1 Coupe E82,5 Gran Turismo F07,3 Gran Turismo F34,4 Coupe F32, F82,X5 F15, F85,2 Coupe F22,4 Cabriolet F33, F83,4 Gran Coupe F36; SAAB: 9-5 YS3G; VAUXHALL: CORSA Mk III D L_8,INSIGNIA Mk I A,ADAM,INSIGNIA Mk I A Estate,ZAFIRA Mk III P12,ASTRA Mk VI J CC,ASTRA Mk VI J,INSIGNIA Mk I A Sedan,CORSAVAN Mk III D,MERIVA Mk II B,ASTRA Mk VI J Sedan,ASTRA Mk VI J Estate,MOKKA; 12317802261, 12317802619, 12317805432, 12317808073, 12317823343, 12317823344, 12317823345, 12317823347, 12318507623, 12318507624, 12318507625, 12318509022, 12318509023, 12318509024, 12318578608, 12318578609, 12318579419, 12318579420, 7802261, 7802619, 7805432, 7808073, 7823343, 7823344, 7823345, 7823347, 8507623, 8507624, 8507625, 8509022, 8509023, 8509024, 8578608, 8578609, 8579419, 8579420, 13258483, 13588289, 13597226, 12317802261, 12317802619, 12317805432, 12317808073, 12317823343, 12317823344, 12317823345, 12317823347, 12318507623, 12318507624, 12318507625, 12318509022, 12318509023, 12318509024, 12318578608, 12318578609, 12318579419, 12318579420, 7802261, 7802619, 7805432, 7808073, 7823343, 7823344, 7823345, 7823347, 8507623, 8507624, 8507625, 8509022, 8509023, 8509024, 8578608, 8578609, 8579419, 8579420, 1202119, 1202187, 1202188, 1202189, 1202191, 1202215, 1202219, 1202309, 1202310, 1202317, 1202318, 1202342, 1204177, 1204437, 1204621, 1204622, 1204623, 1204642, 13597226, 1350&#8230;; Laturin Hihnapy\u00f6r\u00e4,Vapaakytkin<\/p>\n","protected":false},"excerpt":{"rendered":"<p>INA Laturin Vapaakytkin 535 0203 10 Laturin Hihnapy\u00f6r\u00e4,Vapaakytkin CHEVROLET,OPEL,BMW,AVEO Schr\u00e4gheck T300,TRAX,AVEO Stufenheck T300,MALIBU V300<\/p>\n","protected":false},"featured_media":0,"template":"","meta":{"site-sidebar-layout":"default","site-content-layout":"default","ast-global-header-display":"","ast-main-header-display":"","ast-hfb-above-header-display":"","ast-hfb-below-header-display":"","ast-hfb-mobile-header-display":"","site-post-title":"","ast-breadcrumbs-content":"","ast-featured-img":"","footer-sml-layout":"","theme-transparent-header-meta":"","adv-header-id-meta":"","stick-header-meta":"","header-above-stick-meta":"","header-main-stick-meta":"","header-below-stick-meta":""},"pwb-brand":[564],"product_cat":[443],"product_tag":[],"class_list":{"0":"post-106215","1":"product","2":"type-product","3":"status-publish","5":"pwb-brand-ina","6":"product_cat-laturin-vapaakytkin","7":"desktop-align-left","8":"tablet-align-left","9":"mobile-align-left","11":"first","12":"instock","13":"product-type-external"},"brands":[{"id":564,"name":"INA","slug":"ina"}],"_links":{"self":[{"href":"https:\/\/www.autonvaraosahaku.fi\/index.php?rest_route=\/wp\/v2\/product\/106215","targetHints":{"allow":["GET"]}}],"collection":[{"href":"https:\/\/www.autonvaraosahaku.fi\/index.php?rest_route=\/wp\/v2\/product"}],"about":[{"href":"https:\/\/www.autonvaraosahaku.fi\/index.php?rest_route=\/wp\/v2\/types\/product"}],"wp:attachment":[{"href":"https:\/\/www.autonvaraosahaku.fi\/index.php?rest_route=%2Fwp%2Fv2%2Fmedia&parent=106215"}],"wp:term":[{"taxonomy":"pwb-brand","embeddable":true,"href":"https:\/\/www.autonvaraosahaku.fi\/index.php?rest_route=%2Fwp%2Fv2%2Fpwb-brand&post=106215"},{"taxonomy":"product_cat","embeddable":true,"href":"https:\/\/www.autonvaraosahaku.fi\/index.php?rest_route=%2Fwp%2Fv2%2Fproduct_cat&post=106215"},{"taxonomy":"product_tag","embeddable":true,"href":"https:\/\/www.autonvaraosahaku.fi\/index.php?rest_route=%2Fwp%2Fv2%2Fproduct_tag&post=106215"}],"curies":[{"name":"wp","href":"https:\/\/api.w.org\/{rel}","templated":true}]}}