{"id":106272,"date":"2021-02-21T23:12:27","date_gmt":"2021-02-21T23:12:27","guid":{"rendered":"https:\/\/www.autonvaraosahaku.fi\/?product=ina-530-0189-10-jakohihna"},"modified":"2021-02-21T23:12:28","modified_gmt":"2021-02-21T23:12:28","slug":"ina-530-0189-10-jakohihna","status":"publish","type":"product","link":"https:\/\/www.autonvaraosahaku.fi\/?product=ina-530-0189-10-jakohihna","title":{"rendered":"INA 530 0189 10 Jakohihna"},"content":{"rendered":"<p>Hampaita 1: 148; Leveys 1 (mm): 25,40; Lis\u00e4tarvike\/lis\u00e4tieto: Asennusmateriaalilla; Laitteet \/ rullat: Sis. kiristysrullan; Sis\u00e4lt\u00e4\u00e4 rullat: 1; Korvaava tuote\/korvaava tiedote 2: V\u00e4lilevyll\u00e4; Huomioi huolto-ohjeet: ; Kiristysrullan toiminta: manuell; JEEP: CHEROKEE XJ; RENAULT: ESPACE II J\/S63_,TRAFIC Kasten TXX,TRAFIC Bus TXW,ESPACE I J11_,21 Stufenheck L48_,25 B29_,MASTER I Kasten T__,TRAFIC Kasten T1, T3, T4,TRAFIC Bus T5, T6, T7,18 134_,21 Kombi K48_,18 Variable 135_,30 127_,FUEGO 136_,21 B48_,MASTER I Bus T__,20 127_,TRAFIC Pritsche\/Fahrgestell P6,TRAFIC Pritsche\/Fahrgestell PXX,21 Kasten S48_,18 Kasten; 7700663544, 7700665224, 7700722452, 7700852114, 7700871169, 7701468162, 7701469824, T0663544, 7700663544, 7700665224, 7700722452, 7700852114, 7700871169, 7701468162, 7701469824; Hammashihnasarja<\/p>\n","protected":false},"excerpt":{"rendered":"<p>INA Jakohihnasarja 530 0189 10 Hammashihnasarja JEEP,RENAULT,CHEROKEE XJ,ESPACE II J\/S63_,TRAFIC Kasten TXX,TRAFIC Bus TXW,ESPACE I J11_<\/p>\n","protected":false},"featured_media":0,"template":"","meta":{"site-sidebar-layout":"default","site-content-layout":"default","ast-global-header-display":"","ast-main-header-display":"","ast-hfb-above-header-display":"","ast-hfb-below-header-display":"","ast-hfb-mobile-header-display":"","site-post-title":"","ast-breadcrumbs-content":"","ast-featured-img":"","footer-sml-layout":"","theme-transparent-header-meta":"","adv-header-id-meta":"","stick-header-meta":"","header-above-stick-meta":"","header-main-stick-meta":"","header-below-stick-meta":""},"pwb-brand":[564],"product_cat":[266],"product_tag":[],"class_list":{"0":"post-106272","1":"product","2":"type-product","3":"status-publish","5":"pwb-brand-ina","6":"product_cat-jakohihna","7":"desktop-align-left","8":"tablet-align-left","9":"mobile-align-left","11":"first","12":"instock","13":"product-type-external"},"brands":[{"id":564,"name":"INA","slug":"ina"}],"_links":{"self":[{"href":"https:\/\/www.autonvaraosahaku.fi\/index.php?rest_route=\/wp\/v2\/product\/106272","targetHints":{"allow":["GET"]}}],"collection":[{"href":"https:\/\/www.autonvaraosahaku.fi\/index.php?rest_route=\/wp\/v2\/product"}],"about":[{"href":"https:\/\/www.autonvaraosahaku.fi\/index.php?rest_route=\/wp\/v2\/types\/product"}],"wp:attachment":[{"href":"https:\/\/www.autonvaraosahaku.fi\/index.php?rest_route=%2Fwp%2Fv2%2Fmedia&parent=106272"}],"wp:term":[{"taxonomy":"pwb-brand","embeddable":true,"href":"https:\/\/www.autonvaraosahaku.fi\/index.php?rest_route=%2Fwp%2Fv2%2Fpwb-brand&post=106272"},{"taxonomy":"product_cat","embeddable":true,"href":"https:\/\/www.autonvaraosahaku.fi\/index.php?rest_route=%2Fwp%2Fv2%2Fproduct_cat&post=106272"},{"taxonomy":"product_tag","embeddable":true,"href":"https:\/\/www.autonvaraosahaku.fi\/index.php?rest_route=%2Fwp%2Fv2%2Fproduct_tag&post=106272"}],"curies":[{"name":"wp","href":"https:\/\/api.w.org\/{rel}","templated":true}]}}