{"id":106352,"date":"2021-02-21T23:12:52","date_gmt":"2021-02-21T23:12:52","guid":{"rendered":"https:\/\/www.autonvaraosahaku.fi\/?product=ina-544-0079-10-kampiakselin-hihnapyora"},"modified":"2021-02-21T23:12:52","modified_gmt":"2021-02-21T23:12:52","slug":"ina-544-0079-10-kampiakselin-hihnapyora","status":"publish","type":"product","link":"https:\/\/www.autonvaraosahaku.fi\/?product=ina-544-0079-10-kampiakselin-hihnapyora","title":{"rendered":"INA 544 0079 10 Kampiakselin hihnapy\u00f6r\u00e4"},"content":{"rendered":"<p>Leveys (mm): 34,00; kiiloja: 6; T\u00e4ristys: V\u00e4r\u00e4htelynvaimentimella; Ulkol\u00e4pimitta [mm]: 153,00; Valmistusvuoteen: 12\/2009; MAZDA: 3 BK,2 DY,2 DE,3 Stufenheck BK; MINI: MINI R56,MINI CLUBMAN R55; VOLVO: V50 MW,C30,S40 II MS; FORD: FIESTA V JH_, JD_,FOCUS II Kombi DA_,FIESTA VI,FOCUS II DA_,FOCUS C-MAX,FUSION JU_,C-MAX DM2,FOCUS II Stufenheck DA_,FIESTA Stufenheck JAS JBS,FIESTA V Van,FIESTA VI Van; CITRO\u00cbN: C1 PM_, PN_,BERLINGO MF,XSARA PICASSO N68,C2 JM_,C3 I FC_,C4 I LC_,BERLINGO Kasten M_,C5 II Break RE_,XSARA N1,C4 Coupe LA_,C3 Pluriel HB_,C5 II RC_,XSARA Break N2,XSARA Coupe N0,C2 ENTERPRISE; PEUGEOT: 206 Schr\u00e4gheck 2A\/C,206 CC 2D,307 SW 3H,407 SW 6E_,307 3A\/C,107,206 SW 2E\/K,307 Break 3E,407 6D_,1007 KM_,206 Van; 11237801979, 0515P8, 0515R0, 0515T0, 0515TO, 0515V0, 0515V4, 0515V7, 0515V8, 1147683, 1319519, 1369546, 1473366, 1485765, 1517975, 1517976, 2S6Q6B319AD, 2S6QGB319AA, 2S6QGB319AB, 2S6QGB319AD, 3M5Q6B319CB, 3M5Q6B319CC, Y40111401A, Y60311401, 11237801979, 0515P8, 0515R0, 0515T0, 0515TO, 0515V0, 0515V4, 0515V7, 0515V8, 1261073J03, 31251290, 31272289; Hihnapy\u00f6r\u00e4, Kampiakseli<\/p>\n","protected":false},"excerpt":{"rendered":"<p>INA Kampiakselin Hihnapy\u00f6r\u00e4 544 0079 10 Hihnapy\u00f6r\u00e4, Kampiakseli MAZDA,MINI,VOLVO,3 BK,2 DY,2 DE,3 Stufenheck BK,MINI R56,MINI CLUBMAN R55,V50 MW,C30<\/p>\n","protected":false},"featured_media":0,"template":"","meta":{"site-sidebar-layout":"default","site-content-layout":"default","ast-global-header-display":"","ast-main-header-display":"","ast-hfb-above-header-display":"","ast-hfb-below-header-display":"","ast-hfb-mobile-header-display":"","site-post-title":"","ast-breadcrumbs-content":"","ast-featured-img":"","footer-sml-layout":"","theme-transparent-header-meta":"","adv-header-id-meta":"","stick-header-meta":"","header-above-stick-meta":"","header-main-stick-meta":"","header-below-stick-meta":""},"pwb-brand":[564],"product_cat":[219],"product_tag":[],"class_list":{"0":"post-106352","1":"product","2":"type-product","3":"status-publish","5":"pwb-brand-ina","6":"product_cat-kampiakselin-hihnapyora","7":"desktop-align-left","8":"tablet-align-left","9":"mobile-align-left","11":"first","12":"instock","13":"product-type-external"},"brands":[{"id":564,"name":"INA","slug":"ina"}],"_links":{"self":[{"href":"https:\/\/www.autonvaraosahaku.fi\/index.php?rest_route=\/wp\/v2\/product\/106352","targetHints":{"allow":["GET"]}}],"collection":[{"href":"https:\/\/www.autonvaraosahaku.fi\/index.php?rest_route=\/wp\/v2\/product"}],"about":[{"href":"https:\/\/www.autonvaraosahaku.fi\/index.php?rest_route=\/wp\/v2\/types\/product"}],"wp:attachment":[{"href":"https:\/\/www.autonvaraosahaku.fi\/index.php?rest_route=%2Fwp%2Fv2%2Fmedia&parent=106352"}],"wp:term":[{"taxonomy":"pwb-brand","embeddable":true,"href":"https:\/\/www.autonvaraosahaku.fi\/index.php?rest_route=%2Fwp%2Fv2%2Fpwb-brand&post=106352"},{"taxonomy":"product_cat","embeddable":true,"href":"https:\/\/www.autonvaraosahaku.fi\/index.php?rest_route=%2Fwp%2Fv2%2Fproduct_cat&post=106352"},{"taxonomy":"product_tag","embeddable":true,"href":"https:\/\/www.autonvaraosahaku.fi\/index.php?rest_route=%2Fwp%2Fv2%2Fproduct_tag&post=106352"}],"curies":[{"name":"wp","href":"https:\/\/api.w.org\/{rel}","templated":true}]}}