{"id":106521,"date":"2021-02-21T23:13:42","date_gmt":"2021-02-21T23:13:42","guid":{"rendered":"https:\/\/www.autonvaraosahaku.fi\/?product=fag-713-6102-30-pyoranlaakerit"},"modified":"2021-02-21T23:13:45","modified_gmt":"2021-02-21T23:13:45","slug":"fag-713-6102-30-pyoranlaakerit","status":"publish","type":"product","link":"https:\/\/www.autonvaraosahaku.fi\/?product=fag-713-6102-30-pyoranlaakerit","title":{"rendered":"FAG 713 6102 30 Py\u00f6r\u00e4nlaakerit"},"content":{"rendered":"<p>Sis\u00e4l\u00e4pimitta 1 [mm]: 17,46; Ulkol\u00e4pimitta 1 [mm]: 39,88; Leveys 1 (mm): 14,61; Sis\u00e4l\u00e4pimitta 2 [mm]: 29,00; Ulkol\u00e4pimitta 2 [mm]: 50,29; Leveys 2 (mm): 14,73; Asennuspuoli: Hinterachse; VW: GOLF III 1H1,POLO 6N2,POLO 6N1,GOLF II 19E, 1G1,FOX 5Z1, 5Z3,PASSAT Variant 3A5, 35I,GOLF I Cabriolet 155,GOLF III Cabriolet 1E7,GOLF Mk III Cabriolet 1E7,GOLF III Variant 1H5,POLO 86C, 80,KAEFER,POLO Coupe 86C, 80,PASSAT 3A2, 35I,CORRADO 53I,POLO Variant 6KV5,POLO CLASSIC 6KV2,SCIROCCO 53B,VENTO 1H2,GOLF I 17,JETTA II 19E, 1G2, 165,PASSAT Variant 32B,POLO Kasten 6NF,POLO CLASSIC 86C, 80,PASSAT 32B,POLO 86,GOL V,CADDY II Pick-up 9U7,SCIROCCO 53,GOL III,JETTA I 16,GOL II,GOL,DERBY 86C, 80,GOL I,POLO Kasten 86CF,PASSAT 32,DERBY 86,KARMANN GHIA Coupe 14, 34,PASSAT Stufenheck 32B,PASSAT Variant 33,SANTANA 32B,KARMANN GHIA Cabriolet 14, 34,PARATI III,GOLF III Van 1H1,SANTANA; AUDI: A6 Avant 4B5, C5,80 89, 89Q, 8A, B3,80 81, 85, B2,90 89, 89Q, 8A, B3,COUPE 81, 85,80 80, 82, B1,90 81, 85, B2,100 C1,100 Coupe C1,100 43, C2,50 86,SUPER 90; SKODA: FELICIA I 6U1,FELICIA II 6U1,FELICIA I Fun 797,FELICIA I Kombi 6U5,FELICIA II Kombi 6U5,FAVORIT 781,FAVORIT Forman 785,FAVORIT Pick-up 787; SEAT: AROSA 6H,IBIZA II 6K1,CORDOBA 6K1, 6K2,CORDOBA Vario 6K1,TOLEDO I 1L,IBIZA I 021A; FORD: ESCORT VII Cabriolet ALL,ESCORT VI Cabriolet ALL,ESCORT VI GAL,ORION III GAL; 191598625, 311405625B, 311405625C, 311405625D, 311405625E, 311405625F, 311405645, 311405645B, 311405645BWB, 311405645WB, 6U0598625, 191598625, 311405625B, 311405625C, 311405625D, 311405625E, 311405625F, 311405645, 311405645B, 311405645BWB, 311405645WB, 6U0598625, 191598625, 311405625B, 311405625C, 311405625D, 311405625E, 311405625F, 311405645, 311405645B, 311405645BWB, 311405645WB, 6U0598625, 191598625, 311405625B, 311405625C, 311405625D, 311405625E, 311405625F, 311405645, 311405645B, 311405645BWB, 311405645WB, 6U0598625; Py\u00f6r\u00e4nlaakerisarja<\/p>\n","protected":false},"excerpt":{"rendered":"<p>FAG Py\u00f6r\u00e4nlaakerit 713 6102 30 Py\u00f6r\u00e4nlaakerisarja VW,AUDI,SKODA,GOLF III 1H1,POLO 6N2,POLO 6N1,GOLF II 19E, 1G1,FOX 5Z1, 5Z3,PASSAT Variant 3A5, 35I<\/p>\n","protected":false},"featured_media":0,"template":"","meta":{"site-sidebar-layout":"default","site-content-layout":"default","ast-global-header-display":"","ast-main-header-display":"","ast-hfb-above-header-display":"","ast-hfb-below-header-display":"","ast-hfb-mobile-header-display":"","site-post-title":"","ast-breadcrumbs-content":"","ast-featured-img":"","footer-sml-layout":"","theme-transparent-header-meta":"","adv-header-id-meta":"","stick-header-meta":"","header-above-stick-meta":"","header-main-stick-meta":"","header-below-stick-meta":""},"pwb-brand":[566],"product_cat":[83],"product_tag":[],"class_list":{"0":"post-106521","1":"product","2":"type-product","3":"status-publish","5":"pwb-brand-fag","6":"product_cat-pyoranlaakerit","7":"desktop-align-left","8":"tablet-align-left","9":"mobile-align-left","11":"first","12":"instock","13":"product-type-external"},"brands":[{"id":566,"name":"FAG","slug":"fag"}],"_links":{"self":[{"href":"https:\/\/www.autonvaraosahaku.fi\/index.php?rest_route=\/wp\/v2\/product\/106521","targetHints":{"allow":["GET"]}}],"collection":[{"href":"https:\/\/www.autonvaraosahaku.fi\/index.php?rest_route=\/wp\/v2\/product"}],"about":[{"href":"https:\/\/www.autonvaraosahaku.fi\/index.php?rest_route=\/wp\/v2\/types\/product"}],"wp:attachment":[{"href":"https:\/\/www.autonvaraosahaku.fi\/index.php?rest_route=%2Fwp%2Fv2%2Fmedia&parent=106521"}],"wp:term":[{"taxonomy":"pwb-brand","embeddable":true,"href":"https:\/\/www.autonvaraosahaku.fi\/index.php?rest_route=%2Fwp%2Fv2%2Fpwb-brand&post=106521"},{"taxonomy":"product_cat","embeddable":true,"href":"https:\/\/www.autonvaraosahaku.fi\/index.php?rest_route=%2Fwp%2Fv2%2Fproduct_cat&post=106521"},{"taxonomy":"product_tag","embeddable":true,"href":"https:\/\/www.autonvaraosahaku.fi\/index.php?rest_route=%2Fwp%2Fv2%2Fproduct_tag&post=106521"}],"curies":[{"name":"wp","href":"https:\/\/api.w.org\/{rel}","templated":true}]}}