{"id":10835,"date":"2021-02-21T14:09:56","date_gmt":"2021-02-21T14:09:56","guid":{"rendered":"https:\/\/www.autonvaraosahaku.fi\/?product=master-sport-24012501751-pcs-ms-jarrulevyt"},"modified":"2021-02-21T14:09:58","modified_gmt":"2021-02-21T14:09:58","slug":"master-sport-24012501751-pcs-ms-jarrulevyt","status":"publish","type":"product","link":"https:\/\/www.autonvaraosahaku.fi\/?product=master-sport-24012501751-pcs-ms-jarrulevyt","title":{"rendered":"MASTER-SPORT 24012501751-PCS-MS Jarrulevyt"},"content":{"rendered":"<p>L\u00e4pimitta [mm]: 320,0; Jarrulevytyyppi: Tuuletettu; Jarrulevyn paksuus (mm): 25,0; Korkeus (mm): 48,5; Reik\u00e4-\u00d8 [mm]: 13,7; V\u00e4himm\u00e4ispaksuus (mm): 23,0; Sis\u00e4l\u00e4pimitta [mm]: 148,0; Reikien m\u00e4\u00e4r\u00e4: 5; keskitt\u00e4misl\u00e4pimitta [mm]: 63,5; Reik\u00e4ympyr\u00e4-\u00d8 [mm]: 108,0; K\u00e4sittely: hiiliter\u00e4s; Nettopaino [kg]: 9,49; Bruttopaino [kg]: 9,58; Asennuspuoli: Vorderachse; SKODA: FABIA; VOLVO: V50 MW,S40 II MS,C70 II Cabriolet,V40 Schr\u00e4gheck; FORD: FOCUS II DA_; 1368548, 1384290, 1677434, 1724956, 3M512C375CC, 3M512C375CD, 3M512C375CE, 274521, 31262720, 31302573, 31329122, 31341644, 31381376, 31400818, 31400938, 31400942; Jarrulevy<\/p>\n","protected":false},"excerpt":{"rendered":"<p>MASTER-SPORT Jarrulevyt 24012501751-PCS-MS Jarrulevy SKODA,VOLVO,FORD,FABIA,V50 MW,S40 II MS,C70 II Cabriolet,V40 Schr\u00e4gheck,FOCUS II DA_<\/p>\n","protected":false},"featured_media":0,"template":"","meta":{"site-sidebar-layout":"default","site-content-layout":"default","ast-global-header-display":"","ast-main-header-display":"","ast-hfb-above-header-display":"","ast-hfb-below-header-display":"","ast-hfb-mobile-header-display":"","site-post-title":"","ast-breadcrumbs-content":"","ast-featured-img":"","footer-sml-layout":"","theme-transparent-header-meta":"","adv-header-id-meta":"","stick-header-meta":"","header-above-stick-meta":"","header-main-stick-meta":"","header-below-stick-meta":""},"pwb-brand":[61],"product_cat":[66],"product_tag":[],"class_list":{"0":"post-10835","1":"product","2":"type-product","3":"status-publish","5":"pwb-brand-master-sport","6":"product_cat-jarrulevyt","7":"desktop-align-left","8":"tablet-align-left","9":"mobile-align-left","11":"first","12":"instock","13":"product-type-external"},"brands":[{"id":61,"name":"MASTER-SPORT","slug":"master-sport"}],"_links":{"self":[{"href":"https:\/\/www.autonvaraosahaku.fi\/index.php?rest_route=\/wp\/v2\/product\/10835","targetHints":{"allow":["GET"]}}],"collection":[{"href":"https:\/\/www.autonvaraosahaku.fi\/index.php?rest_route=\/wp\/v2\/product"}],"about":[{"href":"https:\/\/www.autonvaraosahaku.fi\/index.php?rest_route=\/wp\/v2\/types\/product"}],"wp:attachment":[{"href":"https:\/\/www.autonvaraosahaku.fi\/index.php?rest_route=%2Fwp%2Fv2%2Fmedia&parent=10835"}],"wp:term":[{"taxonomy":"pwb-brand","embeddable":true,"href":"https:\/\/www.autonvaraosahaku.fi\/index.php?rest_route=%2Fwp%2Fv2%2Fpwb-brand&post=10835"},{"taxonomy":"product_cat","embeddable":true,"href":"https:\/\/www.autonvaraosahaku.fi\/index.php?rest_route=%2Fwp%2Fv2%2Fproduct_cat&post=10835"},{"taxonomy":"product_tag","embeddable":true,"href":"https:\/\/www.autonvaraosahaku.fi\/index.php?rest_route=%2Fwp%2Fv2%2Fproduct_tag&post=10835"}],"curies":[{"name":"wp","href":"https:\/\/api.w.org\/{rel}","templated":true}]}}