{"id":10982,"date":"2021-02-21T14:10:25","date_gmt":"2021-02-21T14:10:25","guid":{"rendered":"https:\/\/www.autonvaraosahaku.fi\/?product=maxgear-43-0017-polttoainepumppu"},"modified":"2021-02-21T14:10:25","modified_gmt":"2021-02-21T14:10:25","slug":"maxgear-43-0017-polttoainepumppu","status":"publish","type":"product","link":"https:\/\/www.autonvaraosahaku.fi\/?product=maxgear-43-0017-polttoainepumppu","title":{"rendered":"MAXGEAR 43-0017 Polttoainepumppu"},"content":{"rendered":"<p>K\u00e4ytt\u00f6: S\u00e4hk\u00f6inen; L\u00e4pimitta [mm]: 60; Pituus (mm): 178,5; Virran voimakkuus enint. [A]: 12; Paine (bar): 6,5; Paine (psi): 94,3; J\u00e4nnite (V): 12; Tarvittava kappalem\u00e4\u00e4r\u00e4: 1; TECDOC henkil\u00f6auton tyyppinumero: 5009; AUDI: 80 8C, B4,80 89, 89Q, 8A, B3,CABRIOLET 8G7, B4,80 Avant 8C, B4,100 44, 44Q, C3,COUPE 89, 8B,80 81, 85, B2,90 89, 89Q, 8A, B3,100 Avant 44, 44Q, C3,COUPE 81, 85,QUATTRO 85,200 44, 44Q,80 80, 82, B1,90 81, 85, B2,200 Avant 44, 44Q,100 43, C2,100 Avant 43, C2; MERCEDES-BENZ: 190 W201,Stufenheck W124,SL R129,SL R107,Stufenheck W123,S-CLASS W126,KOMBI Kombi S124,E-CLASS W124,COUPE C124,G-CLASS W460,E-CLASS Kombi S124,COUPE C123,S-CLASS W116,S-CLASS Coupe C126,KOMBI Kombi S123,E-CLASS Cabriolet A124,SL Coupe C107,E-CLASS Coupe C124; FORD: ESCORT IV Cabriolet ALF,SIERRA GBG, GB4,SIERRA Schr\u00e4gheck GBC, GBG,ESCORT IV GAF, AWF, ABFT,CAPRI III GECP,SIERRA Schr\u00e4gheck GBC,ESCORT III GAA,SIERRA Kombi BNG,GRANADA GU,ESCORT III Cabriolet ALD,ORION II AFF,GRANADA Kombi GNU,ORION I AFD; FERRARI: MONDIAL,208\/308,MONDIAL Cabriolet; 893906091B, 893906091E, 6052768, 6106539, 6150295, 78GB9350AA, 83BB9350AA, 84BB9350AA, 0020919701, 1160900050, 1160910201, 1160910301, 893906091B, 893906091E, 893906091B, 893906091E, 893906091B, 893906091E<\/p>\n","protected":false},"excerpt":{"rendered":"<p>MAXGEAR Polttoainepumppu 43-0017  AUDI,MERCEDES-BENZ,FORD,80 8C, B4,80 89, 89Q, 8A, B3,CABRIOLET 8G7, B4,80 Avant 8C, B4,100 44, 44Q, C3,COUPE 89, 8B<\/p>\n","protected":false},"featured_media":0,"template":"","meta":{"site-sidebar-layout":"default","site-content-layout":"default","ast-global-header-display":"","ast-main-header-display":"","ast-hfb-above-header-display":"","ast-hfb-below-header-display":"","ast-hfb-mobile-header-display":"","site-post-title":"","ast-breadcrumbs-content":"","ast-featured-img":"","footer-sml-layout":"","theme-transparent-header-meta":"","adv-header-id-meta":"","stick-header-meta":"","header-above-stick-meta":"","header-main-stick-meta":"","header-below-stick-meta":""},"pwb-brand":[48],"product_cat":[73],"product_tag":[],"class_list":{"0":"post-10982","1":"product","2":"type-product","3":"status-publish","5":"pwb-brand-maxgear","6":"product_cat-polttoainepumppu","7":"desktop-align-left","8":"tablet-align-left","9":"mobile-align-left","11":"first","12":"instock","13":"product-type-external"},"brands":[{"id":48,"name":"MAXGEAR","slug":"maxgear"}],"_links":{"self":[{"href":"https:\/\/www.autonvaraosahaku.fi\/index.php?rest_route=\/wp\/v2\/product\/10982","targetHints":{"allow":["GET"]}}],"collection":[{"href":"https:\/\/www.autonvaraosahaku.fi\/index.php?rest_route=\/wp\/v2\/product"}],"about":[{"href":"https:\/\/www.autonvaraosahaku.fi\/index.php?rest_route=\/wp\/v2\/types\/product"}],"wp:attachment":[{"href":"https:\/\/www.autonvaraosahaku.fi\/index.php?rest_route=%2Fwp%2Fv2%2Fmedia&parent=10982"}],"wp:term":[{"taxonomy":"pwb-brand","embeddable":true,"href":"https:\/\/www.autonvaraosahaku.fi\/index.php?rest_route=%2Fwp%2Fv2%2Fpwb-brand&post=10982"},{"taxonomy":"product_cat","embeddable":true,"href":"https:\/\/www.autonvaraosahaku.fi\/index.php?rest_route=%2Fwp%2Fv2%2Fproduct_cat&post=10982"},{"taxonomy":"product_tag","embeddable":true,"href":"https:\/\/www.autonvaraosahaku.fi\/index.php?rest_route=%2Fwp%2Fv2%2Fproduct_tag&post=10982"}],"curies":[{"name":"wp","href":"https:\/\/api.w.org\/{rel}","templated":true}]}}