{"id":11462,"date":"2021-02-21T14:11:49","date_gmt":"2021-02-21T14:11:49","guid":{"rendered":"https:\/\/www.autonvaraosahaku.fi\/?product=abakus-215-1196l-ldem2-ajovaloumpio"},"modified":"2021-02-21T14:11:50","modified_gmt":"2021-02-21T14:11:50","slug":"abakus-215-1196l-ldem2-ajovaloumpio","status":"publish","type":"product","link":"https:\/\/www.autonvaraosahaku.fi\/?product=abakus-215-1196l-ldem2-ajovaloumpio","title":{"rendered":"ABAKUS 215-1196L-LDEM2 Ajovaloumpio"},"content":{"rendered":"<p>Asennuspuoli: Vasen; Lamppumalli: H7\/H7; K\u00e4ytt\u00f6: S\u00e4hk\u00f6inen; Rekister\u00f6ity tyyppi: E-hyv\u00e4ksytty; Vasen \/ oikea liikenne: Oikeanpuoleiselle liikenteelle; Lis\u00e4tarvike\/lis\u00e4tieto: Lampun kannalla; Vilkun v\u00e4ri: Keltainen; Korvaava tuote\/korvaava tiedote 2: Kotelo mustalla sis\u00e4osalla, ilman valokorkeuss\u00e4\u00e4timen moottoria; Rungon v\u00e4ri: Musta; Vuosimallista: 2002; NISSAN: ALMERA II Hatchback N16,ALMERA Mk II N16; 26060BN701, 26060BN725, 26060BN760; Ajovalot,Etuvalot,Ajovalo<\/p>\n","protected":false},"excerpt":{"rendered":"<p>ABAKUS Ajovaloumpio 215-1196L-LDEM2 Ajovalot,Etuvalot NISSAN,ALMERA II Hatchback N16,ALMERA Mk II N16<\/p>\n","protected":false},"featured_media":0,"template":"","meta":{"site-sidebar-layout":"default","site-content-layout":"default","ast-global-header-display":"","ast-main-header-display":"","ast-hfb-above-header-display":"","ast-hfb-below-header-display":"","ast-hfb-mobile-header-display":"","site-post-title":"","ast-breadcrumbs-content":"","ast-featured-img":"","footer-sml-layout":"","theme-transparent-header-meta":"","adv-header-id-meta":"","stick-header-meta":"","header-above-stick-meta":"","header-main-stick-meta":"","header-below-stick-meta":""},"pwb-brand":[148],"product_cat":[185],"product_tag":[],"class_list":{"0":"post-11462","1":"product","2":"type-product","3":"status-publish","5":"pwb-brand-abakus","6":"product_cat-ajovaloumpio","7":"desktop-align-left","8":"tablet-align-left","9":"mobile-align-left","11":"first","12":"instock","13":"product-type-external"},"brands":[{"id":148,"name":"ABAKUS","slug":"abakus"}],"_links":{"self":[{"href":"https:\/\/www.autonvaraosahaku.fi\/index.php?rest_route=\/wp\/v2\/product\/11462","targetHints":{"allow":["GET"]}}],"collection":[{"href":"https:\/\/www.autonvaraosahaku.fi\/index.php?rest_route=\/wp\/v2\/product"}],"about":[{"href":"https:\/\/www.autonvaraosahaku.fi\/index.php?rest_route=\/wp\/v2\/types\/product"}],"wp:attachment":[{"href":"https:\/\/www.autonvaraosahaku.fi\/index.php?rest_route=%2Fwp%2Fv2%2Fmedia&parent=11462"}],"wp:term":[{"taxonomy":"pwb-brand","embeddable":true,"href":"https:\/\/www.autonvaraosahaku.fi\/index.php?rest_route=%2Fwp%2Fv2%2Fpwb-brand&post=11462"},{"taxonomy":"product_cat","embeddable":true,"href":"https:\/\/www.autonvaraosahaku.fi\/index.php?rest_route=%2Fwp%2Fv2%2Fproduct_cat&post=11462"},{"taxonomy":"product_tag","embeddable":true,"href":"https:\/\/www.autonvaraosahaku.fi\/index.php?rest_route=%2Fwp%2Fv2%2Fproduct_tag&post=11462"}],"curies":[{"name":"wp","href":"https:\/\/api.w.org\/{rel}","templated":true}]}}