{"id":11650,"date":"2021-02-21T14:12:22","date_gmt":"2021-02-21T14:12:22","guid":{"rendered":"https:\/\/www.autonvaraosahaku.fi\/?product=mapco-36035-taka-akselin-puslat"},"modified":"2021-02-21T14:12:23","modified_gmt":"2021-02-21T14:12:23","slug":"mapco-36035-taka-akselin-puslat","status":"publish","type":"product","link":"https:\/\/www.autonvaraosahaku.fi\/?product=mapco-36035-taka-akselin-puslat","title":{"rendered":"MAPCO 36035 Taka-akselin puslat"},"content":{"rendered":"<p>Kiinnitysmalli: Kumimetallilaakeri; Asennuspuoli: Taka-akseli, vasen, Taka-akseli, oikea; Tarvittava kappalem\u00e4\u00e4r\u00e4: 2; FIAT: GRANDE PUNTO 199,STILO 192,BRAVO II 198,STILO Multi Wagon 192,500L,LINEA 323; LANCIA: DELTA III 844; 50706312, 50706505, 51795336, 51840600, 51840600; Apurungon Puslat,Akselinripustus<\/p>\n","protected":false},"excerpt":{"rendered":"<p>MAPCO Taka-akselin Puslat 36035 Apurungon Puslat,Akselinripustus FIAT,LANCIA,GRANDE PUNTO 199,STILO 192,BRAVO II 198,STILO Multi Wagon 192,500L<\/p>\n","protected":false},"featured_media":0,"template":"","meta":{"site-sidebar-layout":"default","site-content-layout":"default","ast-global-header-display":"","ast-main-header-display":"","ast-hfb-above-header-display":"","ast-hfb-below-header-display":"","ast-hfb-mobile-header-display":"","site-post-title":"","ast-breadcrumbs-content":"","ast-featured-img":"","footer-sml-layout":"","theme-transparent-header-meta":"","adv-header-id-meta":"","stick-header-meta":"","header-above-stick-meta":"","header-main-stick-meta":"","header-below-stick-meta":""},"pwb-brand":[36],"product_cat":[156],"product_tag":[],"class_list":{"0":"post-11650","1":"product","2":"type-product","3":"status-publish","5":"pwb-brand-mapco","6":"product_cat-taka-akselin-puslat","7":"desktop-align-left","8":"tablet-align-left","9":"mobile-align-left","11":"first","12":"instock","13":"product-type-external"},"brands":[{"id":36,"name":"MAPCO","slug":"mapco"}],"_links":{"self":[{"href":"https:\/\/www.autonvaraosahaku.fi\/index.php?rest_route=\/wp\/v2\/product\/11650","targetHints":{"allow":["GET"]}}],"collection":[{"href":"https:\/\/www.autonvaraosahaku.fi\/index.php?rest_route=\/wp\/v2\/product"}],"about":[{"href":"https:\/\/www.autonvaraosahaku.fi\/index.php?rest_route=\/wp\/v2\/types\/product"}],"wp:attachment":[{"href":"https:\/\/www.autonvaraosahaku.fi\/index.php?rest_route=%2Fwp%2Fv2%2Fmedia&parent=11650"}],"wp:term":[{"taxonomy":"pwb-brand","embeddable":true,"href":"https:\/\/www.autonvaraosahaku.fi\/index.php?rest_route=%2Fwp%2Fv2%2Fpwb-brand&post=11650"},{"taxonomy":"product_cat","embeddable":true,"href":"https:\/\/www.autonvaraosahaku.fi\/index.php?rest_route=%2Fwp%2Fv2%2Fproduct_cat&post=11650"},{"taxonomy":"product_tag","embeddable":true,"href":"https:\/\/www.autonvaraosahaku.fi\/index.php?rest_route=%2Fwp%2Fv2%2Fproduct_tag&post=11650"}],"curies":[{"name":"wp","href":"https:\/\/api.w.org\/{rel}","templated":true}]}}