{"id":11725,"date":"2021-02-21T14:12:36","date_gmt":"2021-02-21T14:12:36","guid":{"rendered":"https:\/\/www.autonvaraosahaku.fi\/?product=maxgear-49-0956-kardaanin-kuminivel"},"modified":"2021-02-21T14:12:37","modified_gmt":"2021-02-21T14:12:37","slug":"maxgear-49-0956-kardaanin-kuminivel","status":"publish","type":"product","link":"https:\/\/www.autonvaraosahaku.fi\/?product=maxgear-49-0956-kardaanin-kuminivel","title":{"rendered":"MAXGEAR 49-0956 Kardaanin kuminivel"},"content":{"rendered":"<p>Paksuus [mm]: 27,5; Sis\u00e4l\u00e4pimitta [mm]: 50; Reik\u00e4ympyr\u00e4-\u00d8 [mm]: 96; Materiaali: Kumi-metalli; Reikien m\u00e4\u00e4r\u00e4: 6; Huomioi huolto-ohjeet: ; Tarvittava kappalem\u00e4\u00e4r\u00e4: 1; Paino [kg]: 0,53; Asennuspuoli: vorne; BMW: 3 E46,5 E39,3 Touring E46,X3 E83,5 Touring F11,5 F10, F18,1 F20,X5 E70,X3 F25,X5 E53,7 E38,7 E32,X6 E71, E72; 26111227717, 26111229080, 26111229360; R\u00e4ttinivel,Nivel, Pitkitt\u00e4isakseli<\/p>\n","protected":false},"excerpt":{"rendered":"<p>MAXGEAR Kardaanin Kuminivel 49-0956 R\u00e4ttinivel,Nivel, Pitkitt\u00e4isakseli BMW,3 E46,5 E39,3 Touring E46,X3 E83,5 Touring F11,5 F10, F18,1 F20,X5 E70<\/p>\n","protected":false},"featured_media":0,"template":"","meta":{"site-sidebar-layout":"default","site-content-layout":"default","ast-global-header-display":"","ast-main-header-display":"","ast-hfb-above-header-display":"","ast-hfb-below-header-display":"","ast-hfb-mobile-header-display":"","site-post-title":"","ast-breadcrumbs-content":"","ast-featured-img":"","footer-sml-layout":"","theme-transparent-header-meta":"","adv-header-id-meta":"","stick-header-meta":"","header-above-stick-meta":"","header-main-stick-meta":"","header-below-stick-meta":""},"pwb-brand":[48],"product_cat":[56],"product_tag":[],"class_list":{"0":"post-11725","1":"product","2":"type-product","3":"status-publish","5":"pwb-brand-maxgear","6":"product_cat-kardaanin-kuminivel","7":"desktop-align-left","8":"tablet-align-left","9":"mobile-align-left","11":"first","12":"instock","13":"product-type-external"},"brands":[{"id":48,"name":"MAXGEAR","slug":"maxgear"}],"_links":{"self":[{"href":"https:\/\/www.autonvaraosahaku.fi\/index.php?rest_route=\/wp\/v2\/product\/11725","targetHints":{"allow":["GET"]}}],"collection":[{"href":"https:\/\/www.autonvaraosahaku.fi\/index.php?rest_route=\/wp\/v2\/product"}],"about":[{"href":"https:\/\/www.autonvaraosahaku.fi\/index.php?rest_route=\/wp\/v2\/types\/product"}],"wp:attachment":[{"href":"https:\/\/www.autonvaraosahaku.fi\/index.php?rest_route=%2Fwp%2Fv2%2Fmedia&parent=11725"}],"wp:term":[{"taxonomy":"pwb-brand","embeddable":true,"href":"https:\/\/www.autonvaraosahaku.fi\/index.php?rest_route=%2Fwp%2Fv2%2Fpwb-brand&post=11725"},{"taxonomy":"product_cat","embeddable":true,"href":"https:\/\/www.autonvaraosahaku.fi\/index.php?rest_route=%2Fwp%2Fv2%2Fproduct_cat&post=11725"},{"taxonomy":"product_tag","embeddable":true,"href":"https:\/\/www.autonvaraosahaku.fi\/index.php?rest_route=%2Fwp%2Fv2%2Fproduct_tag&post=11725"}],"curies":[{"name":"wp","href":"https:\/\/api.w.org\/{rel}","templated":true}]}}