{"id":11861,"date":"2021-02-21T14:13:01","date_gmt":"2021-02-21T14:13:01","guid":{"rendered":"https:\/\/www.autonvaraosahaku.fi\/?product=febest-0311-crvlh-vetonivel"},"modified":"2021-02-21T14:13:02","modified_gmt":"2021-02-21T14:13:02","slug":"febest-0311-crvlh-vetonivel","status":"publish","type":"product","link":"https:\/\/www.autonvaraosahaku.fi\/?product=febest-0311-crvlh-vetonivel","title":{"rendered":"FEBEST 0311-CRVLH Vetonivel"},"content":{"rendered":"<p>Asennuspuoli: Vaihteiston puoli, Etuakseli; Paino [kg]: 2,528; Ulkohammastus, py\u00f6r\u00e4npuoli: 27; Ulkohammastus tasauspy\u00f6r\u00e4st\u00f6puoli: 27; Sis\u00e4hammastus, vaiht. kiinn.: 32; Tiivisteen l\u00e4pimitta [mm]: 40; Ulkol\u00e4pimitta [mm]: 84; M\u00e4\u00e4r\u00e4: 1; Pakkausleveys [cm]: 10,5; Pakkauskorkeus [mm]: 10,5, 10,5; HONDA: CIVIC VIII Hatchback FN, FK,CR-V III RE,CIVIC VII Hatchback EU, EP, EV,CR-V II RD_,ACCORD VII CL,CIVIC VI Hatchback EJ, EK,FR-V BE,ACCORD VIII CU,ACCORD VII Tourer CM,ACCORD VI CG, CK,ACCORD VIII Kombi,CRX III EH, EG,STREAM RN,CR-V I RD,CIVIC V Hatchback EG,ACCORD VI Hatchback CH,CIVIC VIII Stufenheck FD, FA,ACCORD VI Coupe CG,CIVIC VI Stufenheck EJ, EK,SHUTTLE RA,INTEGRA Coupe DC2, DC4,CIVIC Coupe VIII FG,CIVIC V Stufenheck EG, EH,ACCORD V CC, CD,ACCORD VII CM,ODYSSEY RB_,ACCORD VI Aerodeck CF,INTEGRA DC5,ODYSSEY RA_,ACCORD VII CP,ACCORD Coupe CM,CROSSTOUR; ACURA: TSX CL_,RSX Coupe DC_; 44310S9A305<\/p>\n","protected":false},"excerpt":{"rendered":"<p>FEBEST Nivel, Vetoakseli 0311-CRVLH  HONDA,ACURA,CIVIC VIII Hatchback FN, FK,CR-V III RE,CIVIC VII Hatchback EU, EP, EV,CR-V II RD_,ACCORD VII CL<\/p>\n","protected":false},"featured_media":0,"template":"","meta":{"site-sidebar-layout":"default","site-content-layout":"default","ast-global-header-display":"","ast-main-header-display":"","ast-hfb-above-header-display":"","ast-hfb-below-header-display":"","ast-hfb-mobile-header-display":"","site-post-title":"","ast-breadcrumbs-content":"","ast-featured-img":"","footer-sml-layout":"","theme-transparent-header-meta":"","adv-header-id-meta":"","stick-header-meta":"","header-above-stick-meta":"","header-main-stick-meta":"","header-below-stick-meta":""},"pwb-brand":[152],"product_cat":[175],"product_tag":[],"class_list":{"0":"post-11861","1":"product","2":"type-product","3":"status-publish","5":"pwb-brand-febest","6":"product_cat-vetonivel","7":"desktop-align-left","8":"tablet-align-left","9":"mobile-align-left","11":"first","12":"instock","13":"product-type-external"},"brands":[{"id":152,"name":"FEBEST","slug":"febest"}],"_links":{"self":[{"href":"https:\/\/www.autonvaraosahaku.fi\/index.php?rest_route=\/wp\/v2\/product\/11861","targetHints":{"allow":["GET"]}}],"collection":[{"href":"https:\/\/www.autonvaraosahaku.fi\/index.php?rest_route=\/wp\/v2\/product"}],"about":[{"href":"https:\/\/www.autonvaraosahaku.fi\/index.php?rest_route=\/wp\/v2\/types\/product"}],"wp:attachment":[{"href":"https:\/\/www.autonvaraosahaku.fi\/index.php?rest_route=%2Fwp%2Fv2%2Fmedia&parent=11861"}],"wp:term":[{"taxonomy":"pwb-brand","embeddable":true,"href":"https:\/\/www.autonvaraosahaku.fi\/index.php?rest_route=%2Fwp%2Fv2%2Fpwb-brand&post=11861"},{"taxonomy":"product_cat","embeddable":true,"href":"https:\/\/www.autonvaraosahaku.fi\/index.php?rest_route=%2Fwp%2Fv2%2Fproduct_cat&post=11861"},{"taxonomy":"product_tag","embeddable":true,"href":"https:\/\/www.autonvaraosahaku.fi\/index.php?rest_route=%2Fwp%2Fv2%2Fproduct_tag&post=11861"}],"curies":[{"name":"wp","href":"https:\/\/api.w.org\/{rel}","templated":true}]}}