{"id":11876,"date":"2021-02-21T14:13:01","date_gmt":"2021-02-21T14:13:01","guid":{"rendered":"https:\/\/www.autonvaraosahaku.fi\/?product=febest-2110-focii20-vetonivel"},"modified":"2021-02-21T14:13:04","modified_gmt":"2021-02-21T14:13:04","slug":"febest-2110-focii20-vetonivel","status":"publish","type":"product","link":"https:\/\/www.autonvaraosahaku.fi\/?product=febest-2110-focii20-vetonivel","title":{"rendered":"FEBEST 2110-FOCII20 Vetonivel"},"content":{"rendered":"<p>Asennuspuoli: Etuakseli, Py\u00f6r\u00e4n puoli; Paino [kg]: 1,946; Ulkohammastus, py\u00f6r\u00e4npuoli: 36; Sis\u00e4hammastus, py\u00f6r\u00e4npuoli: 24; Tiivisteen l\u00e4pimitta [mm]: 55; M\u00e4\u00e4r\u00e4: 1; Pakkausleveys [cm]: 10,5; Pakkauskorkeus [mm]: 10,5, 10,5, 10,5; Valmistusp\u00e4iv\u00e4m\u00e4\u00e4r\u00e4st\u00e4: 1975; FORD: FOCUS III Turnier,C-MAX DM2,FOCUS III,FOCUS II Cabriolet,FOCUS III Stufenheck; VOLVO: V40 Kombi VW,V70 II SW,V50 MW,XC60,XC90 I,V70 I LV,S60 I,850 Kombi LW,V70 III BW,C30,S80 I TS, XY,V60,S40 II MS,XC70 CROSS COUNTRY,S40 I VS,C70 II Cabriolet,V40 Schr\u00e4gheck,XC70 II,S80 II AS,S60 II,940 II Kombi 945,940 Kombi 945,240 Kombi P245,740 Kombi 745,C70 I Cabriolet,C70 I Coupe,850 LS,960 II Kombi 965,740 744,240 P242, P244,480 E,440 K 445,S70 LS,960 II 964,460 L 464,940 944,V90 Kombi,760 704, 764,340-360 343, 345,960 Kombi 965,760 Kombi 704, 765,940 II 944,960 964,260 P262, P264,S90,260 Coupe P262,340-360 Stufenheck 344,260 Kombi P265,780,XC90 II; 1306055, 1360388, 1360389, 1420577, 1420578, 1446221, 1446225, 1446235, 1474431, 1474438, 1493004, 1493012, 1707966, 1722076, 1722077, 1726946, 36000699, 36001355; Nivelsarja, Vetoakseli<\/p>\n","protected":false},"excerpt":{"rendered":"<p>FEBEST Vetonivel 2110-FOCII20 Nivelsarja, Vetoakseli FORD,VOLVO,FOCUS III Turnier,C-MAX DM2,FOCUS III,FOCUS II Cabriolet,FOCUS III Stufenheck<\/p>\n","protected":false},"featured_media":0,"template":"","meta":{"site-sidebar-layout":"default","site-content-layout":"default","ast-global-header-display":"","ast-main-header-display":"","ast-hfb-above-header-display":"","ast-hfb-below-header-display":"","ast-hfb-mobile-header-display":"","site-post-title":"","ast-breadcrumbs-content":"","ast-featured-img":"","footer-sml-layout":"","theme-transparent-header-meta":"","adv-header-id-meta":"","stick-header-meta":"","header-above-stick-meta":"","header-main-stick-meta":"","header-below-stick-meta":""},"pwb-brand":[152],"product_cat":[175],"product_tag":[],"class_list":{"0":"post-11876","1":"product","2":"type-product","3":"status-publish","5":"pwb-brand-febest","6":"product_cat-vetonivel","7":"desktop-align-left","8":"tablet-align-left","9":"mobile-align-left","11":"first","12":"instock","13":"product-type-external"},"brands":[{"id":152,"name":"FEBEST","slug":"febest"}],"_links":{"self":[{"href":"https:\/\/www.autonvaraosahaku.fi\/index.php?rest_route=\/wp\/v2\/product\/11876","targetHints":{"allow":["GET"]}}],"collection":[{"href":"https:\/\/www.autonvaraosahaku.fi\/index.php?rest_route=\/wp\/v2\/product"}],"about":[{"href":"https:\/\/www.autonvaraosahaku.fi\/index.php?rest_route=\/wp\/v2\/types\/product"}],"wp:attachment":[{"href":"https:\/\/www.autonvaraosahaku.fi\/index.php?rest_route=%2Fwp%2Fv2%2Fmedia&parent=11876"}],"wp:term":[{"taxonomy":"pwb-brand","embeddable":true,"href":"https:\/\/www.autonvaraosahaku.fi\/index.php?rest_route=%2Fwp%2Fv2%2Fpwb-brand&post=11876"},{"taxonomy":"product_cat","embeddable":true,"href":"https:\/\/www.autonvaraosahaku.fi\/index.php?rest_route=%2Fwp%2Fv2%2Fproduct_cat&post=11876"},{"taxonomy":"product_tag","embeddable":true,"href":"https:\/\/www.autonvaraosahaku.fi\/index.php?rest_route=%2Fwp%2Fv2%2Fproduct_tag&post=11876"}],"curies":[{"name":"wp","href":"https:\/\/api.w.org\/{rel}","templated":true}]}}