{"id":12402,"date":"2021-02-21T14:14:39","date_gmt":"2021-02-21T14:14:39","guid":{"rendered":"https:\/\/www.autonvaraosahaku.fi\/?product=triclo-316453-paisuntasailion-korkki"},"modified":"2021-02-21T14:14:40","modified_gmt":"2021-02-21T14:14:40","slug":"triclo-316453-paisuntasailion-korkki","status":"publish","type":"product","link":"https:\/\/www.autonvaraosahaku.fi\/?product=triclo-316453-paisuntasailion-korkki","title":{"rendered":"TRICLO 316453 Paisuntas\u00e4ili\u00f6n korkki"},"content":{"rendered":"<p>MAZDA: 6 Station Wagon GY,MX-5 II NB,6 Kombi GH,323 F VI BJ,PREMACY CP,CX-7 ER,6 Hatchback GG,6 GG,MX-5 III NC,6 Schr\u00e4gheck GH,626 V Hatchback GF,6 GH,MPV II LW,626 V GF,626 V Station Wagon GW,626 IV Hatchback GE,FAMILIA VI BJ,XEDOS 9 TA,626 IV GE,MX-6 GE,E-SERIE Kasten SR2,626 III Station Wagon GV; CHEVROLET: MATIZ M200, M250; DAEWOO: MATIZ KLYA; NISSAN: ALMERA II Hatchback N16,PRIMERA P11,PRIMERA Kombi WP12,TERRANO II R20,PRIMERA Traveller WP11,PRIMERA Hatchback P11,ALMERA I Hatchback N15,ALMERA Mk II N16,ALMERA I N15,300 ZX Z32,CUBE Z12,PULSAR V Schr\u00e4gheck N14,PRIMERA Traveller W10,SUNNY III Traveller Y10; HONDA: CIVIC VIII Hatchback FN, FK,CR-V III RE,CR-V II RD_,ACCORD VII CL,FR-V BE,CR-V IV RE,ACCORD VIII CU,ACCORD VII Tourer CM,CIVIC IX FK,ACCORD VIII Kombi,CIVIC VI Fastback MA, MB,LOGO GA3,CIVIC VI Aerodeck MB, MC,PRELUDE V BB,PRELUDE IV BB,ACCORD IV CB,ACCORD IV Aerodeck CB,ACCORD IV Coupe CB, CC,LEGEND I Coupe KA3,CIVIC IX Tourer FK,LEGEND I HS, KA; DAIHATSU: TERIOS J1; OPEL: CAMPO TF_,MONTEREY A UBS_; SUBARU: FORESTER SG,FORESTER SH,FORESTER SF,IMPREZA Stufenheck GD,LEGACY IV Station Wagon BL, BP, B13_,IMPREZA Schr\u00e4gheck GR, GH, G3,FORESTER SJ,OUTBACK BL, BP,IMPREZA Station Wagon GG,XV,LEGACY III Station Wagon BE, BH,IMPREZA Stufenheck GC,IMPREZA Station Wagon GF,LEGACY IV BL, BP,OUTBACK BE, BH,LEGACY V Station Wagon BM, BR,OUTBACK BM, BR,LEGACY III BE, BH,LEGACY V BM, BR,IMPREZA Schr\u00e4gheck GP; TOYOTA: PICNIC _XM10,LAND CRUISER 90 _J9_,LAND CRUISER PZJ7_, KZJ7_, HZJ7_, BJ7_, LJ7_, RJ7_,LAND CRUISER 100 UZJ100,HILUX VI Pick-up _N1_,HIACE IV Bus LH1_,HIACE IV Kasten LXH1_, RZH1_, LH1_,DYNA Pritsche\/Fahrgestell KD_, LY_, TRY2_, KDY2_, XZU4_, XZ; MITSUBISHI: MIRAGE Schr\u00e4gheck,L 300 Bus LO3_P\/G, L0_2P; 19045RBDE01; Korkki, Paisuntas\u00e4ili\u00f6<\/p>\n","protected":false},"excerpt":{"rendered":"<p>TRICLO Paisuntas\u00e4ili\u00f6n Korkki 316453 Korkki, Paisuntas\u00e4ili\u00f6 MAZDA,CHEVROLET,DAEWOO,6 Station Wagon GY,MX-5 II NB,6 Kombi GH,323 F VI BJ,PREMACY CP<\/p>\n","protected":false},"featured_media":0,"template":"","meta":{"site-sidebar-layout":"default","site-content-layout":"default","ast-global-header-display":"","ast-main-header-display":"","ast-hfb-above-header-display":"","ast-hfb-below-header-display":"","ast-hfb-mobile-header-display":"","site-post-title":"","ast-breadcrumbs-content":"","ast-featured-img":"","footer-sml-layout":"","theme-transparent-header-meta":"","adv-header-id-meta":"","stick-header-meta":"","header-above-stick-meta":"","header-main-stick-meta":"","header-below-stick-meta":""},"pwb-brand":[172],"product_cat":[99],"product_tag":[],"class_list":{"0":"post-12402","1":"product","2":"type-product","3":"status-publish","5":"pwb-brand-triclo","6":"product_cat-paisuntasailion-korkki","7":"desktop-align-left","8":"tablet-align-left","9":"mobile-align-left","11":"first","12":"instock","13":"product-type-external"},"brands":[{"id":172,"name":"TRICLO","slug":"triclo"}],"_links":{"self":[{"href":"https:\/\/www.autonvaraosahaku.fi\/index.php?rest_route=\/wp\/v2\/product\/12402","targetHints":{"allow":["GET"]}}],"collection":[{"href":"https:\/\/www.autonvaraosahaku.fi\/index.php?rest_route=\/wp\/v2\/product"}],"about":[{"href":"https:\/\/www.autonvaraosahaku.fi\/index.php?rest_route=\/wp\/v2\/types\/product"}],"wp:attachment":[{"href":"https:\/\/www.autonvaraosahaku.fi\/index.php?rest_route=%2Fwp%2Fv2%2Fmedia&parent=12402"}],"wp:term":[{"taxonomy":"pwb-brand","embeddable":true,"href":"https:\/\/www.autonvaraosahaku.fi\/index.php?rest_route=%2Fwp%2Fv2%2Fpwb-brand&post=12402"},{"taxonomy":"product_cat","embeddable":true,"href":"https:\/\/www.autonvaraosahaku.fi\/index.php?rest_route=%2Fwp%2Fv2%2Fproduct_cat&post=12402"},{"taxonomy":"product_tag","embeddable":true,"href":"https:\/\/www.autonvaraosahaku.fi\/index.php?rest_route=%2Fwp%2Fv2%2Fproduct_tag&post=12402"}],"curies":[{"name":"wp","href":"https:\/\/api.w.org\/{rel}","templated":true}]}}