{"id":12602,"date":"2021-02-21T14:15:15","date_gmt":"2021-02-21T14:15:15","guid":{"rendered":"https:\/\/www.autonvaraosahaku.fi\/?product=original-imperium-25013-vetonivelen-suojakumi"},"modified":"2021-02-21T14:15:16","modified_gmt":"2021-02-21T14:15:16","slug":"original-imperium-25013-vetonivelen-suojakumi","status":"publish","type":"product","link":"https:\/\/www.autonvaraosahaku.fi\/?product=original-imperium-25013-vetonivelen-suojakumi","title":{"rendered":"ORIGINAL IMPERIUM 25013 Vetonivelen suojakumi"},"content":{"rendered":"<p>Paino [g]: 152; Asennuspuoli: Py\u00f6r\u00e4n puoli; Korkeus (mm): 140,5; Materiaali: Kumi; L\u00e4pimitta 1 [mm]: 27,4; L\u00e4pimitta 2 [mm]: 97,3; NISSAN: NAVARA D40,PATHFINDER R51; LAND ROVER: FREELANDER 2 FA_,RANGE ROVER SPORT LS,DISCOVERY III TAA; LANCIA: DELTA III 844; FIAT: DUCATO Kasten 250,BRAVO II 198,DUCATO Bus 250,DOBLO Kasten\/Kombi 263,DOBLO Gro\u00dfraumlimousine 152, 263,DOBLO Pritsche\/Fahrgestell 263,500X; CITRO\u00cbN: JUMPER Kasten,JUMPER Bus,JUMPER Pritsche\/Fahrgestell; ALFA ROMEO: 159 Sportwagon 939,GIULIETTA 940,159 939,BRERA,SPIDER 939; PEUGEOT: BOXER Kasten,BOXER Bus,BOXER Pritsche\/Fahrgestell; RENAULT: MASTER III Kasten FV,MASTER III Bus JV,MASTER III Pritsche\/Fahrgestell EV, HV, UV; 46308238, 46308383, 46308480, 71771153, 1607740880, 1607740880, 46308238, 46308383, 46308480, 71771153, 46308238, 46308383, 46308480, 71771153, LR003160, 39242EB30B, C9241EB30A, 1607740880, 392417848R; Vetoakselin Suojakumi,Paljekumi, Vetoakseli<\/p>\n","protected":false},"excerpt":{"rendered":"<p>ORIGINAL IMPERIUM Vetonivelen Suojakumi 25013 Vetoakselin Suojakumi,Paljekumi, Vetoakseli NISSAN,LAND ROVER,LANCIA,NAVARA D40,PATHFINDER R51<\/p>\n","protected":false},"featured_media":0,"template":"","meta":{"site-sidebar-layout":"default","site-content-layout":"default","ast-global-header-display":"","ast-main-header-display":"","ast-hfb-above-header-display":"","ast-hfb-below-header-display":"","ast-hfb-mobile-header-display":"","site-post-title":"","ast-breadcrumbs-content":"","ast-featured-img":"","footer-sml-layout":"","theme-transparent-header-meta":"","adv-header-id-meta":"","stick-header-meta":"","header-above-stick-meta":"","header-main-stick-meta":"","header-below-stick-meta":""},"pwb-brand":[72],"product_cat":[42],"product_tag":[],"class_list":{"0":"post-12602","1":"product","2":"type-product","3":"status-publish","5":"pwb-brand-original-imperium","6":"product_cat-vetonivelen-suojakumi","7":"desktop-align-left","8":"tablet-align-left","9":"mobile-align-left","11":"first","12":"instock","13":"product-type-external"},"brands":[{"id":72,"name":"ORIGINAL IMPERIUM","slug":"original-imperium"}],"_links":{"self":[{"href":"https:\/\/www.autonvaraosahaku.fi\/index.php?rest_route=\/wp\/v2\/product\/12602","targetHints":{"allow":["GET"]}}],"collection":[{"href":"https:\/\/www.autonvaraosahaku.fi\/index.php?rest_route=\/wp\/v2\/product"}],"about":[{"href":"https:\/\/www.autonvaraosahaku.fi\/index.php?rest_route=\/wp\/v2\/types\/product"}],"wp:attachment":[{"href":"https:\/\/www.autonvaraosahaku.fi\/index.php?rest_route=%2Fwp%2Fv2%2Fmedia&parent=12602"}],"wp:term":[{"taxonomy":"pwb-brand","embeddable":true,"href":"https:\/\/www.autonvaraosahaku.fi\/index.php?rest_route=%2Fwp%2Fv2%2Fpwb-brand&post=12602"},{"taxonomy":"product_cat","embeddable":true,"href":"https:\/\/www.autonvaraosahaku.fi\/index.php?rest_route=%2Fwp%2Fv2%2Fproduct_cat&post=12602"},{"taxonomy":"product_tag","embeddable":true,"href":"https:\/\/www.autonvaraosahaku.fi\/index.php?rest_route=%2Fwp%2Fv2%2Fproduct_tag&post=12602"}],"curies":[{"name":"wp","href":"https:\/\/api.w.org\/{rel}","templated":true}]}}